{"id":9447,"date":"2024-10-12T15:45:03","date_gmt":"2024-10-12T15:45:03","guid":{"rendered":"https:\/\/resemedicin.se\/reseradet\/?page_id=9447"},"modified":"2024-10-27T10:27:00","modified_gmt":"2024-10-27T10:27:00","slug":"inte-vet","status":"publish","type":"page","link":"https:\/\/resemedicin.se\/reseradet\/vaccination\/inte-vet\/","title":{"rendered":"Os\u00e4kert tidigare grundskydd"},"content":{"rendered":"Du m\u00e5ste vara inloggad f\u00f6r att visa detta inneh\u00e5ll.","protected":false},"excerpt":{"rendered":"Du m\u00e5ste vara inloggad f\u00f6r att visa detta inneh\u00e5ll.","protected":false},"author":1,"featured_media":0,"parent":1898,"menu_order":1,"comment_status":"open","ping_status":"closed","template":"","meta":{"_lmt_disableupdate":"no","_lmt_disable":"","footnotes":""},"class_list":["post-9447","page","type-page","status-publish","hentry"],"jetpack-related-posts":[{"id":5898,"url":"https:\/\/resemedicin.se\/reseradet\/vaccination\/vaccination-och-graviditet\/","url_meta":{"origin":9447,"position":0},"title":"Reser\u00e5dgivning och vaccination till gravida kvinnor","author":"Reser\u00e5det","date":"2024-09-14","format":false,"excerpt":"Information till vaccinat\u00f6rer och reser\u00e5dgivare Riskbed\u00f6mning Reser\u00e5dgivning Vaccination under graviditet Vaccinationer inf\u00f6r planerad graviditet Amning och vaccination Specifika infektioner och graviditet Riskbed\u00f6mning Reser\u00e5dgivning och vaccination till gravida kvinnor st\u00e4ller s\u00e4rskilda krav p\u00e5 ett helhetsperspektiv p\u00e5 risker och nytta\/gl\u00e4dje b\u00e5de med resan sj\u00e4lv och inf\u00f6r st\u00e4llningstagande till vaccination. Flera reserelaterade tillst\u00e5nd\u2026","rel":"","context":"Liknande inl\u00e4gg","block_context":{"text":"Liknande inl\u00e4gg","link":""},"img":{"alt_text":"","src":"https:\/\/i0.wp.com\/resemedicin.se\/reseradet\/wp-content\/uploads\/2024\/04\/gravid.png?resize=350%2C200&ssl=1","width":350,"height":200,"srcset":"https:\/\/i0.wp.com\/resemedicin.se\/reseradet\/wp-content\/uploads\/2024\/04\/gravid.png?resize=350%2C200&ssl=1 1x, https:\/\/i0.wp.com\/resemedicin.se\/reseradet\/wp-content\/uploads\/2024\/04\/gravid.png?resize=525%2C300&ssl=1 1.5x, https:\/\/i0.wp.com\/resemedicin.se\/reseradet\/wp-content\/uploads\/2024\/04\/gravid.png?resize=700%2C400&ssl=1 2x"},"classes":[]},{"id":2307,"url":"https:\/\/resemedicin.se\/reseradet\/vaccination\/hbvaxpro\/","url_meta":{"origin":9447,"position":1},"title":"HBVAXPRO\u00ae","author":"Reser\u00e5det","date":"2024-05-10","format":false,"excerpt":"Information till vaccinat\u00f6rer och reser\u00e5dgivare \u00d6versikt (indikation, skyddseffekt, s\u00e4kerhet) Administration och dosering Kan kombineras med Kontraindikationer och f\u00f6rsiktighet Graviditet och amning Inneh\u00e5ll F\u00f6rpackningsinformation Hantering och h\u00e5llbarhet \u00d6versikt (indikation, skyddseffekt, s\u00e4kerhet) HBVAXPRO\u00ae \u00e4r ett vaccin mot mot alla k\u00e4nda subtyper av Hepatit B, som inneh\u00e5ller rekombinant ytprotein (HBsAg). Vaccinet finns i\u2026","rel":"","context":"Liknande inl\u00e4gg","block_context":{"text":"Liknande inl\u00e4gg","link":""},"img":{"alt_text":"","src":"https:\/\/i0.wp.com\/resemedicin.se\/reseradet\/wp-content\/uploads\/2024\/09\/hbvaxpro.jpg?resize=350%2C200&ssl=1","width":350,"height":200,"srcset":"https:\/\/i0.wp.com\/resemedicin.se\/reseradet\/wp-content\/uploads\/2024\/09\/hbvaxpro.jpg?resize=350%2C200&ssl=1 1x, https:\/\/i0.wp.com\/resemedicin.se\/reseradet\/wp-content\/uploads\/2024\/09\/hbvaxpro.jpg?resize=525%2C300&ssl=1 1.5x, https:\/\/i0.wp.com\/resemedicin.se\/reseradet\/wp-content\/uploads\/2024\/09\/hbvaxpro.jpg?resize=700%2C400&ssl=1 2x"},"classes":[]},{"id":7979,"url":"https:\/\/resemedicin.se\/reseradet\/landsinformation\/montenegro\/","url_meta":{"origin":9447,"position":2},"title":"Montenegro","author":"Reser\u00e5det","date":"2024-10-02","format":false,"excerpt":"Information till vaccinat\u00f6rer och reser\u00e5dgivare Klicka p\u00e5 bilden f\u00f6r st\u00f6rre karta. Kort landsinformation Vaccinationer Andra infektioner att vara observant p\u00e5 \u00d6vriga reserisker Aktuella utbrott Kort landsinformation Montenegro (befolkning cirka 620 000 inv\u00e5nare) \u00e4r ett land p\u00e5 Balkanhalv\u00f6n i syd\u00f6stra Europa. Det gr\u00e4nsar till Kroatien, Bosnien och Hercegovina, Serbien, Kosovo och\u2026","rel":"","context":"Liknande inl\u00e4gg","block_context":{"text":"Liknande inl\u00e4gg","link":""},"img":{"alt_text":"","src":"https:\/\/i0.wp.com\/resemedicin.se\/reseradet\/wp-content\/uploads\/2024\/10\/montenegro-karta.jpg?resize=350%2C200&ssl=1","width":350,"height":200,"srcset":"https:\/\/i0.wp.com\/resemedicin.se\/reseradet\/wp-content\/uploads\/2024\/10\/montenegro-karta.jpg?resize=350%2C200&ssl=1 1x, https:\/\/i0.wp.com\/resemedicin.se\/reseradet\/wp-content\/uploads\/2024\/10\/montenegro-karta.jpg?resize=525%2C300&ssl=1 1.5x, https:\/\/i0.wp.com\/resemedicin.se\/reseradet\/wp-content\/uploads\/2024\/10\/montenegro-karta.jpg?resize=700%2C400&ssl=1 2x"},"classes":[]},{"id":2303,"url":"https:\/\/resemedicin.se\/reseradet\/vaccination\/engerix-b\/","url_meta":{"origin":9447,"position":3},"title":"Engerix\u00ae-B","author":"Reser\u00e5det","date":"2024-05-10","format":false,"excerpt":"Information till vaccinat\u00f6rer och reser\u00e5dgivare \u00d6versikt (indikation, skyddseffekt, s\u00e4kerhet) Administration och dosering Kan kombineras med Kontraindikationer och f\u00f6rsiktighet Graviditet och amning Inneh\u00e5ll F\u00f6rpackningsinformation Hantering och h\u00e5llbarhet \u00d6versikt (indikation, skyddseffekt, s\u00e4kerhet) Engerix-B\u00ae \u00e4r ett vaccin mot alla k\u00e4nda subtyper av Hepatit B, som inneh\u00e5ller rekombinant ytprotein (HBsAg). Vaccinet finns i tv\u00e5\u2026","rel":"","context":"Liknande inl\u00e4gg","block_context":{"text":"Liknande inl\u00e4gg","link":""},"img":{"alt_text":"","src":"https:\/\/i0.wp.com\/resemedicin.se\/reseradet\/wp-content\/uploads\/2024\/09\/engerix-b.jpg?resize=350%2C200&ssl=1","width":350,"height":200,"srcset":"https:\/\/i0.wp.com\/resemedicin.se\/reseradet\/wp-content\/uploads\/2024\/09\/engerix-b.jpg?resize=350%2C200&ssl=1 1x, https:\/\/i0.wp.com\/resemedicin.se\/reseradet\/wp-content\/uploads\/2024\/09\/engerix-b.jpg?resize=525%2C300&ssl=1 1.5x, https:\/\/i0.wp.com\/resemedicin.se\/reseradet\/wp-content\/uploads\/2024\/09\/engerix-b.jpg?resize=700%2C400&ssl=1 2x"},"classes":[]},{"id":2019,"url":"https:\/\/resemedicin.se\/reseradet\/vaccination\/frageformularet\/","url_meta":{"origin":9447,"position":4},"title":"Fr\u00e5geformul\u00e4ret","author":"Reser\u00e5det","date":"2024-05-07","format":false,"excerpt":"Information till vaccinat\u00f6rer och reser\u00e5dgivare Varje vaccinationsmottagning b\u00f6r ha ett fr\u00e5geformul\u00e4r som resen\u00e4ren kan fylla i inf\u00f6r r\u00e5dgivningen. Ett s\u00e5dant fr\u00e5geformul\u00e4r (se exempel h\u00e4r) b\u00f6r vara s\u00e5 omfattande att de resen\u00e4rer som inte svarar \"onormalt\" p\u00e5 n\u00e5gon fr\u00e5ga kan vaccineras helt enligt de vanliga rutinerna. Avvikande svar skall f\u00f6rst\u00e5s f\u00f6ranleda\u2026","rel":"","context":"Liknande inl\u00e4gg","block_context":{"text":"Liknande inl\u00e4gg","link":""},"img":{"alt_text":"","src":"https:\/\/i0.wp.com\/resemedicin.se\/reseradet\/wp-content\/uploads\/2024\/10\/frageformular.jpg?resize=350%2C200&ssl=1","width":350,"height":200,"srcset":"https:\/\/i0.wp.com\/resemedicin.se\/reseradet\/wp-content\/uploads\/2024\/10\/frageformular.jpg?resize=350%2C200&ssl=1 1x, https:\/\/i0.wp.com\/resemedicin.se\/reseradet\/wp-content\/uploads\/2024\/10\/frageformular.jpg?resize=525%2C300&ssl=1 1.5x, https:\/\/i0.wp.com\/resemedicin.se\/reseradet\/wp-content\/uploads\/2024\/10\/frageformular.jpg?resize=700%2C400&ssl=1 2x"},"classes":[]},{"id":9684,"url":"https:\/\/resemedicin.se\/reseradet\/landsinformation\/marshalloarna\/","url_meta":{"origin":9447,"position":5},"title":"Marshall\u00f6arna, Mikronesien och Nauro","author":"Reser\u00e5det","date":"2024-10-14","format":false,"excerpt":"Information till vaccinat\u00f6rer och reser\u00e5dgivare Klicka p\u00e5 bilden f\u00f6r st\u00f6rre karta. Kort landsinformation Vaccinationer Andra infektioner att vara observant p\u00e5 \u00d6vriga reserisker Aktuella utbrott Kort landsinformation Marshall\u00f6arna (befolkning cirka 59 000 inv\u00e5nare), F\u00f6rbundsstaterna Mikronesien (cirka 115 000 inv\u00e5nare) och Nauru (cirka 12 000 inv\u00e5nare) \u00e4r tre sm\u00e5 \u00f6stater bel\u00e4gna i\u2026","rel":"","context":"Liknande inl\u00e4gg","block_context":{"text":"Liknande inl\u00e4gg","link":""},"img":{"alt_text":"","src":"https:\/\/i0.wp.com\/resemedicin.se\/reseradet\/wp-content\/uploads\/2024\/10\/marshalloarna-karta.jpg?resize=350%2C200&ssl=1","width":350,"height":200,"srcset":"https:\/\/i0.wp.com\/resemedicin.se\/reseradet\/wp-content\/uploads\/2024\/10\/marshalloarna-karta.jpg?resize=350%2C200&ssl=1 1x, https:\/\/i0.wp.com\/resemedicin.se\/reseradet\/wp-content\/uploads\/2024\/10\/marshalloarna-karta.jpg?resize=525%2C300&ssl=1 1.5x, https:\/\/i0.wp.com\/resemedicin.se\/reseradet\/wp-content\/uploads\/2024\/10\/marshalloarna-karta.jpg?resize=700%2C400&ssl=1 2x"},"classes":[]}],"jetpack_sharing_enabled":true,"_links":{"self":[{"href":"https:\/\/resemedicin.se\/reseradet\/wp-json\/wp\/v2\/pages\/9447","targetHints":{"allow":["GET"]}}],"collection":[{"href":"https:\/\/resemedicin.se\/reseradet\/wp-json\/wp\/v2\/pages"}],"about":[{"href":"https:\/\/resemedicin.se\/reseradet\/wp-json\/wp\/v2\/types\/page"}],"author":[{"embeddable":true,"href":"https:\/\/resemedicin.se\/reseradet\/wp-json\/wp\/v2\/users\/1"}],"replies":[{"embeddable":true,"href":"https:\/\/resemedicin.se\/reseradet\/wp-json\/wp\/v2\/comments?post=9447"}],"version-history":[{"count":3,"href":"https:\/\/resemedicin.se\/reseradet\/wp-json\/wp\/v2\/pages\/9447\/revisions"}],"predecessor-version":[{"id":10815,"href":"https:\/\/resemedicin.se\/reseradet\/wp-json\/wp\/v2\/pages\/9447\/revisions\/10815"}],"up":[{"embeddable":true,"href":"https:\/\/resemedicin.se\/reseradet\/wp-json\/wp\/v2\/pages\/1898"}],"wp:attachment":[{"href":"https:\/\/resemedicin.se\/reseradet\/wp-json\/wp\/v2\/media?parent=9447"}],"curies":[{"name":"wp","href":"https:\/\/api.w.org\/{rel}","templated":true}]}}