{"id":677,"date":"2024-04-01T14:25:14","date_gmt":"2024-04-01T13:25:14","guid":{"rendered":"https:\/\/www.friskparesan.se\/?page_id=677"},"modified":"2024-10-03T14:11:54","modified_gmt":"2024-10-03T14:11:54","slug":"mediciner","status":"publish","type":"page","link":"https:\/\/resemedicin.se\/reseradet\/reserad\/mediciner\/","title":{"rendered":"Resa med mediciner"},"content":{"rendered":"Du m\u00e5ste vara inloggad f\u00f6r att visa detta inneh\u00e5ll.","protected":false},"excerpt":{"rendered":"Du m\u00e5ste vara inloggad f\u00f6r att visa detta inneh\u00e5ll.","protected":false},"author":1,"featured_media":0,"parent":42,"menu_order":0,"comment_status":"open","ping_status":"closed","template":"","meta":{"_lmt_disableupdate":"no","_lmt_disable":"","footnotes":""},"class_list":["post-677","page","type-page","status-publish","hentry"],"jetpack-related-posts":[{"id":1322,"url":"https:\/\/resemedicin.se\/reseradet\/reserad\/reseapotek\/","url_meta":{"origin":677,"position":0},"title":"Reseapotek","author":"Reser\u00e5det","date":"2024-04-18","format":false,"excerpt":"\u00d6versikt Receptbelagda l\u00e4kemedel Receptfria l\u00e4kemedel och medicintekniska produkter F\u00f6rsta f\u00f6rband och s\u00e5rv\u00e5rd \u00d6vrigt \u00d6versikt F\u00f6r de flesta resor i Europa, Asien och Amerika kan reseapoteket och f\u00f6rbandsutrustningen vara begr\u00e4nsat till de mediciner man vet med sig att man sannolikt beh\u00f6ver, samt n\u00e5gra skavsplattor och pl\u00e5ster. Skulle n\u00e5got h\u00e4nda \u00e4r det\u2026","rel":"","context":"Liknande inl\u00e4gg","block_context":{"text":"Liknande inl\u00e4gg","link":""},"img":{"alt_text":"","src":"https:\/\/i0.wp.com\/resemedicin.se\/reseradet\/wp-content\/uploads\/2024\/04\/forsta-forband.webp?resize=350%2C200&ssl=1","width":350,"height":200,"srcset":"https:\/\/i0.wp.com\/resemedicin.se\/reseradet\/wp-content\/uploads\/2024\/04\/forsta-forband.webp?resize=350%2C200&ssl=1 1x, https:\/\/i0.wp.com\/resemedicin.se\/reseradet\/wp-content\/uploads\/2024\/04\/forsta-forband.webp?resize=525%2C300&ssl=1 1.5x, https:\/\/i0.wp.com\/resemedicin.se\/reseradet\/wp-content\/uploads\/2024\/04\/forsta-forband.webp?resize=700%2C400&ssl=1 2x"},"classes":[]},{"id":226,"url":"https:\/\/resemedicin.se\/reseradet\/reserad\/psykisk-halsa\/","url_meta":{"origin":677,"position":1},"title":"Psykisk h\u00e4lsa","author":"Reser\u00e5det","date":"2024-03-07","format":false,"excerpt":"Information till vaccinat\u00f6rer och reser\u00e5dgivare Kortfakta F\u00f6rberedelser inf\u00f6r resan Psykiska problem under resan Psykiska problem efter resan Kortfakta Alla utlandsresor (alltifr\u00e5n korta semesterresor till l\u00e4ngre \u00e4ventyrsresor, l\u00e5ngvariga utlandsstationeringar eller bist\u00e5ndsarbete) kan i varierande grad vara psykiskt p\u00e5frestande. Stressfaktorerna i samband med resan kan vara den utl\u00f6sande faktorn f\u00f6r en nytillkommen,\u2026","rel":"","context":"Liknande inl\u00e4gg","block_context":{"text":"Liknande inl\u00e4gg","link":""},"img":{"alt_text":"","src":"https:\/\/i0.wp.com\/resemedicin.se\/reseradet\/wp-content\/uploads\/2024\/04\/psykofarmaka.jpg?resize=350%2C200&ssl=1","width":350,"height":200,"srcset":"https:\/\/i0.wp.com\/resemedicin.se\/reseradet\/wp-content\/uploads\/2024\/04\/psykofarmaka.jpg?resize=350%2C200&ssl=1 1x, https:\/\/i0.wp.com\/resemedicin.se\/reseradet\/wp-content\/uploads\/2024\/04\/psykofarmaka.jpg?resize=525%2C300&ssl=1 1.5x, https:\/\/i0.wp.com\/resemedicin.se\/reseradet\/wp-content\/uploads\/2024\/04\/psykofarmaka.jpg?resize=700%2C400&ssl=1 2x"},"classes":[]},{"id":2027,"url":"https:\/\/resemedicin.se\/reseradet\/vaccination\/malariaprofylax-oversikt\/","url_meta":{"origin":677,"position":2},"title":"Malariaprofylax och egenbehandling &#8211;  \u00f6versikt","author":"Reser\u00e5det","date":"2024-05-07","format":false,"excerpt":"Information till vaccinat\u00f6rer och reser\u00e5dgivare Allm\u00e4nna \u00f6verv\u00e4ganden Att rekommendera malariaprofylax L\u00e4kemedel Profylax f\u00f6r s\u00e4rskilda riskgrupper Geografisk riskbed\u00f6mning Rekommendationer per v\u00e4rldsdel Egenbehandling Nyheter Allm\u00e4nna \u00f6verv\u00e4ganden Myggskydd och kemoprofylax Profylax mot malaria best\u00e5r av en kombination av myggskydd och kemoprofylax. F\u00f6rebyggande \u00e5tg\u00e4rder m\u00e5ste vara effektiva mot alla malariaarter i reseomr\u00e5det och g\u00e4lla\u2026","rel":"","context":"Liknande inl\u00e4gg","block_context":{"text":"Liknande inl\u00e4gg","link":""},"img":{"alt_text":"","src":"https:\/\/i0.wp.com\/resemedicin.se\/reseradet\/wp-content\/uploads\/2024\/09\/anopheles-header-1.jpg?resize=350%2C200&ssl=1","width":350,"height":200,"srcset":"https:\/\/i0.wp.com\/resemedicin.se\/reseradet\/wp-content\/uploads\/2024\/09\/anopheles-header-1.jpg?resize=350%2C200&ssl=1 1x, https:\/\/i0.wp.com\/resemedicin.se\/reseradet\/wp-content\/uploads\/2024\/09\/anopheles-header-1.jpg?resize=525%2C300&ssl=1 1.5x, https:\/\/i0.wp.com\/resemedicin.se\/reseradet\/wp-content\/uploads\/2024\/09\/anopheles-header-1.jpg?resize=700%2C400&ssl=1 2x"},"classes":[]},{"id":2050,"url":"https:\/\/resemedicin.se\/reseradet\/vaccination\/artemeter-lumefantrin\/","url_meta":{"origin":677,"position":3},"title":"Artemeter och lumefantrin","author":"Reser\u00e5det","date":"2024-05-08","format":false,"excerpt":"Information till vaccinat\u00f6rer och reser\u00e5dgivare \u00d6versikt, skyddseffekt, biverkningar Riamet\u00ae (tablett \u00e0 100 mg) inneh\u00e5ller en fast kombination av 1:6 av artemeter och lumefantrin. Preparatet kan anv\u00e4ndas f\u00f6r egenbehandling av malaria i situationer d\u00e4r man inte kan komma i kontakt med sjukv\u00e5rd och f\u00e5 tillg\u00e5ng till adekvat malariabehandling inom 1 dygn.\u2026","rel":"","context":"Liknande inl\u00e4gg","block_context":{"text":"Liknande inl\u00e4gg","link":""},"img":{"alt_text":"","src":"","width":0,"height":0},"classes":[]},{"id":2031,"url":"https:\/\/resemedicin.se\/reseradet\/vaccination\/meflokin\/","url_meta":{"origin":677,"position":4},"title":"Meflokin","author":"Reser\u00e5det","date":"2024-05-07","format":false,"excerpt":"Information till vaccinat\u00f6rer och reser\u00e5dgivare Sammanfattning malariaprofylax \u00d6versikt, skyddseffekt, biverkningar Dosering Interaktion Kontraindikationer och f\u00f6rsiktighet Graviditet och amning Inneh\u00e5ll F\u00f6rvaring Sammanfattning malariaprofylax Preparat: Lariam\u00ae Styrka och f\u00f6rpackningsstorlek:\u00a0Tabletter \u00e0 250 mg (8 st) Anv\u00e4ndning: P\u00e5b\u00f6rjas helst 3 veckor f\u00f6re utresa (f\u00f6r att utv\u00e4rdera eventuella biverkningar) och forts\u00e4tts 4 veckor efter hemkomst.\u2026","rel":"","context":"Liknande inl\u00e4gg","block_context":{"text":"Liknande inl\u00e4gg","link":""},"img":{"alt_text":"","src":"https:\/\/i0.wp.com\/resemedicin.se\/reseradet\/wp-content\/uploads\/2024\/09\/meflokin.jpg?resize=350%2C200&ssl=1","width":350,"height":200,"srcset":"https:\/\/i0.wp.com\/resemedicin.se\/reseradet\/wp-content\/uploads\/2024\/09\/meflokin.jpg?resize=350%2C200&ssl=1 1x, https:\/\/i0.wp.com\/resemedicin.se\/reseradet\/wp-content\/uploads\/2024\/09\/meflokin.jpg?resize=525%2C300&ssl=1 1.5x, https:\/\/i0.wp.com\/resemedicin.se\/reseradet\/wp-content\/uploads\/2024\/09\/meflokin.jpg?resize=700%2C400&ssl=1 2x, https:\/\/i0.wp.com\/resemedicin.se\/reseradet\/wp-content\/uploads\/2024\/09\/meflokin.jpg?resize=1050%2C600&ssl=1 3x, https:\/\/i0.wp.com\/resemedicin.se\/reseradet\/wp-content\/uploads\/2024\/09\/meflokin.jpg?resize=1400%2C800&ssl=1 4x"},"classes":[]},{"id":14109,"url":"https:\/\/resemedicin.se\/reseradet\/referenser\/fit-for-travel\/","url_meta":{"origin":677,"position":5},"title":"Fit for Travel (NHS Scotland)","author":"Reser\u00e5det","date":"2025-06-13","format":false,"excerpt":"Tillbaka till v\u00e5r evidensbas Sjukdomar African Tick Bite FeverT Amoebiasis Avian Influenza Blood Borne Virus Infections (including HIV) Campylobacter Chikungunya Fever Cholera Coronavirus disease (COVID-19) Crimean-Congo Haemorrhagic Fever Cyclospora Infection Dengue Fever Diphtheria Flu (Influenza) Giardia Hepatitis A Hepatitis B Hepatitis E Intestinal Worms Japanese Encephalitis Legionnaires\u2019 Disease Leishmaniasis Leprosy\u2026","rel":"","context":"Liknande inl\u00e4gg","block_context":{"text":"Liknande inl\u00e4gg","link":""},"img":{"alt_text":"","src":"","width":0,"height":0},"classes":[]}],"jetpack_sharing_enabled":true,"_links":{"self":[{"href":"https:\/\/resemedicin.se\/reseradet\/wp-json\/wp\/v2\/pages\/677","targetHints":{"allow":["GET"]}}],"collection":[{"href":"https:\/\/resemedicin.se\/reseradet\/wp-json\/wp\/v2\/pages"}],"about":[{"href":"https:\/\/resemedicin.se\/reseradet\/wp-json\/wp\/v2\/types\/page"}],"author":[{"embeddable":true,"href":"https:\/\/resemedicin.se\/reseradet\/wp-json\/wp\/v2\/users\/1"}],"replies":[{"embeddable":true,"href":"https:\/\/resemedicin.se\/reseradet\/wp-json\/wp\/v2\/comments?post=677"}],"version-history":[{"count":4,"href":"https:\/\/resemedicin.se\/reseradet\/wp-json\/wp\/v2\/pages\/677\/revisions"}],"predecessor-version":[{"id":4811,"href":"https:\/\/resemedicin.se\/reseradet\/wp-json\/wp\/v2\/pages\/677\/revisions\/4811"}],"up":[{"embeddable":true,"href":"https:\/\/resemedicin.se\/reseradet\/wp-json\/wp\/v2\/pages\/42"}],"wp:attachment":[{"href":"https:\/\/resemedicin.se\/reseradet\/wp-json\/wp\/v2\/media?parent=677"}],"curies":[{"name":"wp","href":"https:\/\/api.w.org\/{rel}","templated":true}]}}