{"id":4190,"date":"2024-08-20T14:28:23","date_gmt":"2024-08-20T14:28:23","guid":{"rendered":"https:\/\/resemedicin.se\/reseradet\/?page_id=4190"},"modified":"2026-03-26T07:45:19","modified_gmt":"2026-03-26T06:45:19","slug":"sti","status":"publish","type":"page","link":"https:\/\/resemedicin.se\/reseradet\/sjukdomar-och-vacciner\/sti\/","title":{"rendered":"Sexuellt \u00f6verf\u00f6rbara infektioner (STI)"},"content":{"rendered":"Du m\u00e5ste vara inloggad f\u00f6r att visa detta inneh\u00e5ll.","protected":false},"excerpt":{"rendered":"Du m\u00e5ste vara inloggad f\u00f6r att visa detta inneh\u00e5ll.","protected":false},"author":1,"featured_media":0,"parent":44,"menu_order":0,"comment_status":"open","ping_status":"closed","template":"","meta":{"_lmt_disableupdate":"no","_lmt_disable":"","footnotes":""},"class_list":["post-4190","page","type-page","status-publish","hentry"],"jetpack-related-posts":[{"id":172,"url":"https:\/\/resemedicin.se\/reseradet\/reserad\/sexuell-halsa\/","url_meta":{"origin":4190,"position":0},"title":"Sexuell h\u00e4lsa","author":"Reser\u00e5det","date":"2024-03-07","format":false,"excerpt":"Information till vaccinat\u00f6rer och reser\u00e5dgivare Bakgrund Semester och resor inbjuder ibland till tillf\u00e4lliga sexuella kontakter. Resan i sig och k\u00e4nslan av att vara borta fr\u00e5n vardagen, kanske i kombination med alkohol, kan \u00f6ka risken f\u00f6r ett st\u00f6rre sexuellt risktagande \u00e4n vanligtvis, med risk att smittas med en sexuellt \u00f6verf\u00f6rbar infektion\u2026","rel":"","context":"Liknande inl\u00e4gg","block_context":{"text":"Liknande inl\u00e4gg","link":""},"img":{"alt_text":"","src":"https:\/\/i0.wp.com\/resemedicin.se\/reseradet\/wp-content\/uploads\/2024\/09\/sex.jpg?resize=350%2C200&ssl=1","width":350,"height":200,"srcset":"https:\/\/i0.wp.com\/resemedicin.se\/reseradet\/wp-content\/uploads\/2024\/09\/sex.jpg?resize=350%2C200&ssl=1 1x, https:\/\/i0.wp.com\/resemedicin.se\/reseradet\/wp-content\/uploads\/2024\/09\/sex.jpg?resize=525%2C300&ssl=1 1.5x, https:\/\/i0.wp.com\/resemedicin.se\/reseradet\/wp-content\/uploads\/2024\/09\/sex.jpg?resize=700%2C400&ssl=1 2x"},"classes":[]},{"id":44,"url":"https:\/\/resemedicin.se\/reseradet\/sjukdomar-och-vacciner\/","url_meta":{"origin":4190,"position":1},"title":"Sjukdomar","author":"Reser\u00e5det","date":"2024-03-05","format":false,"excerpt":"L\u00e4nkkategorier p\u00e5 denna sida (vissa sjukdomar kan f\u00f6rekomma under mer \u00e4n en kategori) I Sverige f\u00f6rekommande vaccinf\u00f6rebyggbara sjukdomar Reserelaterade vaccinf\u00f6rebyggbara sjukdomar och malaria Infektioner som \u00f6verf\u00f6rs av myggor, f\u00e4stingar och andra leddjur Mag-tarmsmittor Sexuellt \u00f6verf\u00f6rbara infektioner och blodsmitta Infektioner som smittar via direktkontakt med vatten eller marken Infektioner som smittar\u2026","rel":"","context":"Liknande inl\u00e4gg","block_context":{"text":"Liknande inl\u00e4gg","link":""},"img":{"alt_text":"","src":"https:\/\/i0.wp.com\/resemedicin.se\/reseradet\/wp-content\/uploads\/2025\/10\/marmot.jpg?resize=350%2C200&ssl=1","width":350,"height":200,"srcset":"https:\/\/i0.wp.com\/resemedicin.se\/reseradet\/wp-content\/uploads\/2025\/10\/marmot.jpg?resize=350%2C200&ssl=1 1x, https:\/\/i0.wp.com\/resemedicin.se\/reseradet\/wp-content\/uploads\/2025\/10\/marmot.jpg?resize=525%2C300&ssl=1 1.5x, https:\/\/i0.wp.com\/resemedicin.se\/reseradet\/wp-content\/uploads\/2025\/10\/marmot.jpg?resize=700%2C400&ssl=1 2x"},"classes":[]},{"id":8543,"url":"https:\/\/resemedicin.se\/reseradet\/landsinformation\/falklandsoarna\/","url_meta":{"origin":4190,"position":2},"title":"Falklands\u00f6arna (Storbritannien)","author":"Reser\u00e5det","date":"2024-10-05","format":false,"excerpt":"Information till vaccinat\u00f6rer och reser\u00e5dgivare Klicka p\u00e5 bilden f\u00f6r st\u00f6rre karta Kort landsinformationVaccinationerAndra infektioner att vara observant p\u00e5\u00d6vriga reseriskerAktuella utbrott Kort landsinformation Falklands\u00f6arna (befolkning cirka 3 500 inv\u00e5nare) \u00e4r en brittisk utomeuropeisk \u00f6grupp bel\u00e4gen i s\u00f6dra Atlanten, cirka 500 kilometer \u00f6ster om Argentinas kust. Huvudstaden \u00e4r Stanley, som ligger p\u00e5\u2026","rel":"","context":"Liknande inl\u00e4gg","block_context":{"text":"Liknande inl\u00e4gg","link":""},"img":{"alt_text":"","src":"https:\/\/i0.wp.com\/resemedicin.se\/reseradet\/wp-content\/uploads\/2024\/10\/falklandsoarna-karta.jpg?resize=350%2C200&ssl=1","width":350,"height":200,"srcset":"https:\/\/i0.wp.com\/resemedicin.se\/reseradet\/wp-content\/uploads\/2024\/10\/falklandsoarna-karta.jpg?resize=350%2C200&ssl=1 1x, https:\/\/i0.wp.com\/resemedicin.se\/reseradet\/wp-content\/uploads\/2024\/10\/falklandsoarna-karta.jpg?resize=525%2C300&ssl=1 1.5x, https:\/\/i0.wp.com\/resemedicin.se\/reseradet\/wp-content\/uploads\/2024\/10\/falklandsoarna-karta.jpg?resize=700%2C400&ssl=1 2x"},"classes":[]},{"id":9042,"url":"https:\/\/resemedicin.se\/reseradet\/landsinformation\/belgien\/","url_meta":{"origin":4190,"position":3},"title":"Belgien","author":"Reser\u00e5det","date":"2024-10-08","format":false,"excerpt":"Information till vaccinat\u00f6rer och reser\u00e5dgivare Klicka p\u00e5 bilden f\u00f6r st\u00f6rre karta Kort landsinformation Vaccinationer Andra infektioner att vara observant p\u00e5 \u00d6vriga reserisker Aktuella utbrott Kort landsinformation Belgien (befolkning cirka 11,5 miljoner inv\u00e5nare) \u00e4r ett litet, men t\u00e4tt befolkat land i V\u00e4steuropa. Det gr\u00e4nsar till Nederl\u00e4nderna i norr, Tyskland i \u00f6ster,\u2026","rel":"","context":"Liknande inl\u00e4gg","block_context":{"text":"Liknande inl\u00e4gg","link":""},"img":{"alt_text":"","src":"https:\/\/i0.wp.com\/resemedicin.se\/reseradet\/wp-content\/uploads\/2024\/10\/belgien-karta.jpg?resize=350%2C200&ssl=1","width":350,"height":200,"srcset":"https:\/\/i0.wp.com\/resemedicin.se\/reseradet\/wp-content\/uploads\/2024\/10\/belgien-karta.jpg?resize=350%2C200&ssl=1 1x, https:\/\/i0.wp.com\/resemedicin.se\/reseradet\/wp-content\/uploads\/2024\/10\/belgien-karta.jpg?resize=525%2C300&ssl=1 1.5x, https:\/\/i0.wp.com\/resemedicin.se\/reseradet\/wp-content\/uploads\/2024\/10\/belgien-karta.jpg?resize=700%2C400&ssl=1 2x"},"classes":[]},{"id":8088,"url":"https:\/\/resemedicin.se\/reseradet\/landsinformation\/cypern\/","url_meta":{"origin":4190,"position":4},"title":"Cypern","author":"Reser\u00e5det","date":"2024-10-03","format":false,"excerpt":"Information till vaccinat\u00f6rer och reser\u00e5dgivare Klicka p\u00e5 bilden f\u00f6r st\u00f6rre karta. Kort landsinformation Vaccinationer Andra infektioner att vara observant p\u00e5 \u00d6vriga reserisker Aktuella utbrott Kort landsinformation Cypern (befolkning cirka 1,2 miljoner inv\u00e5nare) \u00e4r en \u00f6stat bel\u00e4gen i \u00f6stra Medelhavet, s\u00f6der om Turkiet och v\u00e4ster om Syrien och Libanon. Landet har\u2026","rel":"","context":"Liknande inl\u00e4gg","block_context":{"text":"Liknande inl\u00e4gg","link":""},"img":{"alt_text":"","src":"https:\/\/i0.wp.com\/resemedicin.se\/reseradet\/wp-content\/uploads\/2024\/10\/cypern-karta.jpg?resize=350%2C200&ssl=1","width":350,"height":200,"srcset":"https:\/\/i0.wp.com\/resemedicin.se\/reseradet\/wp-content\/uploads\/2024\/10\/cypern-karta.jpg?resize=350%2C200&ssl=1 1x, https:\/\/i0.wp.com\/resemedicin.se\/reseradet\/wp-content\/uploads\/2024\/10\/cypern-karta.jpg?resize=525%2C300&ssl=1 1.5x, https:\/\/i0.wp.com\/resemedicin.se\/reseradet\/wp-content\/uploads\/2024\/10\/cypern-karta.jpg?resize=700%2C400&ssl=1 2x"},"classes":[]},{"id":8116,"url":"https:\/\/resemedicin.se\/reseradet\/landsinformation\/malta\/","url_meta":{"origin":4190,"position":5},"title":"Malta","author":"Reser\u00e5det","date":"2024-10-03","format":false,"excerpt":"Information till vaccinat\u00f6rer och reser\u00e5dgivare Klicka p\u00e5 bilden f\u00f6r st\u00f6rre karta. Kort landsinformation Vaccinationer Andra infektioner att vara observant p\u00e5 \u00d6vriga reserisker Aktuella utbrott Kort landsinformation Malta (befolkning cirka 514 000 inv\u00e5nare) \u00e4r en \u00f6stat bel\u00e4gen i centrala Medelhavet, s\u00f6der om Italien och norr om Libyen. Landet best\u00e5r av tre\u2026","rel":"","context":"Liknande inl\u00e4gg","block_context":{"text":"Liknande inl\u00e4gg","link":""},"img":{"alt_text":"","src":"https:\/\/i0.wp.com\/resemedicin.se\/reseradet\/wp-content\/uploads\/2024\/10\/malta-karta.jpg?resize=350%2C200&ssl=1","width":350,"height":200,"srcset":"https:\/\/i0.wp.com\/resemedicin.se\/reseradet\/wp-content\/uploads\/2024\/10\/malta-karta.jpg?resize=350%2C200&ssl=1 1x, https:\/\/i0.wp.com\/resemedicin.se\/reseradet\/wp-content\/uploads\/2024\/10\/malta-karta.jpg?resize=525%2C300&ssl=1 1.5x, https:\/\/i0.wp.com\/resemedicin.se\/reseradet\/wp-content\/uploads\/2024\/10\/malta-karta.jpg?resize=700%2C400&ssl=1 2x"},"classes":[]}],"jetpack_sharing_enabled":true,"_links":{"self":[{"href":"https:\/\/resemedicin.se\/reseradet\/wp-json\/wp\/v2\/pages\/4190","targetHints":{"allow":["GET"]}}],"collection":[{"href":"https:\/\/resemedicin.se\/reseradet\/wp-json\/wp\/v2\/pages"}],"about":[{"href":"https:\/\/resemedicin.se\/reseradet\/wp-json\/wp\/v2\/types\/page"}],"author":[{"embeddable":true,"href":"https:\/\/resemedicin.se\/reseradet\/wp-json\/wp\/v2\/users\/1"}],"replies":[{"embeddable":true,"href":"https:\/\/resemedicin.se\/reseradet\/wp-json\/wp\/v2\/comments?post=4190"}],"version-history":[{"count":22,"href":"https:\/\/resemedicin.se\/reseradet\/wp-json\/wp\/v2\/pages\/4190\/revisions"}],"predecessor-version":[{"id":16221,"href":"https:\/\/resemedicin.se\/reseradet\/wp-json\/wp\/v2\/pages\/4190\/revisions\/16221"}],"up":[{"embeddable":true,"href":"https:\/\/resemedicin.se\/reseradet\/wp-json\/wp\/v2\/pages\/44"}],"wp:attachment":[{"href":"https:\/\/resemedicin.se\/reseradet\/wp-json\/wp\/v2\/media?parent=4190"}],"curies":[{"name":"wp","href":"https:\/\/api.w.org\/{rel}","templated":true}]}}