{"id":4071,"date":"2024-08-19T12:02:28","date_gmt":"2024-08-19T12:02:28","guid":{"rendered":"https:\/\/resemedicin.se\/reseradet\/?page_id=4071"},"modified":"2024-10-07T08:02:06","modified_gmt":"2024-10-07T08:02:06","slug":"filariainfektioner","status":"publish","type":"page","link":"https:\/\/resemedicin.se\/reseradet\/sjukdomar-och-vacciner\/filariainfektioner\/","title":{"rendered":"Filariainfektioner (filariasis)"},"content":{"rendered":"Du m\u00e5ste vara inloggad f\u00f6r att visa detta inneh\u00e5ll.","protected":false},"excerpt":{"rendered":"Du m\u00e5ste vara inloggad f\u00f6r att visa detta inneh\u00e5ll.","protected":false},"author":1,"featured_media":0,"parent":44,"menu_order":0,"comment_status":"open","ping_status":"closed","template":"","meta":{"_lmt_disableupdate":"no","_lmt_disable":"","footnotes":""},"class_list":["post-4071","page","type-page","status-publish","hentry"],"jetpack-related-posts":[{"id":44,"url":"https:\/\/resemedicin.se\/reseradet\/sjukdomar-och-vacciner\/","url_meta":{"origin":4071,"position":0},"title":"Sjukdomar","author":"Reser\u00e5det","date":"2024-03-05","format":false,"excerpt":"L\u00e4nkkategorier p\u00e5 denna sida (vissa sjukdomar kan f\u00f6rekomma under mer \u00e4n en kategori) I Sverige f\u00f6rekommande vaccinf\u00f6rebyggbara sjukdomar Reserelaterade vaccinf\u00f6rebyggbara sjukdomar och malaria Infektioner som \u00f6verf\u00f6rs av myggor, f\u00e4stingar och andra leddjur Mag-tarmsmittor Sexuellt \u00f6verf\u00f6rbara infektioner och blodsmitta Infektioner som smittar via direktkontakt med vatten eller marken Infektioner som smittar\u2026","rel":"","context":"Liknande inl\u00e4gg","block_context":{"text":"Liknande inl\u00e4gg","link":""},"img":{"alt_text":"","src":"https:\/\/i0.wp.com\/resemedicin.se\/reseradet\/wp-content\/uploads\/2025\/10\/marmot.jpg?resize=350%2C200&ssl=1","width":350,"height":200,"srcset":"https:\/\/i0.wp.com\/resemedicin.se\/reseradet\/wp-content\/uploads\/2025\/10\/marmot.jpg?resize=350%2C200&ssl=1 1x, https:\/\/i0.wp.com\/resemedicin.se\/reseradet\/wp-content\/uploads\/2025\/10\/marmot.jpg?resize=525%2C300&ssl=1 1.5x, https:\/\/i0.wp.com\/resemedicin.se\/reseradet\/wp-content\/uploads\/2025\/10\/marmot.jpg?resize=700%2C400&ssl=1 2x"},"classes":[]},{"id":2277,"url":"https:\/\/resemedicin.se\/reseradet\/vaccination\/encepur\/","url_meta":{"origin":4071,"position":1},"title":"Encepur\u00ae","author":"Reser\u00e5det","date":"2024-05-10","format":false,"excerpt":"Information till vaccinat\u00f6rer och reser\u00e5dgivare \u00d6versikt (indikation, skyddseffekt, s\u00e4kerhet) Administration och dosering Kan kombineras med Kontraindikationer och f\u00f6rsiktighet Graviditet och amning Inneh\u00e5ll F\u00f6rpackningsinformation Hantering och h\u00e5llbarhet Vidare information \u00d6versikt (indikation, skyddseffekt, s\u00e4kerhet) Encepur\u00ae \u00e4r ett inaktiverat vaccin mot f\u00e4stingburen encefalit (TBE), inneh\u00e5llande TBE-virus, stam K23. Vaccination \u00e4r avsett f\u00f6r barn\u2026","rel":"","context":"Liknande inl\u00e4gg","block_context":{"text":"Liknande inl\u00e4gg","link":""},"img":{"alt_text":"","src":"https:\/\/i0.wp.com\/resemedicin.se\/reseradet\/wp-content\/uploads\/2024\/09\/encepur.jpg?resize=350%2C200&ssl=1","width":350,"height":200,"srcset":"https:\/\/i0.wp.com\/resemedicin.se\/reseradet\/wp-content\/uploads\/2024\/09\/encepur.jpg?resize=350%2C200&ssl=1 1x, https:\/\/i0.wp.com\/resemedicin.se\/reseradet\/wp-content\/uploads\/2024\/09\/encepur.jpg?resize=525%2C300&ssl=1 1.5x, https:\/\/i0.wp.com\/resemedicin.se\/reseradet\/wp-content\/uploads\/2024\/09\/encepur.jpg?resize=700%2C400&ssl=1 2x"},"classes":[]},{"id":6311,"url":"https:\/\/resemedicin.se\/reseradet\/landsinformation\/sri-lanka\/","url_meta":{"origin":4071,"position":2},"title":"Sri Lanka","author":"Reser\u00e5det","date":"2024-09-18","format":false,"excerpt":"Information till vaccinat\u00f6rer och reser\u00e5dgivare Klicka p\u00e5 bilden f\u00f6r st\u00f6rre karta. Kort landsinformation Vaccinationer och malariaprofylax Andra infektioner att vara observant p\u00e5 \u00d6vriga reserisker Aktuella utbrott Kort landsinformation Sri Lanka (befolkning cirka 22 miljoner inv\u00e5nare) \u00e4r en \u00f6stat bel\u00e4gen i Indiska oceanen, sydost om Indien. Landet har en rik kultur\u2026","rel":"","context":"Liknande inl\u00e4gg","block_context":{"text":"Liknande inl\u00e4gg","link":""},"img":{"alt_text":"","src":"https:\/\/i0.wp.com\/resemedicin.se\/reseradet\/wp-content\/uploads\/2024\/09\/Sri-lanka-karta.jpg?resize=350%2C200&ssl=1","width":350,"height":200,"srcset":"https:\/\/i0.wp.com\/resemedicin.se\/reseradet\/wp-content\/uploads\/2024\/09\/Sri-lanka-karta.jpg?resize=350%2C200&ssl=1 1x, https:\/\/i0.wp.com\/resemedicin.se\/reseradet\/wp-content\/uploads\/2024\/09\/Sri-lanka-karta.jpg?resize=525%2C300&ssl=1 1.5x"},"classes":[]},{"id":6745,"url":"https:\/\/resemedicin.se\/reseradet\/landsinformation\/brunei\/","url_meta":{"origin":4071,"position":3},"title":"Brunei","author":"Reser\u00e5det","date":"2024-09-23","format":false,"excerpt":"Information till vaccinat\u00f6rer och reser\u00e5dgivare Klicka p\u00e5 bilden ovan f\u00f6r st\u00f6rre karta Kort landsinformation Vaccinationer och malariaprofylax Andra infektioner att vara observant p\u00e5 \u00d6vriga reserisker Aktuella utbrott Kort landsinformation Brunei (befolkning cirka 460 000 inv\u00e5nare) \u00e4r ett litet, rikt sultanat bel\u00e4get p\u00e5 \u00f6n Borneo i Sydostasien. Landet har kust mot\u2026","rel":"","context":"Liknande inl\u00e4gg","block_context":{"text":"Liknande inl\u00e4gg","link":""},"img":{"alt_text":"","src":"https:\/\/i0.wp.com\/resemedicin.se\/reseradet\/wp-content\/uploads\/2024\/09\/brunei.jpg?resize=350%2C200&ssl=1","width":350,"height":200,"srcset":"https:\/\/i0.wp.com\/resemedicin.se\/reseradet\/wp-content\/uploads\/2024\/09\/brunei.jpg?resize=350%2C200&ssl=1 1x, https:\/\/i0.wp.com\/resemedicin.se\/reseradet\/wp-content\/uploads\/2024\/09\/brunei.jpg?resize=525%2C300&ssl=1 1.5x, https:\/\/i0.wp.com\/resemedicin.se\/reseradet\/wp-content\/uploads\/2024\/09\/brunei.jpg?resize=700%2C400&ssl=1 2x, https:\/\/i0.wp.com\/resemedicin.se\/reseradet\/wp-content\/uploads\/2024\/09\/brunei.jpg?resize=1050%2C600&ssl=1 3x, https:\/\/i0.wp.com\/resemedicin.se\/reseradet\/wp-content\/uploads\/2024\/09\/brunei.jpg?resize=1400%2C800&ssl=1 4x"},"classes":[]},{"id":2279,"url":"https:\/\/resemedicin.se\/reseradet\/vaccination\/encepur-barn\/","url_meta":{"origin":4071,"position":4},"title":"Encepur\u00ae Barn","author":"Reser\u00e5det","date":"2024-05-10","format":false,"excerpt":"Information till vaccinat\u00f6rer och reser\u00e5dgivare \u00d6versikt (indikation, skyddseffekt, s\u00e4kerhet) Administration och dosering Kan kombineras med Kontraindikationer och f\u00f6rsiktighet Inneh\u00e5ll F\u00f6rpackningsinformation Hantering och h\u00e5llbarhet \u00d6versikt (indikation, skyddseffekt, s\u00e4kerhet) Encepur\u00ae Barn \u00e4r ett inaktiverat vaccin mot f\u00e4stingburen encefalit (TBE), inneh\u00e5llande TBE-virus, stam K23. Vaccination \u00e4r avsett f\u00f6r barn fr\u00e5n 1 t.o.m. 11\u2026","rel":"","context":"Liknande inl\u00e4gg","block_context":{"text":"Liknande inl\u00e4gg","link":""},"img":{"alt_text":"","src":"https:\/\/i0.wp.com\/resemedicin.se\/reseradet\/wp-content\/uploads\/2024\/09\/encepur.jpg?resize=350%2C200&ssl=1","width":350,"height":200,"srcset":"https:\/\/i0.wp.com\/resemedicin.se\/reseradet\/wp-content\/uploads\/2024\/09\/encepur.jpg?resize=350%2C200&ssl=1 1x, https:\/\/i0.wp.com\/resemedicin.se\/reseradet\/wp-content\/uploads\/2024\/09\/encepur.jpg?resize=525%2C300&ssl=1 1.5x, https:\/\/i0.wp.com\/resemedicin.se\/reseradet\/wp-content\/uploads\/2024\/09\/encepur.jpg?resize=700%2C400&ssl=1 2x"},"classes":[]},{"id":2281,"url":"https:\/\/resemedicin.se\/reseradet\/vaccination\/fsme-immun-junior\/","url_meta":{"origin":4071,"position":5},"title":"FSME-IMMUN junior\u00ae","author":"Reser\u00e5det","date":"2024-05-10","format":false,"excerpt":"Information till vaccinat\u00f6rer och reser\u00e5dgivare \u00d6versikt (indikation, skyddseffekt, s\u00e4kerhet) Administration och dosering Kan kombineras med Kontraindikationer och f\u00f6rsiktighet Inneh\u00e5ll F\u00f6rpackningsinformation Hantering och h\u00e5llbarhet \u00d6versikt (indikation, skyddseffekt, s\u00e4kerhet) FSME-IMMUN junior\u00ae \u00e4r ett inaktiverat vaccin mot f\u00e4stingburen encefalit (TBE), inneh\u00e5llande TBE-virus, stam Neud\u00f6rfl. Vaccination \u00e4r avsett f\u00f6r barn fr\u00e5n 1 t.o.m. 15\u2026","rel":"","context":"Liknande inl\u00e4gg","block_context":{"text":"Liknande inl\u00e4gg","link":""},"img":{"alt_text":"","src":"https:\/\/i0.wp.com\/resemedicin.se\/reseradet\/wp-content\/uploads\/2024\/09\/FSME-immun.jpg?resize=350%2C200&ssl=1","width":350,"height":200,"srcset":"https:\/\/i0.wp.com\/resemedicin.se\/reseradet\/wp-content\/uploads\/2024\/09\/FSME-immun.jpg?resize=350%2C200&ssl=1 1x, https:\/\/i0.wp.com\/resemedicin.se\/reseradet\/wp-content\/uploads\/2024\/09\/FSME-immun.jpg?resize=525%2C300&ssl=1 1.5x, https:\/\/i0.wp.com\/resemedicin.se\/reseradet\/wp-content\/uploads\/2024\/09\/FSME-immun.jpg?resize=700%2C400&ssl=1 2x"},"classes":[]}],"jetpack_sharing_enabled":true,"_links":{"self":[{"href":"https:\/\/resemedicin.se\/reseradet\/wp-json\/wp\/v2\/pages\/4071","targetHints":{"allow":["GET"]}}],"collection":[{"href":"https:\/\/resemedicin.se\/reseradet\/wp-json\/wp\/v2\/pages"}],"about":[{"href":"https:\/\/resemedicin.se\/reseradet\/wp-json\/wp\/v2\/types\/page"}],"author":[{"embeddable":true,"href":"https:\/\/resemedicin.se\/reseradet\/wp-json\/wp\/v2\/users\/1"}],"replies":[{"embeddable":true,"href":"https:\/\/resemedicin.se\/reseradet\/wp-json\/wp\/v2\/comments?post=4071"}],"version-history":[{"count":27,"href":"https:\/\/resemedicin.se\/reseradet\/wp-json\/wp\/v2\/pages\/4071\/revisions"}],"predecessor-version":[{"id":6560,"href":"https:\/\/resemedicin.se\/reseradet\/wp-json\/wp\/v2\/pages\/4071\/revisions\/6560"}],"up":[{"embeddable":true,"href":"https:\/\/resemedicin.se\/reseradet\/wp-json\/wp\/v2\/pages\/44"}],"wp:attachment":[{"href":"https:\/\/resemedicin.se\/reseradet\/wp-json\/wp\/v2\/media?parent=4071"}],"curies":[{"name":"wp","href":"https:\/\/api.w.org\/{rel}","templated":true}]}}