{"id":202,"date":"2024-03-07T18:00:03","date_gmt":"2024-03-07T17:00:03","guid":{"rendered":"https:\/\/www.friskparesan.se\/?page_id=202"},"modified":"2024-11-04T12:20:44","modified_gmt":"2024-11-04T12:20:44","slug":"mat-och-dryck","status":"publish","type":"page","link":"https:\/\/resemedicin.se\/reseradet\/reserad\/mat-och-dryck\/","title":{"rendered":"Mat, dryck och hygienr\u00e5d"},"content":{"rendered":"Du m\u00e5ste vara inloggad f\u00f6r att visa detta inneh\u00e5ll.","protected":false},"excerpt":{"rendered":"Du m\u00e5ste vara inloggad f\u00f6r att visa detta inneh\u00e5ll.","protected":false},"author":1,"featured_media":0,"parent":42,"menu_order":0,"comment_status":"open","ping_status":"closed","template":"","meta":{"_lmt_disableupdate":"no","_lmt_disable":"","footnotes":""},"class_list":["post-202","page","type-page","status-publish","hentry"],"jetpack-related-posts":[{"id":44,"url":"https:\/\/resemedicin.se\/reseradet\/sjukdomar-och-vacciner\/","url_meta":{"origin":202,"position":0},"title":"Sjukdomar","author":"Reser\u00e5det","date":"2024-03-05","format":false,"excerpt":"L\u00e4nkkategorier p\u00e5 denna sida (vissa sjukdomar kan f\u00f6rekomma under mer \u00e4n en kategori) I Sverige f\u00f6rekommande vaccinf\u00f6rebyggbara sjukdomar Reserelaterade vaccinf\u00f6rebyggbara sjukdomar och malaria Infektioner som \u00f6verf\u00f6rs av myggor, f\u00e4stingar och andra leddjur Mag-tarmsmittor Sexuellt \u00f6verf\u00f6rbara infektioner och blodsmitta Infektioner som smittar via direktkontakt med vatten eller marken Infektioner som smittar\u2026","rel":"","context":"Liknande inl\u00e4gg","block_context":{"text":"Liknande inl\u00e4gg","link":""},"img":{"alt_text":"","src":"https:\/\/i0.wp.com\/resemedicin.se\/reseradet\/wp-content\/uploads\/2025\/10\/marmot.jpg?resize=350%2C200&ssl=1","width":350,"height":200,"srcset":"https:\/\/i0.wp.com\/resemedicin.se\/reseradet\/wp-content\/uploads\/2025\/10\/marmot.jpg?resize=350%2C200&ssl=1 1x, https:\/\/i0.wp.com\/resemedicin.se\/reseradet\/wp-content\/uploads\/2025\/10\/marmot.jpg?resize=525%2C300&ssl=1 1.5x, https:\/\/i0.wp.com\/resemedicin.se\/reseradet\/wp-content\/uploads\/2025\/10\/marmot.jpg?resize=700%2C400&ssl=1 2x"},"classes":[]},{"id":277,"url":"https:\/\/resemedicin.se\/reseradet\/sjukdomar-och-vacciner\/etec\/","url_meta":{"origin":202,"position":1},"title":"Enterotoxinbildande E.coli (ETEC)","author":"Reser\u00e5det","date":"2024-03-10","format":false,"excerpt":"Information till vaccinat\u00f6rer och reser\u00e5dgivare Turistdiarr\u00e9 Smitt\u00e4mnet och smittv\u00e4gar Symtom Diagnostik och behandling Epidemiologi Riskgrupper Prevention Indikationer f\u00f6r vaccination Smitt\u00e4mnet och smittv\u00e4gar Enterotoxinbildande Escherichia coli (ETEC) \u00e4r den vanligaste bakteriella orsaken till diarr\u00e9 hos barn i l\u00e5g- och medelinkomstl\u00e4nder. ETEC \u00e4r ocks\u00e5 den vanligaste orsaken till turistdiarr\u00e9, och ansvarig f\u00f6r\u2026","rel":"","context":"Liknande inl\u00e4gg","block_context":{"text":"Liknande inl\u00e4gg","link":""},"img":{"alt_text":"Turistdiarr\u00e9","src":"https:\/\/i0.wp.com\/resemedicin.se\/reseradet\/wp-content\/uploads\/2024\/08\/resediarre.jpg?resize=350%2C200&ssl=1","width":350,"height":200,"srcset":"https:\/\/i0.wp.com\/resemedicin.se\/reseradet\/wp-content\/uploads\/2024\/08\/resediarre.jpg?resize=350%2C200&ssl=1 1x, https:\/\/i0.wp.com\/resemedicin.se\/reseradet\/wp-content\/uploads\/2024\/08\/resediarre.jpg?resize=525%2C300&ssl=1 1.5x, https:\/\/i0.wp.com\/resemedicin.se\/reseradet\/wp-content\/uploads\/2024\/08\/resediarre.jpg?resize=700%2C400&ssl=1 2x, https:\/\/i0.wp.com\/resemedicin.se\/reseradet\/wp-content\/uploads\/2024\/08\/resediarre.jpg?resize=1050%2C600&ssl=1 3x"},"classes":[]},{"id":12236,"url":"https:\/\/resemedicin.se\/reseradet\/reserad\/reseradgivning-till-resenarer-med-nedsatt-immunforsvar\/","url_meta":{"origin":202,"position":2},"title":"Reser\u00e5dgivning till resen\u00e4rer med nedsatt immunf\u00f6rsvar","author":"Reser\u00e5det","date":"2024-11-29","format":false,"excerpt":"Information till vaccinat\u00f6rer och reser\u00e5dgivare Bakgrund Att ge r\u00e5d till immunosupprimerade resen\u00e4rer kr\u00e4ver en noggrann och individualiserad strategi f\u00f6r att s\u00e4kerst\u00e4lla deras h\u00e4lsa och s\u00e4kerhet under internationella resor. Immunosuppression kan bero p\u00e5 olika underliggande tillst\u00e5nd eller medicinska behandlingar, vilket medf\u00f6r en \u00f6kad risk f\u00f6r infektioner och andra h\u00e4lsokomplikationer under resor.\u2026","rel":"","context":"Liknande inl\u00e4gg","block_context":{"text":"Liknande inl\u00e4gg","link":""},"img":{"alt_text":"","src":"https:\/\/i0.wp.com\/resemedicin.se\/reseradet\/wp-content\/uploads\/2024\/11\/aldre-resenarer.jpg?resize=350%2C200&ssl=1","width":350,"height":200,"srcset":"https:\/\/i0.wp.com\/resemedicin.se\/reseradet\/wp-content\/uploads\/2024\/11\/aldre-resenarer.jpg?resize=350%2C200&ssl=1 1x, https:\/\/i0.wp.com\/resemedicin.se\/reseradet\/wp-content\/uploads\/2024\/11\/aldre-resenarer.jpg?resize=525%2C300&ssl=1 1.5x, https:\/\/i0.wp.com\/resemedicin.se\/reseradet\/wp-content\/uploads\/2024\/11\/aldre-resenarer.jpg?resize=700%2C400&ssl=1 2x"},"classes":[]},{"id":8362,"url":"https:\/\/resemedicin.se\/reseradet\/landsinformation\/lesotho\/","url_meta":{"origin":202,"position":3},"title":"Lesotho","author":"Reser\u00e5det","date":"2024-10-04","format":false,"excerpt":"Information till vaccinat\u00f6rer och reser\u00e5dgivare Klicka p\u00e5 bilden f\u00f6r st\u00f6rre karta Kort landsinformation Vaccinationer Andra infektioner att vara observant p\u00e5 \u00d6vriga reserisker Aktuella utbrott Kort landsinformation Lesotho (befolkning cirka 2,1 miljoner inv\u00e5nare) \u00e4r helt omgiven av Sydafrika. Landet \u00e4r unikt genom att det \u00e4r det enda landet i v\u00e4rlden som\u2026","rel":"","context":"Liknande inl\u00e4gg","block_context":{"text":"Liknande inl\u00e4gg","link":""},"img":{"alt_text":"","src":"https:\/\/i0.wp.com\/resemedicin.se\/reseradet\/wp-content\/uploads\/2024\/10\/lesotho-karta.jpg?resize=350%2C200&ssl=1","width":350,"height":200,"srcset":"https:\/\/i0.wp.com\/resemedicin.se\/reseradet\/wp-content\/uploads\/2024\/10\/lesotho-karta.jpg?resize=350%2C200&ssl=1 1x, https:\/\/i0.wp.com\/resemedicin.se\/reseradet\/wp-content\/uploads\/2024\/10\/lesotho-karta.jpg?resize=525%2C300&ssl=1 1.5x, https:\/\/i0.wp.com\/resemedicin.se\/reseradet\/wp-content\/uploads\/2024\/10\/lesotho-karta.jpg?resize=700%2C400&ssl=1 2x"},"classes":[]},{"id":2240,"url":"https:\/\/resemedicin.se\/reseradet\/vaccination\/vaxchora\/","url_meta":{"origin":202,"position":4},"title":"Vaxchora\u00ae","author":"Reser\u00e5det","date":"2024-05-09","format":false,"excerpt":"Information till vaccinat\u00f6rer och reser\u00e5dgivare \u00d6versikt (indikation,skyddseffekt, s\u00e4kerhet) Administration och dosering Kan kombineras med Kontraindikationer och f\u00f6rsiktighet Graviditet och amning Inneh\u00e5ll F\u00f6rpackningsinformation Hantering och h\u00e5llbarhet \u00d6versikt (indikation, skyddseffekt, s\u00e4kerhet) Vaxchora\u00ae\u00a0(Scandinavian Biopharma) \u00e4r ett levande f\u00f6rsvagat vaccin (stam CVD 103-HgR),\u00a0godk\u00e4nt f\u00f6r aktiv immunisering mot kolera orsakad av\u00a0V. cholerae\u00a0serogrupp O1 hos vuxna\u2026","rel":"","context":"Liknande inl\u00e4gg","block_context":{"text":"Liknande inl\u00e4gg","link":""},"img":{"alt_text":"","src":"https:\/\/i0.wp.com\/resemedicin.se\/reseradet\/wp-content\/uploads\/2024\/09\/vachora.jpg?resize=350%2C200&ssl=1","width":350,"height":200,"srcset":"https:\/\/i0.wp.com\/resemedicin.se\/reseradet\/wp-content\/uploads\/2024\/09\/vachora.jpg?resize=350%2C200&ssl=1 1x, https:\/\/i0.wp.com\/resemedicin.se\/reseradet\/wp-content\/uploads\/2024\/09\/vachora.jpg?resize=525%2C300&ssl=1 1.5x, https:\/\/i0.wp.com\/resemedicin.se\/reseradet\/wp-content\/uploads\/2024\/09\/vachora.jpg?resize=700%2C400&ssl=1 2x"},"classes":[]},{"id":1103,"url":"https:\/\/resemedicin.se\/reseradet\/sjukdomar-och-vacciner\/lassafeber\/","url_meta":{"origin":202,"position":5},"title":"Lassafeber","author":"Reser\u00e5det","date":"2024-04-12","format":false,"excerpt":"Information till vaccinat\u00f6rer och reser\u00e5dgivare Smitt\u00e4mne Symtom Diagnostik och behandling Epidemiologi Prevention Utbrott Smitt\u00e4mne Lassafeber \u00e4r en afrikansk bl\u00f6darfeber orsakad av lassavirus ett RNA-virus i familjen Arenavirus. Virusen i denna familj finns vanligen hos r\u00e5ttor och m\u00f6ss, men som vid enstaka tillf\u00e4llen kan smitta m\u00e4nniskor och ge upphov till en\u2026","rel":"","context":"Liknande inl\u00e4gg","block_context":{"text":"Liknande inl\u00e4gg","link":""},"img":{"alt_text":"","src":"https:\/\/i0.wp.com\/resemedicin.se\/reseradet\/wp-content\/uploads\/2024\/08\/lassafeber.jpg?resize=350%2C200&ssl=1","width":350,"height":200,"srcset":"https:\/\/i0.wp.com\/resemedicin.se\/reseradet\/wp-content\/uploads\/2024\/08\/lassafeber.jpg?resize=350%2C200&ssl=1 1x, https:\/\/i0.wp.com\/resemedicin.se\/reseradet\/wp-content\/uploads\/2024\/08\/lassafeber.jpg?resize=525%2C300&ssl=1 1.5x, https:\/\/i0.wp.com\/resemedicin.se\/reseradet\/wp-content\/uploads\/2024\/08\/lassafeber.jpg?resize=700%2C400&ssl=1 2x"},"classes":[]}],"jetpack_sharing_enabled":true,"_links":{"self":[{"href":"https:\/\/resemedicin.se\/reseradet\/wp-json\/wp\/v2\/pages\/202","targetHints":{"allow":["GET"]}}],"collection":[{"href":"https:\/\/resemedicin.se\/reseradet\/wp-json\/wp\/v2\/pages"}],"about":[{"href":"https:\/\/resemedicin.se\/reseradet\/wp-json\/wp\/v2\/types\/page"}],"author":[{"embeddable":true,"href":"https:\/\/resemedicin.se\/reseradet\/wp-json\/wp\/v2\/users\/1"}],"replies":[{"embeddable":true,"href":"https:\/\/resemedicin.se\/reseradet\/wp-json\/wp\/v2\/comments?post=202"}],"version-history":[{"count":11,"href":"https:\/\/resemedicin.se\/reseradet\/wp-json\/wp\/v2\/pages\/202\/revisions"}],"predecessor-version":[{"id":12040,"href":"https:\/\/resemedicin.se\/reseradet\/wp-json\/wp\/v2\/pages\/202\/revisions\/12040"}],"up":[{"embeddable":true,"href":"https:\/\/resemedicin.se\/reseradet\/wp-json\/wp\/v2\/pages\/42"}],"wp:attachment":[{"href":"https:\/\/resemedicin.se\/reseradet\/wp-json\/wp\/v2\/media?parent=202"}],"curies":[{"name":"wp","href":"https:\/\/api.w.org\/{rel}","templated":true}]}}