{"id":1890,"date":"2024-05-04T14:41:45","date_gmt":"2024-05-04T14:41:45","guid":{"rendered":"https:\/\/resemedicin.se\/reseradet\/?page_id=1890"},"modified":"2024-10-12T17:44:13","modified_gmt":"2024-10-12T17:44:13","slug":"nordafrika","status":"publish","type":"page","link":"https:\/\/resemedicin.se\/reseradet\/reserad\/nordafrika\/","title":{"rendered":"H\u00e4lsor\u00e5d f\u00f6r resen\u00e4rer till Nordafrika och Fr\u00e4mre Asien"},"content":{"rendered":"Du m\u00e5ste vara inloggad f\u00f6r att visa detta inneh\u00e5ll.","protected":false},"excerpt":{"rendered":"Du m\u00e5ste vara inloggad f\u00f6r att visa detta inneh\u00e5ll.","protected":false},"author":1,"featured_media":0,"parent":42,"menu_order":0,"comment_status":"open","ping_status":"closed","template":"","meta":{"_lmt_disableupdate":"no","_lmt_disable":"","footnotes":""},"class_list":["post-1890","page","type-page","status-publish","hentry"],"jetpack-related-posts":[{"id":1877,"url":"https:\/\/resemedicin.se\/reseradet\/reserad\/osteuropa\/","url_meta":{"origin":1890,"position":0},"title":"H\u00e4lsor\u00e5d f\u00f6r resen\u00e4rer till Balkan, Turkiet, Rum\u00e4nien, Moldavien och forna Sovjetunionen","author":"Reser\u00e5det","date":"2024-05-04","format":false,"excerpt":"R\u00e5den \u00e4r f\u00f6rfattade av Dr Lars Rombo. De resen\u00e4rer som lider av en l\u00e5ngvarig eller allvarlig sjukdom (bl.a. tum\u00f6rsjukdomar, HIVinfektion, diabetes, epilepsi och vissa tarmssjukdomar som Ulcer\u00f6s kolit och Morbus Crohn) b\u00f6r konsultera sin ordinarie l\u00e4kare innan resan best\u00e4ms. Gl\u00f6m inte heller att ber\u00e4tta om du lider av nedsatt hj\u00e4rtfunktion,\u2026","rel":"","context":"Liknande inl\u00e4gg","block_context":{"text":"Liknande inl\u00e4gg","link":""},"img":{"alt_text":"","src":"","width":0,"height":0},"classes":[]},{"id":1888,"url":"https:\/\/resemedicin.se\/reseradet\/reserad\/halsorad-for-resenarer-till-sydostasien-och-oceanien\/","url_meta":{"origin":1890,"position":1},"title":"H\u00e4lsor\u00e5d f\u00f6r resen\u00e4rer till Sydostasien och Oceanien","author":"Reser\u00e5det","date":"2024-05-04","format":false,"excerpt":"R\u00e5den \u00e4r f\u00f6rfattade av Dr Lars Rombo Allm\u00e4nt De resen\u00e4rer som lider av en l\u00e5ngvarig\/kronisk sjukdom (bl a tum\u00f6rsjukdomar, HIVinfektion, diabetes, epilepsi och vissa grovtarmssjukdomar som Ulcer\u00f6s colit och Morbus Crohn) b\u00f6r konsultera sin ordinarie l\u00e4kare innan resan best\u00e4ms. Gl\u00f6m inte heller att ber\u00e4tta om Du lider av nedsatt hj\u00e4rtfunktion,\u2026","rel":"","context":"Liknande inl\u00e4gg","block_context":{"text":"Liknande inl\u00e4gg","link":""},"img":{"alt_text":"","src":"","width":0,"height":0},"classes":[]},{"id":1882,"url":"https:\/\/resemedicin.se\/reseradet\/reserad\/syd-och-mellanamerika\/","url_meta":{"origin":1890,"position":2},"title":"H\u00e4lsor\u00e5d f\u00f6r resen\u00e4rer till Syd- och Mellanamerika","author":"Reser\u00e5det","date":"2024-05-04","format":false,"excerpt":"R\u00e5den \u00e4r f\u00f6rfattade av Dr Lars Rombo De resen\u00e4rer som lider av en l\u00e5ngvarig sjukdom (bl.a. tum\u00f6rsjukdomar, HIV-infektion, diabetes, epilepsi och vissa tarmsjukdomar som Ulcer\u00f6s kolit och Morbus Crohn) b\u00f6r konsultera sin ordinarie l\u00e4kare innan resan best\u00e4ms. Gl\u00f6m inte heller att ber\u00e4tta om du lider av nedsatt hj\u00e4rtfunktion, h\u00f6gt blodtryck,\u2026","rel":"","context":"Liknande inl\u00e4gg","block_context":{"text":"Liknande inl\u00e4gg","link":""},"img":{"alt_text":"","src":"","width":0,"height":0},"classes":[]},{"id":1709,"url":"https:\/\/resemedicin.se\/reseradet\/sjukdomar-och-vacciner\/schistosomiasis\/","url_meta":{"origin":1890,"position":3},"title":"Schistosomiasis (bilharzia, sn\u00e4ckfeber","author":"Reser\u00e5det","date":"2024-05-01","format":false,"excerpt":"Information till vaccinat\u00f6rer och reser\u00e5dgivare Smitt\u00e4mnet och smittv\u00e4gar Symtom Diagnostik och behandling Epidemiologi Riskgrupper Prevention Aktuella utbrott Smitt\u00e4mnet och smittv\u00e4gar Smitt\u00e4mnet Schistosomiasis (bilharzia eller sn\u00e4ckfeber) \u00e4r en parasitisk maskinfektion, med f\u00f6rekomst i tropiska och subtropiska omr\u00e5den i Afrika, Asien och Latinamerika. Sjukdomen orsakas av trematoder av sl\u00e4ktet Schistosoma, varav 5\u2026","rel":"","context":"Liknande inl\u00e4gg","block_context":{"text":"Liknande inl\u00e4gg","link":""},"img":{"alt_text":"","src":"https:\/\/i0.wp.com\/resemedicin.se\/reseradet\/wp-content\/uploads\/2024\/05\/schistosomiasis-karta-liten.jpg?resize=350%2C200&ssl=1","width":350,"height":200,"srcset":"https:\/\/i0.wp.com\/resemedicin.se\/reseradet\/wp-content\/uploads\/2024\/05\/schistosomiasis-karta-liten.jpg?resize=350%2C200&ssl=1 1x, https:\/\/i0.wp.com\/resemedicin.se\/reseradet\/wp-content\/uploads\/2024\/05\/schistosomiasis-karta-liten.jpg?resize=525%2C300&ssl=1 1.5x, https:\/\/i0.wp.com\/resemedicin.se\/reseradet\/wp-content\/uploads\/2024\/05\/schistosomiasis-karta-liten.jpg?resize=700%2C400&ssl=1 2x"},"classes":[]},{"id":16,"url":"https:\/\/resemedicin.se\/reseradet\/om-reseradet\/","url_meta":{"origin":1890,"position":4},"title":"Om oss","author":"Reser\u00e5det","date":"2024-03-04","format":false,"excerpt":"RESER\u00c5DET \u00e4r Sveriges st\u00f6rsta oberoende kunskapsakt\u00f6r inom vaccinationer och reser\u00e5dgivning. Vi erbjuder genom portalen Reser\u00e5det Pro med fr\u00e5getj\u00e4nsten Svar ig\u00e5r, nyhetsbrevet EpiNytt samt kurser och e-utbildningar i Reser\u00e5det Vaccinakademis ett helt\u00e4ckande st\u00f6d till mer \u00e4n 500 vaccinationsmottagningar I Sverige, Norge och Finland.\u00a0Vi kan \u00e4ven erbjuda skr\u00e4ddarsydda l\u00f6sningar som passar just\u2026","rel":"","context":"Liknande inl\u00e4gg","block_context":{"text":"Liknande inl\u00e4gg","link":""},"img":{"alt_text":"","src":"https:\/\/i0.wp.com\/resemedicin.se\/reseradet\/wp-content\/uploads\/2026\/03\/banner-reseradet.jpg?resize=350%2C200&ssl=1","width":350,"height":200,"srcset":"https:\/\/i0.wp.com\/resemedicin.se\/reseradet\/wp-content\/uploads\/2026\/03\/banner-reseradet.jpg?resize=350%2C200&ssl=1 1x, https:\/\/i0.wp.com\/resemedicin.se\/reseradet\/wp-content\/uploads\/2026\/03\/banner-reseradet.jpg?resize=525%2C300&ssl=1 1.5x, https:\/\/i0.wp.com\/resemedicin.se\/reseradet\/wp-content\/uploads\/2026\/03\/banner-reseradet.jpg?resize=700%2C400&ssl=1 2x"},"classes":[]},{"id":4071,"url":"https:\/\/resemedicin.se\/reseradet\/sjukdomar-och-vacciner\/filariainfektioner\/","url_meta":{"origin":1890,"position":5},"title":"Filariainfektioner (filariasis)","author":"Reser\u00e5det","date":"2024-08-19","format":false,"excerpt":"Information till vaccinat\u00f6rer och reser\u00e5dgivare \u00d6versikt Lymfatisk filariasis Onchocerciasis Loiasis (Loa loa) Aktuella utbrott \u00d6versikt Filariasis (filariainfektion) \u00e4r en grupp sjukdomar orsakade av parasitiska spolmaskar (nematoder) som sprids av olika vektorer. De ing\u00e5r i listan \u00f6ver f\u00f6rsummade tropiska sjukdomar och inkluderar lymfatisk filariasis (elefantsjuka), onchocerciasis (flodblindhet), loiasis och dracunculiasis. Till\u2026","rel":"","context":"Liknande inl\u00e4gg","block_context":{"text":"Liknande inl\u00e4gg","link":""},"img":{"alt_text":"","src":"https:\/\/i0.wp.com\/resemedicin.se\/reseradet\/wp-content\/uploads\/2024\/09\/Filaria-micro.jpg?resize=350%2C200&ssl=1","width":350,"height":200,"srcset":"https:\/\/i0.wp.com\/resemedicin.se\/reseradet\/wp-content\/uploads\/2024\/09\/Filaria-micro.jpg?resize=350%2C200&ssl=1 1x, https:\/\/i0.wp.com\/resemedicin.se\/reseradet\/wp-content\/uploads\/2024\/09\/Filaria-micro.jpg?resize=525%2C300&ssl=1 1.5x, https:\/\/i0.wp.com\/resemedicin.se\/reseradet\/wp-content\/uploads\/2024\/09\/Filaria-micro.jpg?resize=700%2C400&ssl=1 2x"},"classes":[]}],"jetpack_sharing_enabled":true,"_links":{"self":[{"href":"https:\/\/resemedicin.se\/reseradet\/wp-json\/wp\/v2\/pages\/1890","targetHints":{"allow":["GET"]}}],"collection":[{"href":"https:\/\/resemedicin.se\/reseradet\/wp-json\/wp\/v2\/pages"}],"about":[{"href":"https:\/\/resemedicin.se\/reseradet\/wp-json\/wp\/v2\/types\/page"}],"author":[{"embeddable":true,"href":"https:\/\/resemedicin.se\/reseradet\/wp-json\/wp\/v2\/users\/1"}],"replies":[{"embeddable":true,"href":"https:\/\/resemedicin.se\/reseradet\/wp-json\/wp\/v2\/comments?post=1890"}],"version-history":[{"count":2,"href":"https:\/\/resemedicin.se\/reseradet\/wp-json\/wp\/v2\/pages\/1890\/revisions"}],"predecessor-version":[{"id":9491,"href":"https:\/\/resemedicin.se\/reseradet\/wp-json\/wp\/v2\/pages\/1890\/revisions\/9491"}],"up":[{"embeddable":true,"href":"https:\/\/resemedicin.se\/reseradet\/wp-json\/wp\/v2\/pages\/42"}],"wp:attachment":[{"href":"https:\/\/resemedicin.se\/reseradet\/wp-json\/wp\/v2\/media?parent=1890"}],"curies":[{"name":"wp","href":"https:\/\/api.w.org\/{rel}","templated":true}]}}