{"id":10304,"date":"2024-10-22T08:47:14","date_gmt":"2024-10-22T08:47:14","guid":{"rendered":"https:\/\/resemedicin.se\/reseradet\/?page_id=10304"},"modified":"2026-03-31T10:35:06","modified_gmt":"2026-03-31T09:35:06","slug":"prenumeration","status":"publish","type":"page","link":"https:\/\/resemedicin.se\/reseradet\/prenumeration\/","title":{"rendered":"Prenumeration och fakturering"},"content":{"rendered":"\n<figure class=\"wp-block-image size-full\"><img data-recalc-dims=\"1\" loading=\"lazy\" decoding=\"async\" width=\"840\" height=\"289\" src=\"https:\/\/i0.wp.com\/resemedicin.se\/reseradet\/wp-content\/uploads\/2026\/03\/banner-reseradet.jpg?resize=840%2C289&#038;ssl=1\" alt=\"\" class=\"wp-image-16574\" srcset=\"https:\/\/i0.wp.com\/resemedicin.se\/reseradet\/wp-content\/uploads\/2026\/03\/banner-reseradet.jpg?w=1024&amp;ssl=1 1024w, https:\/\/i0.wp.com\/resemedicin.se\/reseradet\/wp-content\/uploads\/2026\/03\/banner-reseradet.jpg?resize=300%2C103&amp;ssl=1 300w, https:\/\/i0.wp.com\/resemedicin.se\/reseradet\/wp-content\/uploads\/2026\/03\/banner-reseradet.jpg?resize=768%2C264&amp;ssl=1 768w\" sizes=\"auto, (max-width: 709px) 85vw, (max-width: 909px) 67vw, (max-width: 1362px) 62vw, 840px\" \/><\/figure>\n\n\n\n<ul class=\"wp-block-list\">\n<li><a href=\"https:\/\/resemedicin.se\/reseradet\/prenumeration\/#ingar\">Detta ing\u00e5r i prenumerationen<\/a><\/li>\n\n\n\n<li><a href=\"https:\/\/resemedicin.se\/reseradet\/prenumeration\/#priser\">Priser<\/a><\/li>\n\n\n\n<li><a href=\"https:\/\/resemedicin.se\/reseradet\/prenumeration\/#fakturering\">Fakturering<\/a><\/li>\n<\/ul>\n\n\n\n<h3 class=\"wp-block-heading\" id=\"ingar\">Detta ing\u00e5r i en prenumeration av Reser\u00e5det Pro<\/h3>\n\n\n\n<p style=\"font-size:18px\">En prenumeration p\u00e5&nbsp;<em><strong>Reser\u00e5det Pro<\/strong><\/em><strong>&nbsp;<\/strong>ger Dig tillg\u00e5ng till mer \u00e4n 400 sidor kontinuerligt uppdaterad information om allt du beh\u00f6ver veta som vaccinat\u00f6r och reser\u00e5dgivare. Du f\u00e5r ocks\u00e5 tillg\u00e5ng till samtliga de fr\u00e5gor och svar som besvarats sedan 2022 under vinjetten <strong><em>Svar ig\u00e5r<\/em><\/strong> i s\u00f6kbar databas. <a href=\"https:\/\/resemedicin.se\/reseradet\/om-reseradet\/#reseradet\">L\u00e4s mer h\u00e4r<\/a><\/p>\n\n\n\n<p style=\"font-size:18px\">En till\u00e4ggsprenumeration p\u00e5&nbsp;<em>Svar ig\u00e5r<\/em>&nbsp;ger Dig dessutom m\u00f6jlighet att sj\u00e4lv st\u00e4lla fr\u00e5gor om vacciner och resemedicin &#8211; oftast med svar inom 1-2 arbetsdagar.<\/p>\n\n\n\n<p class=\"has-yellow-background-color has-background\" style=\"font-size:18px\">Registrera dig som ny prenumerant med 1 m\u00e5nads kostnadsfri &#8221;n\u00f6jd kundgaranti&#8221; (se nedan under fakturering) genom att <a href=\"https:\/\/resemedicin.se\/reseradet\/atkomst\/\">klicka h\u00e4r<\/a>.<\/p>\n\n\n\n<h3 class=\"wp-block-heading\" id=\"priser\">Priser<\/h3>\n\n\n\n<p style=\"font-size:18px\">Prenumeration av tj\u00e4nsterna <strong><em>Reser\u00e5det Pro<\/em><\/strong> och <strong><em>Svar ig\u00e5r<\/em><\/strong> l\u00f6per per kalender\u00e5r.<\/p>\n\n\n\n<p style=\"font-size:18px\">F\u00f6r tillg\u00e5ng till&nbsp;<em><strong>Reser\u00e5det Pro<\/strong><\/em><strong>&nbsp;<\/strong>kostar en \u00e5rsprenumeration 2000 kr + moms per anv\u00e4ndare f\u00f6r ett kalender\u00e5ret, halva priset (1 000 kr + moms) f\u00f6r nya prenumeranter som ansluter efter halv\u00e5rsskiftet. F\u00f6r nya prenumeranter som ansluter efter 1 november g\u00e4ller en fullprisprenumeration som \u00e4ven t\u00e4cker kommande kalender\u00e5r.<\/p>\n\n\n\n<p style=\"font-size:18px\">Prenumerationen g\u00e4ller f\u00f6r en samtidig inloggning p\u00e5 en enda mottagning och kan inte anv\u00e4ndas av flera mottagningar\/arbetsplatser inom samma f\u00f6retag\/organisation.<\/p>\n\n\n\n<p style=\"font-size:18px\">Om en och samma mottagning har behov av flera samtidiga inloggningar, kostar varje ytterligare prenumeration p\u00e5 samma mottagning (med m\u00f6jlighet till separat inloggningsnamn och l\u00f6senord) 1000 kr + moms per kalender\u00e5r.<\/p>\n\n\n\n<p style=\"font-size:18px\">Till\u00e4ggsprenumeration med m\u00f6jlighet att sj\u00e4lv st\u00e4lla fr\u00e5gor till&nbsp;<strong><em>Svar ig\u00e5r<\/em><\/strong>&nbsp;kostar 1000 kr + moms per anv\u00e4ndare\/mottagning, enligt samma principer som ovan.<\/p>\n\n\n\n<h3 class=\"wp-block-heading\" id=\"fakturering\">Fakturering<\/h3>\n\n\n\n<p style=\"font-size:18px\">Fakturor f\u00f6r nytt \u00e5r skickas ut till tidigare prenumeranter i b\u00f6rjan av \u00e5ret. Tj\u00e4nst som inte utnyttjats under det nya \u00e5ret kan skriftligen s\u00e4gas upp genom mejl till <a href=\"mailto:info@prosanis.se\">info@prosanis.se<\/a>.<\/p>\n\n\n\n<p style=\"font-size:18px\">Om du <a href=\"https:\/\/resemedicin.se\/reseradet\/atkomst\/\">registrerar dig<\/a> som ny prenumerant kommer du att faktureras med 30 dagars netto betalning. Med v\u00e5r &#8221;<strong>n\u00f6jd kund-garanti<\/strong>&#8221; kan du under denna m\u00e5nad utan kostnad eller f\u00f6rpliktelse prova p\u00e5 om tj\u00e4nsten uppfyller dina f\u00f6rv\u00e4ntningar. Om du av n\u00e5gon anledning inte vill forts\u00e4tta, g\u00e5r det bra att n\u00e4r som helst under denna m\u00e5nad skriftligen s\u00e4ga upp prenumerationen s\u00e5 stryker vi fakturan.<\/p>\n\n\n\n<p style=\"font-size:18px\">Fakturering sker av:<br>     <strong>ProSanis Sverige AB<\/strong><br>     Organisationsnummer: 559210-9069<br>     Momsregistreringsnummer: SE559210906901<br>     Bankgiro: 5362-7691<\/p>\n\n\n\n<p style=\"font-size:18px\">Vid \u00f6nskem\u00e5l om annat faktureringss\u00e4tt eller \u00e4ndring av fakturauppgifter kontakta <a href=\"mailto:info@prosanis.se\">info@prosanis.se<\/a>.<\/p>\n","protected":false},"excerpt":{"rendered":"<p>Detta ing\u00e5r i en prenumeration av Reser\u00e5det Pro En prenumeration p\u00e5&nbsp;Reser\u00e5det Pro&nbsp;ger Dig tillg\u00e5ng till mer \u00e4n 400 sidor kontinuerligt uppdaterad information om allt du beh\u00f6ver veta som vaccinat\u00f6r och reser\u00e5dgivare. Du f\u00e5r ocks\u00e5 tillg\u00e5ng till samtliga de fr\u00e5gor och svar som besvarats sedan 2022 under vinjetten Svar ig\u00e5r i s\u00f6kbar databas. L\u00e4s mer h\u00e4r &hellip; <a href=\"https:\/\/resemedicin.se\/reseradet\/prenumeration\/\" class=\"more-link\">Forts\u00e4tt l\u00e4sa<span class=\"screen-reader-text\"> \u201dPrenumeration och fakturering\u201d<\/span><\/a><\/p>\n","protected":false},"author":1,"featured_media":0,"parent":0,"menu_order":0,"comment_status":"closed","ping_status":"closed","template":"","meta":{"_lmt_disableupdate":"no","_lmt_disable":"","footnotes":""},"class_list":["post-10304","page","type-page","status-publish","hentry"],"jetpack-related-posts":[{"id":10888,"url":"https:\/\/resemedicin.se\/reseradet\/gratis-prova-pa\/","url_meta":{"origin":10304,"position":0},"title":"Gratis prova p\u00e5","author":"Reser\u00e5det","date":"2024-10-28","format":false,"excerpt":"Du som professionellt arbetar med vaccinationsfr\u00e5gor eller resemedicin kan utan kostnad prova p\u00e5 Reser\u00e5det Pro och Svar ig\u00e5r. Detta ing\u00e5r: Mer \u00e4n 400 sidor kontinuerligt uppdaterad information r\u00f6rande resemedicin och anv\u00e4ndning av samtliga tillg\u00e4ngliga vacciner och medel f\u00f6r malariaprofylax i Sverige; ing\u00e5ende rese- och vaccinationsrekommendationer f\u00f6r mer \u00e4n 240 l\u00e4nder\u2026","rel":"","context":"Liknande inl\u00e4gg","block_context":{"text":"Liknande inl\u00e4gg","link":""},"img":{"alt_text":"","src":"https:\/\/i0.wp.com\/resemedicin.se\/reseradet\/wp-content\/uploads\/2026\/03\/banner-reseradet.jpg?resize=350%2C200&ssl=1","width":350,"height":200,"srcset":"https:\/\/i0.wp.com\/resemedicin.se\/reseradet\/wp-content\/uploads\/2026\/03\/banner-reseradet.jpg?resize=350%2C200&ssl=1 1x, https:\/\/i0.wp.com\/resemedicin.se\/reseradet\/wp-content\/uploads\/2026\/03\/banner-reseradet.jpg?resize=525%2C300&ssl=1 1.5x, https:\/\/i0.wp.com\/resemedicin.se\/reseradet\/wp-content\/uploads\/2026\/03\/banner-reseradet.jpg?resize=700%2C400&ssl=1 2x"},"classes":[]},{"id":13297,"url":"https:\/\/resemedicin.se\/reseradet\/prenumerera-kostnadsfritt-pa-epinytt\/","url_meta":{"origin":10304,"position":1},"title":"Prenumerera kostnadsfritt p\u00e5 EpiNytt","author":"Reser\u00e5det","date":"2025-05-12","format":false,"excerpt":"Nyhetsbrevet EpiNytt kommer vanligen ut en g\u00e5ng i veckan (p\u00e5 tisdagar) med aktuell information om utbrott och andra nyheter av relevans f\u00f6r vaccinat\u00f6rer och reser\u00e5dgivare, samt rikligt med l\u00e4nkar till bakgrundsinformation och rekommendationer p\u00e5 Reser\u00e5det Pro. Prenumeration p\u00e5 EpiNytt \u00e4r kostnadsfritt, men f\u00f6r till g\u00e5ng till Reser\u00e5det Pro kr\u00e4vs \u00e5rsprenumeration.","rel":"","context":"Liknande inl\u00e4gg","block_context":{"text":"Liknande inl\u00e4gg","link":""},"img":{"alt_text":"","src":"","width":0,"height":0},"classes":[]},{"id":3,"url":"https:\/\/resemedicin.se\/reseradet\/integritetspolicy\/","url_meta":{"origin":10304,"position":2},"title":"Integritetspolicy och GDPR","author":"Reser\u00e5det","date":"2024-05-03","format":false,"excerpt":"Information till kunder och anv\u00e4ndare Allm\u00e4nt Cookies (\"kakor\") GDPR R\u00e4ttslig grund Behandling av personuppgifter Dina r\u00e4ttigheter Kontakt Allm\u00e4nt ProSanis Global Resemedicin och Reser\u00e5det (\u00e4gt av ProSanis Sverige AB) behandlar dina personuppgifter p\u00e5 ett s\u00e5dant s\u00e4tt att du kan k\u00e4nna dig trygg. Utg\u00e5ngspunkten vid all personuppgiftsbehandling \u00e4r att respektera din integritet\u2026","rel":"","context":"Liknande inl\u00e4gg","block_context":{"text":"Liknande inl\u00e4gg","link":""},"img":{"alt_text":"","src":"","width":0,"height":0},"classes":[]},{"id":11,"url":"https:\/\/resemedicin.se\/reseradet\/","url_meta":{"origin":10304,"position":3},"title":"Reser\u00e5det Pro med Svar ig\u00e5r","author":"Reser\u00e5det","date":"2024-03-04","format":false,"excerpt":"Kunskapsst\u00f6d f\u00f6r vaccination och resemedicin Reser\u00e5det Pro med\u00a0Svar ig\u00e5r\u00a0\u00e4r en del av informationsportalen Reser\u00e5det \u2013 Sveriges mest omfattande kunskapsresurs om vaccinationer och resemedicin. Tj\u00e4nsten \u00e4r utvecklad f\u00f6r l\u00e4kare och sjuksk\u00f6terskor som arbetar med vaccination och resemedicinsk r\u00e5dgivning. H\u00e4r f\u00e5r du snabb tillg\u00e5ng till medicinsk bakgrundsinformation, praktiska rekommendationer och epidemiologiska uppdateringar\u2026","rel":"","context":"Liknande inl\u00e4gg","block_context":{"text":"Liknande inl\u00e4gg","link":""},"img":{"alt_text":"","src":"https:\/\/i0.wp.com\/resemedicin.se\/reseradet\/wp-content\/uploads\/2026\/03\/banner-reseradet.jpg?resize=350%2C200&ssl=1","width":350,"height":200,"srcset":"https:\/\/i0.wp.com\/resemedicin.se\/reseradet\/wp-content\/uploads\/2026\/03\/banner-reseradet.jpg?resize=350%2C200&ssl=1 1x, https:\/\/i0.wp.com\/resemedicin.se\/reseradet\/wp-content\/uploads\/2026\/03\/banner-reseradet.jpg?resize=525%2C300&ssl=1 1.5x, https:\/\/i0.wp.com\/resemedicin.se\/reseradet\/wp-content\/uploads\/2026\/03\/banner-reseradet.jpg?resize=700%2C400&ssl=1 2x"},"classes":[]},{"id":14096,"url":"https:\/\/resemedicin.se\/reseradet\/referenser\/nathnac-travel-health-pro\/","url_meta":{"origin":10304,"position":4},"title":"NaTHNaC &#8211; Travel Health Pro","author":"Reser\u00e5det","date":"2025-06-12","format":false,"excerpt":"Tillbaka till v\u00e5r evidensbas Sjukdomar Chikungunya Cholera Dengue Hepatitis A Hepatitis B Influenza (flu) Japanese encephalitis Malaria Meningococcal disease Pertussis (whooping cough) and travel Poliomyelitis Rabies Schistosomiasis Sexually transmitted infections Tick-borne encephalitis Travellers' diarrhoea Typhoid and paratyphoid Viral haemorrhagic fever West Nile virus Yellow fever Topics in brief Altitude illness\u2026","rel":"","context":"Liknande inl\u00e4gg","block_context":{"text":"Liknande inl\u00e4gg","link":""},"img":{"alt_text":"","src":"","width":0,"height":0},"classes":[]},{"id":14058,"url":"https:\/\/resemedicin.se\/reseradet\/referenser\/utbrottsinformation\/","url_meta":{"origin":10304,"position":5},"title":"Utbrottsinformation","author":"Reser\u00e5det","date":"2025-06-12","format":false,"excerpt":"Tillbaka till v\u00e5r evidensbas ProMedMail BEACON Global risk atlas Outbreak News Today Travel Health Pro - outbreaks Travel Health Pro - latest news Vax Before Travel Healthy Travel - latest news WHO - disease outbreak news CDC Travel Notices Relief Web Folkh\u00e4lsomyndigheten - utbrott Folkh\u00e4lsomyndigheten - nyheter ECDC - News\u2026","rel":"","context":"Liknande inl\u00e4gg","block_context":{"text":"Liknande inl\u00e4gg","link":""},"img":{"alt_text":"","src":"","width":0,"height":0},"classes":[]}],"jetpack_sharing_enabled":true,"_links":{"self":[{"href":"https:\/\/resemedicin.se\/reseradet\/wp-json\/wp\/v2\/pages\/10304","targetHints":{"allow":["GET"]}}],"collection":[{"href":"https:\/\/resemedicin.se\/reseradet\/wp-json\/wp\/v2\/pages"}],"about":[{"href":"https:\/\/resemedicin.se\/reseradet\/wp-json\/wp\/v2\/types\/page"}],"author":[{"embeddable":true,"href":"https:\/\/resemedicin.se\/reseradet\/wp-json\/wp\/v2\/users\/1"}],"replies":[{"embeddable":true,"href":"https:\/\/resemedicin.se\/reseradet\/wp-json\/wp\/v2\/comments?post=10304"}],"version-history":[{"count":54,"href":"https:\/\/resemedicin.se\/reseradet\/wp-json\/wp\/v2\/pages\/10304\/revisions"}],"predecessor-version":[{"id":16580,"href":"https:\/\/resemedicin.se\/reseradet\/wp-json\/wp\/v2\/pages\/10304\/revisions\/16580"}],"wp:attachment":[{"href":"https:\/\/resemedicin.se\/reseradet\/wp-json\/wp\/v2\/media?parent=10304"}],"curies":[{"name":"wp","href":"https:\/\/api.w.org\/{rel}","templated":true}]}}