{"id":1004,"date":"2024-04-10T15:56:35","date_gmt":"2024-04-10T14:56:35","guid":{"rendered":"https:\/\/www.friskparesan.se\/?page_id=1004"},"modified":"2026-03-26T09:41:05","modified_gmt":"2026-03-26T08:41:05","slug":"ross-river","status":"publish","type":"page","link":"https:\/\/resemedicin.se\/reseradet\/sjukdomar-och-vacciner\/ross-river\/","title":{"rendered":"Ross River-feber (epidemisk polyartrit)"},"content":{"rendered":"Du m\u00e5ste vara inloggad f\u00f6r att visa detta inneh\u00e5ll.","protected":false},"excerpt":{"rendered":"Du m\u00e5ste vara inloggad f\u00f6r att visa detta inneh\u00e5ll.","protected":false},"author":1,"featured_media":0,"parent":44,"menu_order":0,"comment_status":"open","ping_status":"closed","template":"","meta":{"_lmt_disableupdate":"no","_lmt_disable":"","footnotes":""},"class_list":["post-1004","page","type-page","status-publish","hentry"],"jetpack-related-posts":[{"id":44,"url":"https:\/\/resemedicin.se\/reseradet\/sjukdomar-och-vacciner\/","url_meta":{"origin":1004,"position":0},"title":"Sjukdomar","author":"Reser\u00e5det","date":"2024-03-05","format":false,"excerpt":"L\u00e4nkkategorier p\u00e5 denna sida (vissa sjukdomar kan f\u00f6rekomma under mer \u00e4n en kategori) I Sverige f\u00f6rekommande vaccinf\u00f6rebyggbara sjukdomar Reserelaterade vaccinf\u00f6rebyggbara sjukdomar och malaria Infektioner som \u00f6verf\u00f6rs av myggor, f\u00e4stingar och andra leddjur Mag-tarmsmittor Sexuellt \u00f6verf\u00f6rbara infektioner och blodsmitta Infektioner som smittar via direktkontakt med vatten eller marken Infektioner som smittar\u2026","rel":"","context":"Liknande inl\u00e4gg","block_context":{"text":"Liknande inl\u00e4gg","link":""},"img":{"alt_text":"","src":"https:\/\/i0.wp.com\/resemedicin.se\/reseradet\/wp-content\/uploads\/2025\/10\/marmot.jpg?resize=350%2C200&ssl=1","width":350,"height":200,"srcset":"https:\/\/i0.wp.com\/resemedicin.se\/reseradet\/wp-content\/uploads\/2025\/10\/marmot.jpg?resize=350%2C200&ssl=1 1x, https:\/\/i0.wp.com\/resemedicin.se\/reseradet\/wp-content\/uploads\/2025\/10\/marmot.jpg?resize=525%2C300&ssl=1 1.5x, https:\/\/i0.wp.com\/resemedicin.se\/reseradet\/wp-content\/uploads\/2025\/10\/marmot.jpg?resize=700%2C400&ssl=1 2x"},"classes":[]},{"id":7526,"url":"https:\/\/resemedicin.se\/reseradet\/landsinformation\/australien\/","url_meta":{"origin":1004,"position":1},"title":"Australien","author":"Reser\u00e5det","date":"2024-09-28","format":false,"excerpt":"Information till vaccinat\u00f6rer och reser\u00e5dgivare Klicka p\u00e5 bilden f\u00f6r st\u00f6rre karta Kort landsinformation Vaccinationer och malariaprofylax Andra infektioner att vara observant p\u00e5 \u00d6vriga reserisker Aktuella utbrott Kort landsinformation Australien (befolkning cirka 26 miljoner inv\u00e5nare) \u00e4r det sj\u00e4tte st\u00f6rsta landet i v\u00e4rlden till ytan och det st\u00f6rsta landet p\u00e5 kontinenten Oceanien.\u2026","rel":"","context":"Liknande inl\u00e4gg","block_context":{"text":"Liknande inl\u00e4gg","link":""},"img":{"alt_text":"","src":"https:\/\/i0.wp.com\/resemedicin.se\/reseradet\/wp-content\/uploads\/2024\/09\/australien-karta.jpg?resize=350%2C200&ssl=1","width":350,"height":200,"srcset":"https:\/\/i0.wp.com\/resemedicin.se\/reseradet\/wp-content\/uploads\/2024\/09\/australien-karta.jpg?resize=350%2C200&ssl=1 1x, https:\/\/i0.wp.com\/resemedicin.se\/reseradet\/wp-content\/uploads\/2024\/09\/australien-karta.jpg?resize=525%2C300&ssl=1 1.5x, https:\/\/i0.wp.com\/resemedicin.se\/reseradet\/wp-content\/uploads\/2024\/09\/australien-karta.jpg?resize=700%2C400&ssl=1 2x"},"classes":[]},{"id":988,"url":"https:\/\/resemedicin.se\/reseradet\/sjukdomar-och-vacciner\/chikungunya\/","url_meta":{"origin":1004,"position":2},"title":"Chikungunyafeber","author":"Reser\u00e5det","date":"2024-04-10","format":false,"excerpt":"Information till vaccinat\u00f6rer och reser\u00e5dgivare Smitt\u00e4mnet och smittv\u00e4gar Symtom Diagnostik och behandling Epidemiologi Riskgrupper Prevention Aktuella utbrott och andra nyheter Smitt\u00e4mnet och smittv\u00e4gar Smitt\u00e4mnet Chikungunya \u00e4r en myggburen virussjukdom som orsakas av ett alfavirus fr\u00e5n familjen Togaviridae och som f\u00f6rst beskrevs under ett utbrott i s\u00f6dra Tanzania 1952. Viruset \u00e4r\u2026","rel":"","context":"Liknande inl\u00e4gg","block_context":{"text":"Liknande inl\u00e4gg","link":""},"img":{"alt_text":"","src":"https:\/\/i0.wp.com\/resemedicin.se\/reseradet\/wp-content\/uploads\/2024\/09\/chickengunya-symtom-1.jpg?resize=350%2C200&ssl=1","width":350,"height":200,"srcset":"https:\/\/i0.wp.com\/resemedicin.se\/reseradet\/wp-content\/uploads\/2024\/09\/chickengunya-symtom-1.jpg?resize=350%2C200&ssl=1 1x, https:\/\/i0.wp.com\/resemedicin.se\/reseradet\/wp-content\/uploads\/2024\/09\/chickengunya-symtom-1.jpg?resize=525%2C300&ssl=1 1.5x, https:\/\/i0.wp.com\/resemedicin.se\/reseradet\/wp-content\/uploads\/2024\/09\/chickengunya-symtom-1.jpg?resize=700%2C400&ssl=1 2x"},"classes":[]},{"id":9703,"url":"https:\/\/resemedicin.se\/reseradet\/landsinformation\/norfolk-island\/","url_meta":{"origin":1004,"position":3},"title":"Norfolk Island (Australien)","author":"Reser\u00e5det","date":"2024-10-14","format":false,"excerpt":"Information till vaccinat\u00f6rer och reser\u00e5dgivare Klicka p\u00e5 bilden f\u00f6r st\u00f6rre karta. Kort landsinformation Vaccinationer Andra infektioner att vara observant p\u00e5 \u00d6vriga reserisker Aktuella utbrott Kort landsinformation Norfolk Island (befolkning cirka 2 000 inv\u00e5nare) \u00e4r ett australiskt yttre territorium bel\u00e4get i Stilla havet, cirka 1 400 kilometer \u00f6ster om Australiens fastland\u2026","rel":"","context":"Liknande inl\u00e4gg","block_context":{"text":"Liknande inl\u00e4gg","link":""},"img":{"alt_text":"","src":"https:\/\/i0.wp.com\/resemedicin.se\/reseradet\/wp-content\/uploads\/2024\/10\/norfolk-island-karta.jpg?resize=350%2C200&ssl=1","width":350,"height":200,"srcset":"https:\/\/i0.wp.com\/resemedicin.se\/reseradet\/wp-content\/uploads\/2024\/10\/norfolk-island-karta.jpg?resize=350%2C200&ssl=1 1x, https:\/\/i0.wp.com\/resemedicin.se\/reseradet\/wp-content\/uploads\/2024\/10\/norfolk-island-karta.jpg?resize=525%2C300&ssl=1 1.5x, https:\/\/i0.wp.com\/resemedicin.se\/reseradet\/wp-content\/uploads\/2024\/10\/norfolk-island-karta.jpg?resize=700%2C400&ssl=1 2x"},"classes":[]},{"id":9675,"url":"https:\/\/resemedicin.se\/reseradet\/landsinformation\/guam\/","url_meta":{"origin":1004,"position":4},"title":"Guam och Nordmarianerna (USA)","author":"Reser\u00e5det","date":"2024-10-14","format":false,"excerpt":"Information till vaccinat\u00f6rer och reser\u00e5dgivare Klicka p\u00e5 bilden f\u00f6r st\u00f6rre karta Kort landsinformation Vaccinationer Andra infektioner att vara observant p\u00e5 \u00d6vriga reserisker Aktuella utbrott Kort landsinformation Marianerna, officiellt Nordmarianerna, \u00e4r en \u00f6grupp i v\u00e4stra Stilla havet och best\u00e5r av tv\u00e5 huvudsakliga politiska enheter: USA:s icke-inkorporerade territorium Guam i s\u00f6der och\u2026","rel":"","context":"Liknande inl\u00e4gg","block_context":{"text":"Liknande inl\u00e4gg","link":""},"img":{"alt_text":"","src":"https:\/\/i0.wp.com\/resemedicin.se\/reseradet\/wp-content\/uploads\/2024\/10\/guam-karta.jpg?resize=350%2C200&ssl=1","width":350,"height":200,"srcset":"https:\/\/i0.wp.com\/resemedicin.se\/reseradet\/wp-content\/uploads\/2024\/10\/guam-karta.jpg?resize=350%2C200&ssl=1 1x, https:\/\/i0.wp.com\/resemedicin.se\/reseradet\/wp-content\/uploads\/2024\/10\/guam-karta.jpg?resize=525%2C300&ssl=1 1.5x, https:\/\/i0.wp.com\/resemedicin.se\/reseradet\/wp-content\/uploads\/2024\/10\/guam-karta.jpg?resize=700%2C400&ssl=1 2x"},"classes":[]},{"id":9660,"url":"https:\/\/resemedicin.se\/reseradet\/landsinformation\/cookoarna\/","url_meta":{"origin":1004,"position":5},"title":"Cook\u00f6arna (Nya Zeeland)","author":"Reser\u00e5det","date":"2024-10-14","format":false,"excerpt":"Information till vaccinat\u00f6rer och reser\u00e5dgivare Klicka p\u00e5 bilden f\u00f6r st\u00f6rre karta. Kort landsinformation Vaccinationer Andra infektioner att vara observant p\u00e5 \u00d6vriga reserisker Aktuella utbrott Kort landsinformation Cook\u00f6arna (befolkning cirka 17 000 inv\u00e5nare) \u00e4r ett sj\u00e4lvstyrande territorium i Stilla havet med starka band till Nya Zeeland. \u00d6gruppen best\u00e5r av 15 \u00f6ar,\u2026","rel":"","context":"Liknande inl\u00e4gg","block_context":{"text":"Liknande inl\u00e4gg","link":""},"img":{"alt_text":"","src":"https:\/\/i0.wp.com\/resemedicin.se\/reseradet\/wp-content\/uploads\/2024\/10\/cookoarna-karta.jpg?resize=350%2C200&ssl=1","width":350,"height":200,"srcset":"https:\/\/i0.wp.com\/resemedicin.se\/reseradet\/wp-content\/uploads\/2024\/10\/cookoarna-karta.jpg?resize=350%2C200&ssl=1 1x, https:\/\/i0.wp.com\/resemedicin.se\/reseradet\/wp-content\/uploads\/2024\/10\/cookoarna-karta.jpg?resize=525%2C300&ssl=1 1.5x, https:\/\/i0.wp.com\/resemedicin.se\/reseradet\/wp-content\/uploads\/2024\/10\/cookoarna-karta.jpg?resize=700%2C400&ssl=1 2x"},"classes":[]}],"jetpack_sharing_enabled":true,"_links":{"self":[{"href":"https:\/\/resemedicin.se\/reseradet\/wp-json\/wp\/v2\/pages\/1004","targetHints":{"allow":["GET"]}}],"collection":[{"href":"https:\/\/resemedicin.se\/reseradet\/wp-json\/wp\/v2\/pages"}],"about":[{"href":"https:\/\/resemedicin.se\/reseradet\/wp-json\/wp\/v2\/types\/page"}],"author":[{"embeddable":true,"href":"https:\/\/resemedicin.se\/reseradet\/wp-json\/wp\/v2\/users\/1"}],"replies":[{"embeddable":true,"href":"https:\/\/resemedicin.se\/reseradet\/wp-json\/wp\/v2\/comments?post=1004"}],"version-history":[{"count":8,"href":"https:\/\/resemedicin.se\/reseradet\/wp-json\/wp\/v2\/pages\/1004\/revisions"}],"predecessor-version":[{"id":16361,"href":"https:\/\/resemedicin.se\/reseradet\/wp-json\/wp\/v2\/pages\/1004\/revisions\/16361"}],"up":[{"embeddable":true,"href":"https:\/\/resemedicin.se\/reseradet\/wp-json\/wp\/v2\/pages\/44"}],"wp:attachment":[{"href":"https:\/\/resemedicin.se\/reseradet\/wp-json\/wp\/v2\/media?parent=1004"}],"curies":[{"name":"wp","href":"https:\/\/api.w.org\/{rel}","templated":true}]}}