{"id":11970,"date":"2024-11-21T15:10:40","date_gmt":"2024-11-21T14:10:40","guid":{"rendered":"https:\/\/resemedicin.se\/friskparesan\/?page_id=11970"},"modified":"2024-11-21T16:30:38","modified_gmt":"2024-11-21T15:30:38","slug":"vast-och-sydeuropa","status":"publish","type":"page","link":"https:\/\/resemedicin.se\/friskparesan\/reserad-2\/vast-och-sydeuropa\/","title":{"rendered":"H\u00e4lsor\u00e5d och vaccinationer f\u00f6r V\u00e4st- Syd- och Centraleuropa"},"content":{"rendered":"\n<h3 class=\"wp-block-heading\" id=\"sidtopp\">R\u00e5d till resen\u00e4rer<\/h3>\n\n\n\n<figure class=\"wp-block-image size-full\"><img loading=\"lazy\" decoding=\"async\" width=\"1024\" height=\"325\" src=\"https:\/\/resemedicin.se\/friskparesan\/wp-content\/uploads\/2024\/11\/tempImage3gmvf7.jpg\" alt=\"\" class=\"wp-image-11972\" srcset=\"https:\/\/resemedicin.se\/friskparesan\/wp-content\/uploads\/2024\/11\/tempImage3gmvf7.jpg 1024w, https:\/\/resemedicin.se\/friskparesan\/wp-content\/uploads\/2024\/11\/tempImage3gmvf7-300x95.jpg 300w, https:\/\/resemedicin.se\/friskparesan\/wp-content\/uploads\/2024\/11\/tempImage3gmvf7-768x244.jpg 768w\" sizes=\"auto, (max-width: 709px) 85vw, (max-width: 909px) 67vw, (max-width: 1362px) 62vw, 840px\" \/><\/figure>\n\n\n\n<h3 class=\"wp-block-heading has-white-color has-text-color has-background has-link-color wp-elements-4ffb96af6d79ae788012d04c8e092dcf\" style=\"background-color:#2b7c08\">L\u00e4nder och \u00f6ar som omfattas av dessa r\u00e5d<\/h3>\n\n\n\n<p>Andorra, Azorerna, Belgien, Cypern, Danmark, England, Estland, Finland, Frankrike, Grekland, Gr\u00f6nland, Irland, Island, Italien, Lettland, Lichtenstein, Litauen, Luxemburg, Madeira, Malta, Monaco, Nederl\u00e4nderna, Norge, Polen, Portugal, San Marino, Schweiz, Slovakien, Slovenien, Spanien, Storbritannien, Tjeckien, Tyskland, Ungern, Vatikanstaten, \u00d6sterrike.<\/p>\n\n\n\n<p>Nedan f\u00f6ljer specifika r\u00e5d f\u00f6r resen\u00e4rer till denna region.<\/p>\n\n\n\n<h3 class=\"wp-block-heading has-white-color has-text-color has-background has-link-color wp-elements-edcea6b51cf1ec4c70109f1bf6fa1805\" id=\"vaccinationer-och-malariaprofylax\" style=\"background-color:#2b7c08\">Vaccinationer<\/h3>\n\n\n\n<h5 class=\"wp-block-heading\">Vacciner som rekommenderas till alla resen\u00e4rer<\/h5>\n\n\n\n<p><strong>Grundskydd: <\/strong>Alla svenskar b\u00f6r ha skydd mot <strong><a href=\"https:\/\/www.resemedicin.se\/friskparesan\/sjukdomar-och-vacciner\/difteri\">difteri<\/a><\/strong>,&nbsp;<strong><a href=\"https:\/\/www.resemedicin.se\/friskparesan\/sjukdomar-och-vacciner\/stelkramp\">stelkramp<\/a><\/strong>,&nbsp;<strong><a href=\"https:\/\/www.resemedicin.se\/friskparesan\/sjukdomar-och-vacciner\/polio\">polio<\/a><\/strong>&nbsp;och&nbsp;<strong><a href=\"https:\/\/www.resemedicin.se\/friskparesan\/sjukdomar-och-vacciner\/massling\/\">m\u00e4ssling<\/a><\/strong>. En resa kan \u00f6ka risken f\u00f6r m\u00e4ssling, och skydd mot stelkramp g\u00f6r att man slipper ta en dos vid skada under resan.<\/p>\n\n\n\n<p> Ett bes\u00f6k p\u00e5 vaccinationsmottagning kan ocks\u00e5 vara ett bra tillf\u00e4lle att se \u00f6ver vaccinationer som kan vara av nytta \u00e4ven i Sverige.<\/p>\n\n\n\n<h5 class=\"wp-block-heading\">Vacciner som rekommenderas till vissa resen\u00e4rer<\/h5>\n\n\n\n<p>Nedanst\u00e5ende vacciner kan vara aktuella utifr\u00e5n exakt resm\u00e5l, hur l\u00e4nge du ska vara ute, om du tillh\u00f6r en s\u00e4rskild riskgrupp eller om du kan t\u00e4nkas vara s\u00e4rskilt riskutsatt. Ta kontakt med en vaccinationscentral i god tid f\u00f6re din resa f\u00f6r att diskutera just dina behov. Klicka ocks\u00e5 p\u00e5 l\u00e4nkarna f\u00f6r att se vad du kan g\u00f6ra mer f\u00f6r att skydda dig mot de olika infektionerna.<\/p>\n\n\n\n<p><a href=\"https:\/\/www.resemedicin.se\/friskparesan\/sjukdomar-och-vacciner\/hepatit-a\/\"><strong>Hepatit A<\/strong><\/a>: Risken f\u00f6r hepatit A \u00e4r P\u00e5 Azorerna och Madeira. Vaccination rekommenderas d\u00e4rf\u00f6r till samtliga resen\u00e4rer \u00f6ver 1 \u00e5rs \u00e5lder till dessa \u00f6ar. Kombination med hepatit B-vaccination kan \u00f6verv\u00e4gas vid kommande resor till l\u00e4nder med f\u00f6rh\u00f6jd risk f\u00f6r hepatit B.<\/p>\n\n\n\n<p><a href=\"https:\/\/www.resemedicin.se\/friskparesan\/sjukdomar-och-vacciner\/hepatit-b\"><strong>Hepatit B<\/strong><\/a>: Risken \u00e4r f\u00f6rh\u00f6jd p\u00e5 Gr\u00f6nland och smittrisken \u00f6kar ju l\u00e4ngre tid du befinner dig d\u00e4r. Vaccination kan vara aktuell vid l\u00e4ngre resa, s\u00e4rskilt om du kan t\u00e4nkas bli exponerad f\u00f6r blodsmitta eller sexuell smitta.<\/p>\n\n\n\n<p><strong><a href=\"https:\/\/resemedicin.se\/friskparesan\/sjukdomar-och-vacciner\/meningokocker\/\">Meningokocksjukdom<\/a>: <\/strong>Vaccination mot meningokocker kan i vissa fall vara aktuellt till ungdomar som under l\u00e4ngre tid ska arbeta eller studera ute i Europa i n\u00e4ra kontakt med andra ungdomar (kortare tid vid internationella festivaler, l\u00e4ger, etc).<\/p>\n\n\n\n<p><strong><a href=\"https:\/\/www.resemedicin.se\/friskparesan\/sjukdomar-och-vacciner\/rabies\">Rabies<\/a>:<\/strong> Rabies kan f\u00f6rekomma hos lokala hundar och vilda djur i Litauen, Polen, de spanska enklaverna Ceuta och Melila i Nordafrika samt p\u00e5 Gr\u00f6nland, Jan Mayen och Svalbard. \u00c4ven f\u00f6rekomst bland vilda djur (fr\u00e4mst r\u00e4var) i Lettland, Slovakien och Slovenien men inte hos s\u00e4llskapsdjur i dessa l\u00e4nder. Om du blir biten eller f\u00e5r djursaliv p\u00e5 dig i dessa omr\u00e5den (s\u00e4rskilt om du har eksem eller sm\u00e5s\u00e5r) ska du omedelbart s\u00f6ka sjukv\u00e5rd d\u00e5 man kan vaccineras \u00e4ven efter att man blivit smittad.<\/p>\n\n\n\n<p><strong><a href=\"https:\/\/www.resemedicin.se\/friskparesan\/sjukdomar-och-vacciner\/tbe\">TBE<\/a>: <\/strong>Risk f\u00f6r TBE i Danmark (Bornholm och Nordsj\u00e4lland), Estland, Finland (fr\u00e4mst \u00c5land och \u00c5bo sk\u00e4rg\u00e5rd), Lettland, Liechtenstein, Litauen, Norge (s\u00f6dra Norge), Polen, Schweiz, Slovakien, Slovenien, Tjeckien, Ungern, Tyskland och \u00d6sterrike (se karta p\u00e5 sjukdomssidan). Vaccination kan rekommenderas om du regelbundet kommer att vistas i skog och mark under f\u00e4stins\u00e4songen i dessa l\u00e4nder.<\/p>\n\n\n\n<p><a href=\"https:\/\/resemedicin.se\/friskparesan\/reserad\/vast-och-sydeuropa\/#sidtopp\">Till sidtoppen<\/a><\/p>\n\n\n\n<h3 class=\"wp-block-heading has-white-color has-text-color has-background has-link-color wp-elements-526e805fa252a97b4581cf7da2df5b35\" id=\"andra-infektioner\" style=\"background-color:#2b7c08\">Andra infektioner att vara observant p\u00e5<\/h3>\n\n\n\n<p><strong>Vektorburna sjukdomar:<\/strong> <a href=\"https:\/\/www.resemedicin.se\/friskparesan\/sjukdomar-och-vacciner\/nilfeber\">Nilfeber (West Nile fever)<\/a> kan f\u00f6rekomma lokalt i Frankrike, Italien, Polen, Slovakien, Slovenien, Tjeckien, Tyskland, Ungern och \u00d6sterrike. Du kan skydda dig genom att <a href=\"https:\/\/resemedicin.se\/friskparesan\/reserad\/skydd-mot-insekter-och-fastingar\/\">undvika myggbett<\/a>.&nbsp;<a href=\"https:\/\/resemedicin.se\/friskparesan\/reserad\/skydd-mot-insekter-och-fastingar\/#culex\"><em>Culex<\/em>-myggorna<\/a> som sprider smittan \u00e4r&nbsp;nattaktiva&nbsp;och sticker mest tidigt p\u00e5 natten (mellan 22 och midnatt).<\/p>\n\n\n\n<p><a href=\"https:\/\/www.resemedicin.se\/friskparesan\/sjukdomar-och-vacciner\/leishmaniasis\">Leishmaniasis<\/a> och&nbsp;<a href=\"https:\/\/resemedicin.se\/friskparesan\/sjukdomar-och-vacciner\/sandmyggefeber\/\">sandmyggefeber<\/a> kan f\u00f6rekomma i Frankrike, Italien och Slovenien. I Slovenien har ocks\u00e5 noterats f\u00f6rekomst av <a href=\"https:\/\/resemedicin.se\/friskparesan\/sjukdomar-och-vacciner\/bunyavirus\/#cchf\">Krim-Kongo bl\u00f6darfeber<\/a>. Skydd mot f\u00e4stingar och sandmyggor rekommenderas.<\/p>\n\n\n\n<p><a href=\"https:\/\/www.resemedicin.se\/friskparesan\/sjukdomar-och-vacciner\/schistosomiasis\">Sn\u00e4ckfeber (schistosomiasis )<\/a> har f\u00f6rekommit i floden Cavu (kommunen Zonza) norr om Porto Vecchio p\u00e5 Korsika. Vi avr\u00e5der fr\u00e5n att vada och bada i Cavu.<\/p>\n\n\n\n<p><strong><a href=\"https:\/\/resemedicin.se\/friskparesan\/sjukdomar-och-vacciner\/sti\/\">Sexuellt \u00f6verf\u00f6rbara sjukdomar (STI)<\/a><\/strong>: Prostitution \u00e4r utbredd i m\u00e5nga europeiska l\u00e4nder och sexuellt \u00f6verf\u00f6rbara sjukdomar \u00e4r i m\u00e5nga l\u00e4nder vamilgare \u00e4n i Sverige. Alla tillf\u00e4lliga sexuella f\u00f6rbindelser utg\u00f6r en risk, och kondomanv\u00e4ndning och \u201d<a href=\"https:\/\/www.resemedicin.se\/friskparesan\/reserad\/sexuell-halsa\">s\u00e4krare sex<\/a>\u201d \u00e4r d\u00e4rf\u00f6r viktigt vid alla tillf\u00e4lliga sexuella kontakter.<\/p>\n\n\n\n<p><a href=\"https:\/\/resemedicin.se\/friskparesan\/reserad\/vast-och-sydeuropa\/#sidtopp\">Till sidtoppen<\/a><\/p>\n\n\n\n<h3 class=\"wp-block-heading has-white-color has-text-color has-background has-link-color wp-elements-e41ffbf3e4d7f1dc42b8efef1abfc49a\" style=\"background-color:#2b7c08\">Allm\u00e4nna h\u00e4lsor\u00e5d under resan<\/h3>\n\n\n\n<div class=\"wp-block-columns is-layout-flex wp-container-core-columns-is-layout-9d6595d7 wp-block-columns-is-layout-flex\">\n<div class=\"wp-block-column is-layout-flow wp-block-column-is-layout-flow\">\n<p><a href=\"https:\/\/resemedicin.se\/friskparesan\/reserad\/diarrebehandling\/\">Diarr\u00e9behandling<\/a><\/p>\n\n\n\n<p><a href=\"https:\/\/www.resemedicin.se\/friskparesan\/reserad\/blodproppar\/\">Flygrelaterade tromboembolier<\/a><\/p>\n\n\n\n<p><a href=\"https:\/\/resemedicin.se\/friskparesan\/graviditet-och-resa\/\">Graviditet och resa<\/a><\/p>\n\n\n\n<p><a href=\"https:\/\/www.resemedicin.se\/friskparesan\/reserad\/hoga-hojder\/\">H\u00f6ga h\u00f6jder<\/a><\/p>\n\n\n\n<p><a href=\"https:\/\/www.resemedicin.se\/friskparesan\/reserad\/skydd-mot-insekter-och-fastingar\/\">Skydd mot myggor, f\u00e4stingar och andra leddjur<\/a><\/p>\n\n\n\n<p><a href=\"https:\/\/www.resemedicin.se\/friskparesan\/reserad\/jetlag\/\">Jet lag<\/a><\/p>\n\n\n\n<p><a href=\"https:\/\/www.resemedicin.se\/friskparesan\/reserad\/kyla\/\">Kyla och k\u00f6ldskador<\/a><\/p>\n\n\n\n<p><a href=\"https:\/\/www.resemedicin.se\/friskparesan\/reserad\/mat-och-dryck\/\">Mat och dryck<\/a><\/p>\n\n\n\n<p><a href=\"https:\/\/www.resemedicin.se\/friskparesan\/reserad\/psykisk-halsa\">Psykisk h\u00e4lsa<\/a><\/p>\n<\/div>\n\n\n\n<div class=\"wp-block-column is-layout-flow wp-block-column-is-layout-flow\">\n<p><a href=\"https:\/\/www.resemedicin.se\/friskparesan\/reserad\/vattenrening\/\">Rent vatten och vattenrening<\/a><\/p>\n\n\n\n<p><a href=\"https:\/\/www.resemedicin.se\/friskparesan\/reserad\/riskfyllda-djurkontakter\">Riskfyllda djurkontakter<\/a><\/p>\n\n\n\n<p><a href=\"https:\/\/www.resemedicin.se\/friskparesan\/reserad\/simma-och-dyka\/\">Simma och dyka<\/a><\/p>\n\n\n\n<p><a href=\"https:\/\/resemedicin.se\/friskparesan\/reserad\/solskydd\/\">Solskydd<\/a><\/p>\n\n\n\n<p><a href=\"https:\/\/www.resemedicin.se\/friskparesan\/reserad\/sexuell-halsa\">Sexuell h\u00e4lsa och s\u00e4krare sex<\/a><\/p>\n\n\n\n<p><a href=\"https:\/\/resemedicin.se\/friskparesan\/reserad\/trafik\/\">Trafiks\u00e4kerhet<\/a><\/p>\n\n\n\n<p><a href=\"https:\/\/resemedicin.se\/friskparesan\/reserad\/varme\/\">V\u00e4rme och v\u00e4rmeslag<\/a><\/p>\n\n\n\n<p><a href=\"https:\/\/www.resemedicin.se\/friskparesan\/reserad\/overlevnadsguide\">\u00d6versiktliga r\u00e5d A-\u00d6<\/a><\/p>\n<\/div>\n<\/div>\n\n\n\n<p><a href=\"https:\/\/resemedicin.se\/friskparesan\/reserad\/vast-och-sydeuropa\/#sidtopp\">Till sidtoppen<\/a><\/p>\n","protected":false},"excerpt":{"rendered":"<p>R\u00e5d till resen\u00e4rer L\u00e4nder och \u00f6ar som omfattas av dessa r\u00e5d Andorra, Azorerna, Belgien, Cypern, Danmark, England, Estland, Finland, Frankrike, Grekland, Gr\u00f6nland, Irland, Island, Italien, Lettland, Lichtenstein, Litauen, Luxemburg, Madeira, Malta, Monaco, Nederl\u00e4nderna, Norge, Polen, Portugal, San Marino, Schweiz, Slovakien, Slovenien, Spanien, Storbritannien, Tjeckien, Tyskland, Ungern, Vatikanstaten, \u00d6sterrike. Nedan f\u00f6ljer specifika r\u00e5d f\u00f6r resen\u00e4rer till &hellip; <a href=\"https:\/\/resemedicin.se\/friskparesan\/reserad-2\/vast-och-sydeuropa\/\" class=\"more-link\">Forts\u00e4tt l\u00e4sa<span class=\"screen-reader-text\"> \u201dH\u00e4lsor\u00e5d och vaccinationer f\u00f6r V\u00e4st- Syd- och Centraleuropa\u201d<\/span><\/a><\/p>\n","protected":false},"author":1,"featured_media":0,"parent":11267,"menu_order":0,"comment_status":"closed","ping_status":"closed","template":"","meta":{"footnotes":""},"class_list":["post-11970","page","type-page","status-publish","hentry"],"jetpack_sharing_enabled":true,"_links":{"self":[{"href":"https:\/\/resemedicin.se\/friskparesan\/wp-json\/wp\/v2\/pages\/11970","targetHints":{"allow":["GET"]}}],"collection":[{"href":"https:\/\/resemedicin.se\/friskparesan\/wp-json\/wp\/v2\/pages"}],"about":[{"href":"https:\/\/resemedicin.se\/friskparesan\/wp-json\/wp\/v2\/types\/page"}],"author":[{"embeddable":true,"href":"https:\/\/resemedicin.se\/friskparesan\/wp-json\/wp\/v2\/users\/1"}],"replies":[{"embeddable":true,"href":"https:\/\/resemedicin.se\/friskparesan\/wp-json\/wp\/v2\/comments?post=11970"}],"version-history":[{"count":8,"href":"https:\/\/resemedicin.se\/friskparesan\/wp-json\/wp\/v2\/pages\/11970\/revisions"}],"predecessor-version":[{"id":11992,"href":"https:\/\/resemedicin.se\/friskparesan\/wp-json\/wp\/v2\/pages\/11970\/revisions\/11992"}],"up":[{"embeddable":true,"href":"https:\/\/resemedicin.se\/friskparesan\/wp-json\/wp\/v2\/pages\/11267"}],"wp:attachment":[{"href":"https:\/\/resemedicin.se\/friskparesan\/wp-json\/wp\/v2\/media?parent=11970"}],"curies":[{"name":"wp","href":"https:\/\/api.w.org\/{rel}","templated":true}]}}