{"id":11521,"date":"2024-11-14T16:37:59","date_gmt":"2024-11-14T15:37:59","guid":{"rendered":"https:\/\/resemedicin.se\/friskparesan\/?page_id=11521"},"modified":"2025-10-22T08:42:18","modified_gmt":"2025-10-22T07:42:18","slug":"kyla","status":"publish","type":"page","link":"https:\/\/resemedicin.se\/friskparesan\/reserad-2\/kyla\/","title":{"rendered":"Kyla och k\u00f6ldskador"},"content":{"rendered":"\n<h3 class=\"wp-block-heading\" id=\"sidtopp\">Information till resen\u00e4rer<\/h3>\n\n\n\n<figure class=\"wp-block-image size-large\"><img loading=\"lazy\" decoding=\"async\" width=\"1024\" height=\"683\" src=\"https:\/\/resemedicin.se\/friskparesan\/wp-content\/uploads\/2025\/10\/skotrar-1024x683.png\" alt=\"\" class=\"wp-image-12513\" srcset=\"https:\/\/resemedicin.se\/friskparesan\/wp-content\/uploads\/2025\/10\/skotrar-1024x683.png 1024w, https:\/\/resemedicin.se\/friskparesan\/wp-content\/uploads\/2025\/10\/skotrar-300x200.png 300w, https:\/\/resemedicin.se\/friskparesan\/wp-content\/uploads\/2025\/10\/skotrar-768x512.png 768w, https:\/\/resemedicin.se\/friskparesan\/wp-content\/uploads\/2025\/10\/skotrar-1200x800.png 1200w, https:\/\/resemedicin.se\/friskparesan\/wp-content\/uploads\/2025\/10\/skotrar.png 1536w\" sizes=\"auto, (max-width: 709px) 85vw, (max-width: 909px) 67vw, (max-width: 1362px) 62vw, 840px\" \/><\/figure>\n\n\n\n<div class=\"wp-block-columns is-layout-flex wp-container-core-columns-is-layout-9d6595d7 wp-block-columns-is-layout-flex\">\n<div class=\"wp-block-column is-layout-flow wp-block-column-is-layout-flow\">\n<ul class=\"wp-block-list\">\n<li><a href=\"https:\/\/resemedicin.se\/friskparesan\/reserad\/kyla\/#varmereglering\">V\u00e4rmereglering<\/a><\/li>\n\n\n\n<li><a href=\"https:\/\/resemedicin.se\/friskparesan\/reserad\/kyla\/#hypotermi\">Hypotermi<\/a><\/li>\n<\/ul>\n<\/div>\n\n\n\n<div class=\"wp-block-column is-layout-flow wp-block-column-is-layout-flow\">\n<ul class=\"wp-block-list\">\n<li><a href=\"https:\/\/resemedicin.se\/friskparesan\/reserad\/kyla\/#ytliga-koldskador\">Ytliga k\u00f6ldskador<\/a><\/li>\n\n\n\n<li><a href=\"https:\/\/resemedicin.se\/friskparesan\/reserad\/kyla\/#forfrysningsskador\">F\u00f6rfrysningsskador<\/a><\/li>\n<\/ul>\n<\/div>\n<\/div>\n\n\n\n<h3 class=\"wp-block-heading has-white-color has-text-color has-background has-link-color wp-elements-744114b3cd75e9244ef4d3e6a52a07a3\" id=\"varmereglering\" style=\"background-color:#2b7c08\">V\u00e4rmereglering<\/h3>\n\n\n\n<p>M\u00e4nniskokroppen har normalt en h\u00f6g f\u00f6rm\u00e5ga att h\u00e5lla sin innertemperatur konstant mellan 36,5-37,5\u00b0C. V\u00e4rmeregleringen sker effektivt genom att olika former av v\u00e4rmef\u00f6rlust kompenseras av v\u00e4rmeproduktion (genom \u00e4mnesoms\u00e4ttningen och muskelr\u00f6relser) och konserveringen av den centrala kroppsv\u00e4rmen genom sammandragning av de ytliga blodk\u00e4rlen. <\/p>\n\n\n\n<p>Kroppen kan f\u00f6rlora v\u00e4rme p\u00e5 flera olika s\u00e4tt (som ofta samverkar):<\/p>\n\n\n\n<ul class=\"wp-block-list\">\n<li><strong>Avdunstning<\/strong> av svett fr\u00e5n huden och fukt fr\u00e5n andningsluften \u00e4r kroppens fr\u00e4msta s\u00e4tt att normalt kyla ner sig, och under intensiv tr\u00e4ning kan kroppen f\u00f6rlora 85 % av sin v\u00e4rme genom avdunstning. Samma fenomen uppst\u00e5r om kl\u00e4der blivit bl\u00f6ta in p\u00e5 huden. V\u00e4rmef\u00f6rlusten genom avdunstning och andning \u00f6kar under torra och bl\u00e5siga v\u00e4derf\u00f6rh\u00e5llanden.<\/li>\n\n\n\n<li><strong>Str\u00e5lning<\/strong> (p\u00e5 samma s\u00e4tt som ett rums v\u00e4rms av ett varmt element). Denna normala process av v\u00e4rmef\u00f6rlust sker s\u00e5 snart omgivningen \u00e4r kallare \u00e4n kroppen och kan bli omfattande vid lufttemperaturer l\u00e4gre \u00e4n 20 \u00b0C. Kroppen kan f\u00f6rlora 65 % av sin v\u00e4rme genom str\u00e5lning.<\/li>\n\n\n\n<li><strong>Konduktion<\/strong> (ledning) \u00e4r den v\u00e4rmef\u00f6rlust som sker vid direktkontakt med en kallare omgivning (t.ex. fr\u00e5n att sova p\u00e5 kalla marken eller v\u00e4rme som avges till den omgivande luften). V\u00e4rme g\u00e5r f\u00f6rlorad genom konduktion vid lufttemperaturer &lt;20 \u00b0C. Kroppen kan f\u00f6rlora cirka 2 % av sin v\u00e4rme genom luftkonduktion. Vatten orsakar dock mer v\u00e4rmef\u00f6rlust fr\u00e5n kroppen \u00e4n luft g\u00f6r, s\u00e5 v\u00e4rme kan f\u00f6rloras fr\u00e5n kroppen mycket snabbt om kl\u00e4derna \u00e4r v\u00e5ta eller om man hamnar i svalt eller kallt vatten.<\/li>\n\n\n\n<li><strong>Konvektion<\/strong> \u00e4r den v\u00e4rmef\u00f6rlust som uppkommer av att den omgivande luften r\u00f6r sig och p\u00e5 s\u00e5 s\u00e4tt transporterar bort v\u00e4rme fr\u00e5n kroppen och dess omedelbara omgivning, t.ex. att sitta framf\u00f6r en fl\u00e4kt eller vara ut i bl\u00e5sigt v\u00e4der. Kroppen kan f\u00f6rlorar 10-15% av sin v\u00e4rme genom konvektion. <\/li>\n<\/ul>\n\n\n\n<p><a href=\"https:\/\/resemedicin.se\/friskparesan\/reserad\/kyla\/#sidtopp\">Till sidtoppen<\/a><\/p>\n\n\n\n<h3 class=\"wp-block-heading has-white-color has-text-color has-background has-link-color wp-elements-762a805d5fb9f16f194229f9c387fb06\" id=\"hypotermi\" style=\"background-color:#2b7c08\">Hypotermi<\/h3>\n\n\n\n<figure class=\"wp-block-image size-full\"><img loading=\"lazy\" decoding=\"async\" width=\"1024\" height=\"567\" src=\"https:\/\/resemedicin.se\/friskparesan\/wp-content\/uploads\/2025\/10\/vak.jpg\" alt=\"\" class=\"wp-image-12515\" srcset=\"https:\/\/resemedicin.se\/friskparesan\/wp-content\/uploads\/2025\/10\/vak.jpg 1024w, https:\/\/resemedicin.se\/friskparesan\/wp-content\/uploads\/2025\/10\/vak-300x166.jpg 300w, https:\/\/resemedicin.se\/friskparesan\/wp-content\/uploads\/2025\/10\/vak-768x425.jpg 768w\" sizes=\"auto, (max-width: 709px) 85vw, (max-width: 909px) 67vw, (max-width: 1362px) 62vw, 840px\" \/><figcaption class=\"wp-element-caption\">Hypotermi<\/figcaption><\/figure>\n\n\n\n<h5 class=\"wp-block-heading\">Uppkomst och symtom<\/h5>\n\n\n\n<p>Hypotermi, d.v.s. en central kroppstemperatur &lt;35,0\u00b0C, uppst\u00e5r n\u00e4r kroppen vid <strong>l\u00e5ga temperaturer, bl\u00e5st och v\u00e4ta<\/strong> inte l\u00e4ngre f\u00f6rm\u00e5r att nyproducera eller konservera kroppsv\u00e4rmen tillr\u00e4ckligt f\u00f6r att kompensera f\u00f6r f\u00f6rlusterna. <\/p>\n\n\n\n<p>I milj\u00f6er d\u00e4r man inte l\u00e4ngre kan h\u00e5lla v\u00e4rmen k\u00e4nner man sig f\u00f6rst frusen och sedan b\u00f6rjar man huttra f\u00f6r att genom musklerna producera mer v\u00e4rme. Denna k\u00f6ldfrossa (som kr\u00e4ver 4 g\u00e5nger s\u00e5 mycket syre som vid normal muskelaktivitet) upph\u00f6r s\u00e5 sm\u00e5ningom n\u00e4r kroppens metabola reserver \u00e4r utt\u00f6mda varefter kroppstemperaturen successivt sjunker, f\u00f6rst perifert och senare ocks\u00e5 centralt. Musklerna \u00e4r d\u00e5 stela och det \u00e4r sv\u00e5rt att r\u00f6ra sig. Den neurologiska funktionen avtar ocks\u00e5. Vid en central kroppstemperatur \u226430\u00b0C \u00e4r de flesta personer komat\u00f6sa. Den l\u00e4gsta centrala kroppstemperatur som en vuxen person \u00f6verlevt \u00e4r 13\u00b0C.<\/p>\n\n\n\n<p>Hypotermi kan ske redan vid lufttemperaturer <span style=\"text-decoration: underline;\">&lt;<\/span>10\u00b0C och \u00e4nnu h\u00f6gre vattentemperaturer, och kan uppst\u00e5 antingen snabbt (inom n\u00e5gra timmar p\u00e5 land och \u00e4nnu kortare i vatten) eller gradvis \u00f6ver dagar och veckor beroende p\u00e5 en persons \u00e5lder, allm\u00e4nna h\u00e4lsa och milj\u00f6f\u00f6rh\u00e5llanden.<\/p>\n\n\n\n<p>Hypotermi \u00e4r ovanligt hos resen\u00e4rer, men kan f\u00f6rekomma \u00e4ven p\u00e5 sommaren under vistelse i isolerad vildmark . Inf\u00f6r en s\u00e5dan resa b\u00f6r man vara beredd p\u00e5 ogynnsamma v\u00e4derf\u00f6rh\u00e5llanden och olyckor och ha beredskap att skydda sig mot de olika formerna av v\u00e4rmef\u00f6rlust genom att kunna ta skydd mot vinden, att kunna torka sig och f\u00f6rbli torr och att kunna h\u00e5lla v\u00e4rmen genom extra kl\u00e4der eller att g\u00f6ra upp eld.<\/p>\n\n\n\n<p>Moderna termokl\u00e4der, handskar och k\u00e4ngor \u00e4r i normalfallet mycket effektiva mot hypotermi och k\u00f6ldskador, men kan vara otillr\u00e4ckliga om man r\u00e5kat ut f\u00f6r olyckor, t.ex. lavin eller tvingas \u00f6vernatta utomhus i h\u00e5rt v\u00e4der.<\/p>\n\n\n\n<p>Vid neds\u00e4nkning i vatten, t.ex. i en kapsejsad kanot, b\u00e5tolycka eller att man g\u00e5tt genom isen under en skridskof\u00e4rd, sker nedkylningen mycket fort och inom &lt;15 minuter i l\u00e5ga vattentemperaturer kan man vara helt of\u00f6rm\u00f6gen att simma eller flyta. Kunskap om hur man r\u00e4ddar sig sj\u00e4lv eller andra, flytv\u00e4st samt hantering av kajaker och b\u00e5tar kan d\u00e5 vara livsavg\u00f6rande.<\/p>\n\n\n\n<h5 class=\"wp-block-heading\">Behandling<\/h5>\n\n\n\n<p><strong>Mild hypotermi:<\/strong> Vindskydd. Torra varma kl\u00e4der och m\u00f6ssa. Varm mat och s\u00f6t dryck. Fysisk aktivitet s\u00e5 l\u00e5ngt det g\u00e5r. Krypa ner med kamrat i sovs\u00e4ck (se till att kamraten inte blir nedkyld).<\/p>\n\n\n\n<p><strong>M\u00e5ttlig hypotermi:<\/strong> Som ovan. Ligga p\u00e5 isolerat underlag, om m\u00f6jligt med reflekterande underlag ovanp\u00e5. Uppv\u00e4rmning av b\u00e5len med kemiskt v\u00e4rmeaggregat eller varmvattenflaskor (ej direkt mot huden). Undvika att v\u00e4rma upp armar och ben s\u00e5 att inte kallt perifert blod kommer centralt (&#8221;after drop&#8221;). Snabb transport till sjukhus, och d\u00e4r central uppv\u00e4rmning  med intraven\u00f6s varm v\u00e4tska, varma inhalationer, och ev. hj\u00e4rt-lungmaskin.<\/p>\n\n\n\n<p><strong>Sv\u00e5r hypotermi:<\/strong> Mycket varsam hantering f\u00f6r att undvika hj\u00e4rtarytmi och d\u00f6d. Initialt omh\u00e4ndertagande som ovan, men b\u00e4st om varje kroppsdel kan isoleras f\u00f6r sig. Uppv\u00e4rmning inifr\u00e5n (&lt;20\u00b0C omgivningstemperatur). Snabb transport till sjukhus, och d\u00e4r central uppv\u00e4rmning med intraven\u00f6s varm v\u00e4tska och hj\u00e4rt-lungmaskin.<\/p>\n\n\n\n<p><a href=\"https:\/\/resemedicin.se\/friskparesan\/reserad\/kyla\/#sidtopp\">Till sidtoppen<\/a><\/p>\n\n\n\n<h3 class=\"wp-block-heading has-white-color has-text-color has-background has-link-color wp-elements-e7285ae1ff7e44ad230fdc31f9ff42e8\" id=\"ytliga-koldskador\" style=\"background-color:#2b7c08\">Ytliga k\u00f6ldskador<\/h3>\n\n\n\n<h5 class=\"wp-block-heading\">Ytlig k\u00f6ldskada utan f\u00f6rfrysning <\/h5>\n\n\n\n<p>Ytliga k\u00f6ldskador uppst\u00e5r vid kraftig nedkylning och perifer vasokonstriktion, men utan att v\u00e4vnaden frusit till is. Tillst\u00e5ndet drabbar vanligtvis huden i ansiktet, \u00f6ronen eller fingertopparna. Kortvarig nedkylning kan orsaka \u00f6verg\u00e5ende sm\u00e4rta som sedan \u00f6verg\u00e5r i domningar och vit eller bl\u00e5vit hudf\u00e4rg. Huden \u00e4r fritt f\u00f6rskjutbar mot underliggande v\u00e4vnad. <\/p>\n\n\n\n<p>Man b\u00f6r snabbt f\u00f6rs\u00f6ka komma inomhus eller \u00e5tminstone i l\u00e4, och om m\u00f6jligt f\u00e5 p\u00e5 sig mer torra och varma kl\u00e4der. Det utsatta hudpartiet kan v\u00e4rmas med annan kroppsdel (t.ex. s\u00e4tta fingrarna i armh\u00e5lorna), men utan att gnugga eller massera. Varm dryck och skydd mot \u00e5terf\u00f6rfrysning. Normal k\u00e4nsla och f\u00e4rg \u00e5terkommer snabbt n\u00e4r man blir varm och det uppst\u00e5r inte n\u00e5gon permanent v\u00e4vnadsskada.<\/p>\n\n\n\n<h5 class=\"wp-block-heading\">Inflammatorisk k\u00f6ldskada<\/h5>\n\n\n\n<p>Vid l\u00e5ngvarig, kylinducerad vasokonstriktion kan det redan vid m\u00e5ttligt kallt v\u00e4der uppst\u00e5 bl\u00e5r\u00f6da, sm\u00e4rtsamma inflammatoriska lesioner, vilka vanligen upptr\u00e4der p\u00e5 h\u00e4nder och f\u00f6tter. L\u00e5ngsam \u00e5teruppv\u00e4rmning \u00e4r att f\u00f6redra, d\u00e5 snabb uppv\u00e4rmning g\u00f6r sm\u00e4rtan v\u00e4rre. <a href=\"https:\/\/www.fass.se\/LIF\/substance?userType=0&amp;substanceId=IDE4POEOUADS5VERT1\" target=\"_blank\" rel=\"noreferrer noopener\">Nifedipin<\/a> kan vara en effektiv behandling.<\/p>\n\n\n\n<h5 class=\"wp-block-heading\">K\u00f6ldurtikaria<\/h5>\n\n\n\n<p>K\u00f6ldurtikaria (lokalt eller generellt) med kl\u00e5da kan uppst\u00e5 vid snabb nedkylning (hastigheten inte den absoluta temperaturen som \u00e4r avg\u00f6rande). Kan f\u00f6rebyggas eller behandlas med antihistaminer.<\/p>\n\n\n\n<h5 class=\"wp-block-heading\">Skyttegravsfot (livb\u00e5tsfot)<\/h5>\n\n\n\n<p>Skyttegravsfor orsakas av l\u00e5ngvarig exponering av f\u00f6tterna f\u00f6r kallt vatten (0\u00b0C  till 15\u00b0C). Skador uppst\u00e5r d\u00e5 p\u00e5 nerver och perifera blodk\u00e4rl och resultaterar i sm\u00e4rta som f\u00f6rv\u00e4rras av v\u00e4rme. Allvarliga fall kan ta m\u00e5nader att f\u00f6rsvinna. Till skillnad mot vid ytlig f\u00f6rfrysning ska man undvika snabb \u00e5teruppv\u00e4rmning, vilket kan g\u00f6ra skadan mycket v\u00e4rre.<\/p>\n\n\n\n<figure class=\"wp-block-image size-full\"><img loading=\"lazy\" decoding=\"async\" width=\"1024\" height=\"603\" src=\"https:\/\/resemedicin.se\/reseradet\/wp-content\/uploads\/2024\/09\/skyttegravsfot.jpg\" alt=\"\" class=\"wp-image-4882\" srcset=\"https:\/\/resemedicin.se\/friskparesan\/wp-content\/uploads\/2024\/09\/skyttegravsfot.jpg 1024w, https:\/\/resemedicin.se\/friskparesan\/wp-content\/uploads\/2024\/09\/skyttegravsfot-300x177.jpg 300w, https:\/\/resemedicin.se\/friskparesan\/wp-content\/uploads\/2024\/09\/skyttegravsfot-768x452.jpg 768w\" sizes=\"auto, (max-width: 709px) 85vw, (max-width: 909px) 67vw, (max-width: 1362px) 62vw, 840px\" \/><figcaption class=\"wp-element-caption\">Skyttegravsfot (m\u00f6rka partier \u00e4r nekrotisk v\u00e4vnad).<\/figcaption><\/figure>\n\n\n\n<p><a href=\"https:\/\/resemedicin.se\/friskparesan\/reserad\/kyla\/#sidtopp\">Till sidtoppen<\/a><\/p>\n\n\n\n<h3 class=\"wp-block-heading has-white-color has-text-color has-background has-link-color wp-elements-a8b8fe3fc00a0514d089073ad7c59295\" id=\"forfrysningsskador\" style=\"background-color:#2b7c08\">F\u00f6rfrysningsskador<\/h3>\n\n\n\n<p>F\u00f6rfrysning uppst\u00e5r n\u00e4r hud och underliggande v\u00e4vnader fryser med bildning av iskristaller vid temperaturer &lt;0\u00b0C. F\u00f6rfrysningsskador uppst\u00e5r oftast p\u00e5 f\u00f6tter, h\u00e4nder, \u00f6ron, n\u00e4sa och ansikte, men m\u00e4n kan ocks\u00e5 f\u00f6rfrysa k\u00f6nsorganen. Omfattningen av skadorna \u00e4r beroende av hur l\u00e4nge personen varit utsatt f\u00f6r kyla, temperaturen, vinden och luftfuktigheten, och indelas i fyra grader, motsvarande br\u00e4nnskador.<\/p>\n\n\n\n<figure class=\"wp-block-image size-full\"><img loading=\"lazy\" decoding=\"async\" width=\"1024\" height=\"545\" src=\"https:\/\/resemedicin.se\/reseradet\/wp-content\/uploads\/2024\/09\/forfrysning1-4-1.jpg\" alt=\"\" class=\"wp-image-4888\" srcset=\"https:\/\/resemedicin.se\/friskparesan\/wp-content\/uploads\/2024\/09\/forfrysning1-4-1.jpg 1024w, https:\/\/resemedicin.se\/friskparesan\/wp-content\/uploads\/2024\/09\/forfrysning1-4-1-300x160.jpg 300w, https:\/\/resemedicin.se\/friskparesan\/wp-content\/uploads\/2024\/09\/forfrysning1-4-1-768x409.jpg 768w\" sizes=\"auto, (max-width: 709px) 85vw, (max-width: 909px) 67vw, (max-width: 1362px) 62vw, 840px\" \/><figcaption class=\"wp-element-caption\">F\u00f6rfrysningsskador grad 1-4<\/figcaption><\/figure>\n\n\n\n<h5 class=\"wp-block-heading\">F\u00f6rsta gradens f\u00f6rfrysningsskador<\/h5>\n\n\n\n<p><strong>Omfattning:<\/strong> Delar av det yttre hudlagret. <br><strong>Symtom: <\/strong>Stickningar och domningar. Br\u00e4nnande sm\u00e4rta. Rodnad (eller mer s\u00e4llan, vit, gul eller rosabl\u00e5) hud. L\u00e4tt svullnad. Inga bl\u00e5sor.<br><strong>Prognos:<\/strong> Praktiskt taget 100% fullst\u00e4ndig l\u00e4kning. <\/p>\n\n\n\n<h5 class=\"wp-block-heading\">Andra gradens f\u00f6rfrysningsskador<\/h5>\n\n\n\n<p><strong>Omfattning: <\/strong>Alla lager av huden. <br><strong>Symtom:<\/strong> Domningar f\u00f6ljt av v\u00e4rkande och bultande sm\u00e4rta. H\u00e5rd och frusen ytterhud. Bl\u00e5sor fyllda med klar eller mj\u00f6lkaktig v\u00e4tska, som uppst\u00e5r inom 6-24 timmar. R\u00f6d, svullen hud runt bl\u00e5sor. <br>Prognosen f\u00f6r fullst\u00e4ndig l\u00e4kning \u00e4r praktiskt taget 100%. <br><strong>Prognos:<\/strong> Bl\u00e5sor med klar v\u00e4tska har b\u00e4ttre prognos \u00e4n bl\u00e5sor med blod.<\/p>\n\n\n\n<h5 class=\"wp-block-heading\">Tredje gradens f\u00f6rfrysningsskador<\/h5>\n\n\n\n<p><strong>Omfattning:<\/strong> Djupa lager av hud och v\u00e4vnader under huden<br><strong>Symtom:<\/strong> Vit, rosa-lila eller bl\u00e5gr\u00e5 hud. H\u00e5rd och frusen hud som &#8221;k\u00e4nns som ett tr\u00e4block&#8221;. Bl\u00e5sor som ser ut att vara fyllda med blod. Domningar f\u00f6ljt av br\u00e4nnande, bultande eller skjutande sm\u00e4rta.<\/p>\n\n\n\n<h5 class=\"wp-block-heading\">Fj\u00e4rde gradens f\u00f6rfrysningsskador<\/h5>\n\n\n\n<p><strong>Omfattning:<\/strong> Frysskador som ocks\u00e5 omfattar muskler, senor och ben. <br><strong>Symtom:<\/strong> Stel vit eller vaxartad hud. Fl\u00e4ckar av r\u00f6d eller bl\u00e5 hud, som sedan blir torra, svarta och nekrotiska. Lite eller ingen svullnad. Djup v\u00e4rk. Svullnad och bl\u00e5sor \u00e4r vanliga efter uppv\u00e4rmning.<br><strong>Prognos:<\/strong> Om v\u00e4vnaden \u00e4r helt devaskulariserad kommer amputation att vara n\u00f6dv\u00e4ndig.<\/p>\n\n\n\n<figure class=\"wp-block-image size-full\"><img loading=\"lazy\" decoding=\"async\" width=\"1024\" height=\"425\" src=\"https:\/\/resemedicin.se\/reseradet\/wp-content\/uploads\/2024\/09\/forfrysningsskada.jpg\" alt=\"\" class=\"wp-image-4880\" srcset=\"https:\/\/resemedicin.se\/friskparesan\/wp-content\/uploads\/2024\/09\/forfrysningsskada.jpg 1024w, https:\/\/resemedicin.se\/friskparesan\/wp-content\/uploads\/2024\/09\/forfrysningsskada-300x125.jpg 300w, https:\/\/resemedicin.se\/friskparesan\/wp-content\/uploads\/2024\/09\/forfrysningsskada-768x319.jpg 768w\" sizes=\"auto, (max-width: 709px) 85vw, (max-width: 909px) 67vw, (max-width: 1362px) 62vw, 840px\" \/><figcaption class=\"wp-element-caption\">Fj\u00e4rde gradens f\u00f6rfrysningsskador.<\/figcaption><\/figure>\n\n\n\n<h5 class=\"wp-block-heading\">Behandling<\/h5>\n\n\n\n<p>Medicinsk behandling av f\u00f6rfrysningsskador inkluderar sm\u00e4rtlindring och snabb uppv\u00e4rmning genom neds\u00e4nkning av hela det drabbade omr\u00e5det i varmt vatten (40\u00b0C\u201342\u00b0C) och desinfektion av det drabbade hudpartiet.. Ofta uppst\u00e5r en sv\u00e5r behandlingskr\u00e4vande sm\u00e4rta vid \u00e5teruppv\u00e4rmningen. Det \u00e4r viktigt att skydda upptinad hud mot f\u00f6rnyad f\u00f6rfrysning. Det \u00e4r b\u00e4ttre att h\u00e5lla fingrarna och t\u00e5rna frysta lite l\u00e4ngre och snabbt v\u00e4rma upp dem \u00e4n att l\u00e5ta dem tina l\u00e5ngsamt eller tina och frysa igen, vilket ofta resulterar i amputation. Operation b\u00f6r inte g\u00f6ras i akutskedet, utan med f\u00f6rdel 4-5 veckor senare d\u00e5 gr\u00e4nsen mellan d\u00f6d och livsduglig v\u00e4vnad blir mer tydlig. Detta \u00f6kar m\u00f6jligheten att beh\u00e5lla hela eller delar av fingrar eller t\u00e5r.<\/p>\n\n\n\n<p><a href=\"https:\/\/resemedicin.se\/friskparesan\/reserad\/kyla\/#sidtopp\">Till sidtoppen<\/a><\/p>\n\n\n\n<p><\/p>\n","protected":false},"excerpt":{"rendered":"<p>Information till resen\u00e4rer V\u00e4rmereglering M\u00e4nniskokroppen har normalt en h\u00f6g f\u00f6rm\u00e5ga att h\u00e5lla sin innertemperatur konstant mellan 36,5-37,5\u00b0C. V\u00e4rmeregleringen sker effektivt genom att olika former av v\u00e4rmef\u00f6rlust kompenseras av v\u00e4rmeproduktion (genom \u00e4mnesoms\u00e4ttningen och muskelr\u00f6relser) och konserveringen av den centrala kroppsv\u00e4rmen genom sammandragning av de ytliga blodk\u00e4rlen. Kroppen kan f\u00f6rlora v\u00e4rme p\u00e5 flera olika s\u00e4tt (som ofta &hellip; <a href=\"https:\/\/resemedicin.se\/friskparesan\/reserad-2\/kyla\/\" class=\"more-link\">Forts\u00e4tt l\u00e4sa<span class=\"screen-reader-text\"> \u201dKyla och k\u00f6ldskador\u201d<\/span><\/a><\/p>\n","protected":false},"author":1,"featured_media":0,"parent":11267,"menu_order":0,"comment_status":"open","ping_status":"closed","template":"","meta":{"footnotes":""},"class_list":["post-11521","page","type-page","status-publish","hentry"],"jetpack_sharing_enabled":true,"_links":{"self":[{"href":"https:\/\/resemedicin.se\/friskparesan\/wp-json\/wp\/v2\/pages\/11521","targetHints":{"allow":["GET"]}}],"collection":[{"href":"https:\/\/resemedicin.se\/friskparesan\/wp-json\/wp\/v2\/pages"}],"about":[{"href":"https:\/\/resemedicin.se\/friskparesan\/wp-json\/wp\/v2\/types\/page"}],"author":[{"embeddable":true,"href":"https:\/\/resemedicin.se\/friskparesan\/wp-json\/wp\/v2\/users\/1"}],"replies":[{"embeddable":true,"href":"https:\/\/resemedicin.se\/friskparesan\/wp-json\/wp\/v2\/comments?post=11521"}],"version-history":[{"count":5,"href":"https:\/\/resemedicin.se\/friskparesan\/wp-json\/wp\/v2\/pages\/11521\/revisions"}],"predecessor-version":[{"id":12516,"href":"https:\/\/resemedicin.se\/friskparesan\/wp-json\/wp\/v2\/pages\/11521\/revisions\/12516"}],"up":[{"embeddable":true,"href":"https:\/\/resemedicin.se\/friskparesan\/wp-json\/wp\/v2\/pages\/11267"}],"wp:attachment":[{"href":"https:\/\/resemedicin.se\/friskparesan\/wp-json\/wp\/v2\/media?parent=11521"}],"curies":[{"name":"wp","href":"https:\/\/api.w.org\/{rel}","templated":true}]}}