{"id":11329,"date":"2024-05-01T10:18:42","date_gmt":"2024-05-01T09:18:42","guid":{"rendered":"https:\/\/www.friskparesan.se\/?page_id=1709"},"modified":"2024-11-18T07:20:50","modified_gmt":"2024-11-18T06:20:50","slug":"schistosomiasis","status":"publish","type":"page","link":"https:\/\/resemedicin.se\/friskparesan\/sjukdomar-och-vacciner\/schistosomiasis\/","title":{"rendered":"Sn\u00e4ckfeber (schistosomiasis, bilharzia)"},"content":{"rendered":"\n<h3 class=\"wp-block-heading\" id=\"sidtopp\">Information till resen\u00e4rer<\/h3>\n\n\n\n<figure class=\"wp-block-image size-full\"><img loading=\"lazy\" decoding=\"async\" width=\"1024\" height=\"417\" src=\"https:\/\/resemedicin.se\/friskparesan\/wp-content\/uploads\/2024\/05\/Schistosomiasis-afrika.jpg\" alt=\"\" class=\"wp-image-2764\" srcset=\"https:\/\/resemedicin.se\/friskparesan\/wp-content\/uploads\/2024\/05\/Schistosomiasis-afrika.jpg 1024w, https:\/\/resemedicin.se\/friskparesan\/wp-content\/uploads\/2024\/05\/Schistosomiasis-afrika-300x122.jpg 300w, https:\/\/resemedicin.se\/friskparesan\/wp-content\/uploads\/2024\/05\/Schistosomiasis-afrika-768x313.jpg 768w\" sizes=\"auto, (max-width: 709px) 85vw, (max-width: 909px) 67vw, (max-width: 1362px) 62vw, 840px\" \/><figcaption class=\"wp-element-caption\">Riskmilj\u00f6 f\u00f6r sn\u00e4ckfeber<\/figcaption><\/figure>\n\n\n\n<h3 class=\"wp-block-heading has-white-color has-text-color has-background has-link-color wp-elements-688360d30823481b88342ddb2694bb69\" id=\"smittamnet\" style=\"background-color:#2b7c08\">Smitt\u00e4mnet och smittv\u00e4gar<\/h3>\n\n\n\n<p>Schistosomiasis (bilharzia eller sn\u00e4ckfeber) \u00e4r en parasitisk maskinfektion, med f\u00f6rekomst i tropiska och subtropiska omr\u00e5den i Afrika, Asien och Latinamerika. Sjukdomen orsakas av trematoder av sl\u00e4ktet <em>Schistosoma<\/em>, varav fem arter s\u00e4kert kan orsaka sjukdom hos m\u00e4nniska. <\/p>\n\n\n\n<p><em>Schistosoma mansoni<\/em>, <em>S. intercalatum<\/em>, <em>S. mekongi<\/em> och <em>S. japonicum<\/em> orsakar sjukdom i magtarmkanalen (gastrointestinal schistosomiasis) medan <em>Schistosoma haematobium <\/em>orsakar sjukdom i urinv\u00e4garna.<\/p>\n\n\n\n<p>Maskarna har en komplicerad livscykel som kr\u00e4ver en specifik snigel som mellanv\u00e4rd. M\u00e4nniskor smittas genom kontakt med s\u00f6tvatten som inneh\u00e5ller larver, s\u00e5 kallade cerkarier, som frig\u00f6rs fr\u00e5n infekterade sniglar. Cerkarierna tr\u00e4nger in genom huden n\u00e4r m\u00e4nniskor badar, vadar eller arbetar i f\u00f6rorenat vatten.<\/p>\n\n\n\n<p>Larverna utvecklas till vuxna maskar i m\u00e4nniskans blodk\u00e4rl, d\u00e4r de vuxna hon- och hanmaskarna lever i \u00e5ratal och producerar \u00e4gg med sm\u00e5 larver i. Dessa \u00e4gg l\u00e4mnar kroppen via urin eller avf\u00f6ring.<\/p>\n\n\n\n<figure class=\"wp-block-image size-large\"><img loading=\"lazy\" decoding=\"async\" width=\"1024\" height=\"578\" src=\"https:\/\/resemedicin.se\/friskparesan\/wp-content\/uploads\/2024\/05\/Schistosoma-1024x578.jpg\" alt=\"\" class=\"wp-image-2766\" srcset=\"https:\/\/resemedicin.se\/friskparesan\/wp-content\/uploads\/2024\/05\/Schistosoma-1024x578.jpg 1024w, https:\/\/resemedicin.se\/friskparesan\/wp-content\/uploads\/2024\/05\/Schistosoma-300x169.jpg 300w, https:\/\/resemedicin.se\/friskparesan\/wp-content\/uploads\/2024\/05\/Schistosoma-768x434.jpg 768w, https:\/\/resemedicin.se\/friskparesan\/wp-content\/uploads\/2024\/05\/Schistosoma.jpg 1048w\" sizes=\"auto, (max-width: 709px) 85vw, (max-width: 909px) 67vw, (max-width: 1362px) 62vw, 840px\" \/><figcaption class=\"wp-element-caption\">Han- och hon schistosomamaskar <\/figcaption><\/figure>\n\n\n\n<p>M\u00e4nniskor smittas genom hudkontakt med besmittat s\u00f6tvatten under yrkes-, fritids- eller vardagsaktiviteter. Man kan ocks\u00e5 bli infekterad genom att dricka obehandlat vatten.<\/p>\n\n\n\n<p><a href=\"https:\/\/resemedicin.se\/reseradet\/sjukdomar-och-vacciner\/schistosomiasis\/#sidtopp\">Till sidtoppen<\/a><\/p>\n\n\n\n<h3 class=\"wp-block-heading has-white-color has-text-color has-background has-link-color wp-elements-477b82d528e32d6c73f037cef1f4ea78\" id=\"symtom\" style=\"background-color:#2b7c08;text-transform:none\">Sjukdomsbild<\/h3>\n\n\n\n<p>Symtomen varierar beroende p\u00e5 infektionens stadium och art:<\/p>\n\n\n\n<p><strong>Tidiga symtom:<\/strong>\u00a0Vid larvernas intr\u00e4ngning i huden kan ett kliande, utslagsliknande tillst\u00e5nd uppst\u00e5, kallat cerkariedermatit.<\/p>\n\n\n\n<p><strong>Akut fas (Katayamas syndrom):<\/strong>\u00a0Symtom kan utvecklas 2\u20136 veckor efter exponering och inkluderar feber, muskelv\u00e4rk, diarr\u00e9, nattliga svettningar, hosta, och svullnad av lever och mj\u00e4lte.<\/p>\n\n\n\n<p><strong>Kronisk infektion:<\/strong> Vid gastrointestinal schistosomiasis kan symtom inkludera buksm\u00e4rtor, diarr\u00e9 och blodig avf\u00f6ring. Vid urogenital schistosomiasis \u00e4r blod i urinen (hematuri) vanligt. Om infektionen blir l\u00e5ngvarig kan det leda till komplikationer som njurskador, leverfibros, cancer i urinbl\u00e5san eller blodk\u00e4rlsskador i matstrupen.<\/p>\n\n\n\n<h5 class=\"wp-block-heading\" id=\"badklada\">Cerkariedermatit (badkl\u00e5da)<\/h5>\n\n\n\n<p>En variant av ovanst\u00e5ende, <strong>cerkariedermatit<\/strong>, kan under varma europeiska somrar orsakas av schistosomer av sl\u00e4ktet <em>Trichobilharzia<\/em>, vars larver \u00e4r en vanlig in\u00e4lvsparasit hos strandn\u00e4ra f\u00e5glar. Dessa <em>Trichobilharzia<\/em>-cerkarierna, misstar badande m\u00e4nniskor f\u00f6r f\u00e5glar, och tr\u00e4nger sig in i huden, men d\u00e5 de inte \u00e4r anpassade till m\u00e4nniskor d\u00f6r de ganska snart.<\/p>\n\n\n\n<p>Hudpenetrationen kan dock orsaka en likartad allergisk reaktion som den av <em>Schistosoma<\/em>-cerkarierna med myggbetssliknande papul\u00f6sa, kliande utslag &#8211; <strong>badkl\u00e5da<\/strong> eller <strong>simmarkl\u00e5da<\/strong>. Dessa uppkommer ett par timmar efter bad i infekterat vatten och f\u00f6rsvinner ofta inom n\u00e5gra dagar utan behandling. I enstaka fall kan den allergiska reaktionen ge upphov till feber. Eventuellt kan dusch med intv\u00e5lning efter bad minska risken f\u00f6r badkl\u00e5da. <\/p>\n\n\n\n<figure class=\"wp-block-image size-full\"><img loading=\"lazy\" decoding=\"async\" width=\"1024\" height=\"458\" src=\"https:\/\/resemedicin.se\/friskparesan\/wp-content\/uploads\/2024\/05\/cerkariedermatit.jpg\" alt=\"\" class=\"wp-image-2784\" srcset=\"https:\/\/resemedicin.se\/friskparesan\/wp-content\/uploads\/2024\/05\/cerkariedermatit.jpg 1024w, https:\/\/resemedicin.se\/friskparesan\/wp-content\/uploads\/2024\/05\/cerkariedermatit-300x134.jpg 300w, https:\/\/resemedicin.se\/friskparesan\/wp-content\/uploads\/2024\/05\/cerkariedermatit-768x344.jpg 768w\" sizes=\"auto, (max-width: 709px) 85vw, (max-width: 909px) 67vw, (max-width: 1362px) 62vw, 840px\" \/><figcaption class=\"wp-element-caption\">Cerkariedermatit (badkl\u00e5da, simmarkl\u00e5da)<\/figcaption><\/figure>\n\n\n\n<h3 class=\"wp-block-heading has-white-color has-text-color has-background has-link-color wp-elements-8f22b684ab5da41a8e65db1a2cba3bb1\" id=\"epidemiologi\" style=\"background-color:#2b7c08;text-transform:none\">F\u00f6rekomst och riskgrupper bland resen\u00e4rer<\/h3>\n\n\n\n<figure class=\"wp-block-image size-full\"><a href=\"https:\/\/resemedicin.se\/friskparesan\/wp-content\/uploads\/2024\/05\/schistosomiasis-karta-stor-1024x422.jpg\" target=\"_blank\" rel=\"noreferrer noopener\"><img loading=\"lazy\" decoding=\"async\" width=\"1024\" height=\"422\" src=\"https:\/\/resemedicin.se\/friskparesan\/wp-content\/uploads\/2024\/05\/schistosomiasis-karta-liten.jpg\" alt=\"\" class=\"wp-image-2797\" srcset=\"https:\/\/resemedicin.se\/friskparesan\/wp-content\/uploads\/2024\/05\/schistosomiasis-karta-liten.jpg 1024w, https:\/\/resemedicin.se\/friskparesan\/wp-content\/uploads\/2024\/05\/schistosomiasis-karta-liten-300x124.jpg 300w, https:\/\/resemedicin.se\/friskparesan\/wp-content\/uploads\/2024\/05\/schistosomiasis-karta-liten-768x317.jpg 768w\" sizes=\"auto, (max-width: 709px) 85vw, (max-width: 909px) 67vw, (max-width: 1362px) 62vw, 840px\" \/><\/a><figcaption class=\"wp-element-caption\">Riskutsatt befolkning f\u00f6r Schistosomiasis 2013 (klicka p\u00e5 bilden f\u00f6r st\u00f6rre karta).<\/figcaption><\/figure>\n\n\n\n<p>Sn\u00e4ckfeber \u00e4r en av v\u00e4rldens mest spridda parasitsjukdomar med \u00f6ver 200 miljoner smittade i 74 l\u00e4nder, varav 85 % av fallen finns i Afrika s\u00f6der om Sahara. I de v\u00e4rst drabbade omr\u00e5den kan mer \u00e4n h\u00e4lften av lokalbefolkningen vara infekterade. I Afrika s\u00f6der om Sahara d\u00f6r varje \u00e5r 130 000\u2013150 000 av sjukdomen.<\/p>\n\n\n\n<p>De geografiska arterna \u00e4r lokaliserade till olika omr\u00e5den:<\/p>\n\n\n\n<ul class=\"wp-block-list\">\n<li><em>S. haematobium<\/em>\u00a0och\u00a0<em>S. mansoni<\/em>\u00a0\u00e4r vanliga i Afrika, Mellan\u00f6stern och vissa delar av Sydamerika.<\/li>\n\n\n\n<li><em>S. japonicum<\/em>\u00a0finns i Filippinerna, Indonesien och Kina.<\/li>\n\n\n\n<li><em>S. mekongi<\/em>\u00a0f\u00f6rekommer l\u00e4ngs Mekongfloden i Laos och Kambodja.<\/li>\n<\/ul>\n\n\n\n<p>Smittrisk f\u00f6r resen\u00e4rer \u00e4r s\u00e4rskilt h\u00f6g i omr\u00e5den som Victoriasj\u00f6n, Malawisj\u00f6n och floder i Afrika s\u00f6der om Sahara. I Europa har enstaka lokala utbrott rapporterats p\u00e5 Korsika, bland resen\u00e4rer som hade badat i Cavufloden i kommunen Zonza norr om Porto Vecchio\u00a0.<\/p>\n\n\n\n<figure class=\"wp-block-image size-full\"><img loading=\"lazy\" decoding=\"async\" width=\"1024\" height=\"558\" src=\"https:\/\/resemedicin.se\/friskparesan\/wp-content\/uploads\/2024\/05\/schistosomiasis-barn.jpg\" alt=\"\" class=\"wp-image-2793\" srcset=\"https:\/\/resemedicin.se\/friskparesan\/wp-content\/uploads\/2024\/05\/schistosomiasis-barn.jpg 1024w, https:\/\/resemedicin.se\/friskparesan\/wp-content\/uploads\/2024\/05\/schistosomiasis-barn-300x163.jpg 300w, https:\/\/resemedicin.se\/friskparesan\/wp-content\/uploads\/2024\/05\/schistosomiasis-barn-768x419.jpg 768w\" sizes=\"auto, (max-width: 709px) 85vw, (max-width: 909px) 67vw, (max-width: 1362px) 62vw, 840px\" \/><figcaption class=\"wp-element-caption\">I Afrika \u00e4r Schistosomiasis ofta hyperendemisk.<\/figcaption><\/figure>\n\n\n\n<p>De fem typerna \u00e4r geografiskt lokaliserade. Nedan ges en mycket \u00f6versiktlig bild av den globala epidemiologin. F\u00f6r detaljer, se landsinformationen f\u00f6r respektive land. <\/p>\n\n\n\n<p>Resen\u00e4rer som har \u00f6kad risk att smittas inkluderar:<\/p>\n\n\n\n<ul class=\"wp-block-list\">\n<li>\u00c4ventyrsresen\u00e4rer och ekoturister som badar eller vadar i s\u00f6tvatten.<\/li>\n\n\n\n<li>Bist\u00e5ndsarbetare och utlandsstationerade i endemiska omr\u00e5den.<\/li>\n\n\n\n<li>Personer som bes\u00f6ker sl\u00e4kt och v\u00e4nner i l\u00e4nder d\u00e4r sjukdomen \u00e4r vanlig.<\/li>\n\n\n\n<li>FN-soldater eller andra som deltar i milit\u00e4ra operationer i tropiska regioner.<\/li>\n<\/ul>\n\n\n\n<h3 class=\"wp-block-heading has-white-color has-text-color has-background has-link-color wp-elements-662727e07341dad94d64bcd6a03ae60b\" id=\"prevention\" style=\"background-color:#2b7c08\">Hur man skyddar sig<\/h3>\n\n\n\n<p>Eftersom det inte finns n\u00e5got vaccin eller f\u00f6rebyggande l\u00e4kemedel mot schistosomiasis, \u00e4r f\u00f6rebyggande \u00e5tg\u00e4rder avg\u00f6rande. Om du reser till omr\u00e5den d\u00e4r sn\u00e4ckfeber f\u00f6rekommer kan du skydda dig genom att:<\/p>\n\n\n\n<ul class=\"wp-block-list\">\n<li>undvika att bada, simma eller vada i s\u00f6tvatten;<\/li>\n\n\n\n<li>Endast anv\u00e4nda klorerat eller kokt vatten f\u00f6r att dricka eller tv\u00e4tta dig;<\/li>\n\n\n\n<li>Torka dig noggrant med en handduk efter eventuell kontakt med s\u00f6tvatten.<\/li>\n<\/ul>\n\n\n\n<p>Om exponering f\u00f6r s\u00f6tvatten har skett i drabbade omr\u00e5den, kan du beh\u00f6va scrrenas f\u00f6r schistosomiasis efter hemkomst, s\u00e4rskilt om du f\u00e5r symtom som feber eller blod i urinen.<\/p>\n\n\n\n<p>Din vaccinationsmottagning har mer detaljerad information om f\u00f6rekomsten i de olika l\u00e4nderna.<\/p>\n\n\n\n<p><\/p>\n","protected":false},"excerpt":{"rendered":"<p>Information till resen\u00e4rer Smitt\u00e4mnet och smittv\u00e4gar Schistosomiasis (bilharzia eller sn\u00e4ckfeber) \u00e4r en parasitisk maskinfektion, med f\u00f6rekomst i tropiska och subtropiska omr\u00e5den i Afrika, Asien och Latinamerika. Sjukdomen orsakas av trematoder av sl\u00e4ktet Schistosoma, varav fem arter s\u00e4kert kan orsaka sjukdom hos m\u00e4nniska. Schistosoma mansoni, S. intercalatum, S. mekongi och S. japonicum orsakar sjukdom i magtarmkanalen &hellip; <a href=\"https:\/\/resemedicin.se\/friskparesan\/sjukdomar-och-vacciner\/schistosomiasis\/\" class=\"more-link\">Forts\u00e4tt l\u00e4sa<span class=\"screen-reader-text\"> \u201dSn\u00e4ckfeber (schistosomiasis, bilharzia)\u201d<\/span><\/a><\/p>\n","protected":false},"author":1,"featured_media":0,"parent":11269,"menu_order":0,"comment_status":"closed","ping_status":"closed","template":"","meta":{"footnotes":""},"class_list":["post-11329","page","type-page","status-publish","hentry"],"jetpack_sharing_enabled":true,"_links":{"self":[{"href":"https:\/\/resemedicin.se\/friskparesan\/wp-json\/wp\/v2\/pages\/11329","targetHints":{"allow":["GET"]}}],"collection":[{"href":"https:\/\/resemedicin.se\/friskparesan\/wp-json\/wp\/v2\/pages"}],"about":[{"href":"https:\/\/resemedicin.se\/friskparesan\/wp-json\/wp\/v2\/types\/page"}],"author":[{"embeddable":true,"href":"https:\/\/resemedicin.se\/friskparesan\/wp-json\/wp\/v2\/users\/1"}],"replies":[{"embeddable":true,"href":"https:\/\/resemedicin.se\/friskparesan\/wp-json\/wp\/v2\/comments?post=11329"}],"version-history":[{"count":3,"href":"https:\/\/resemedicin.se\/friskparesan\/wp-json\/wp\/v2\/pages\/11329\/revisions"}],"predecessor-version":[{"id":11836,"href":"https:\/\/resemedicin.se\/friskparesan\/wp-json\/wp\/v2\/pages\/11329\/revisions\/11836"}],"up":[{"embeddable":true,"href":"https:\/\/resemedicin.se\/friskparesan\/wp-json\/wp\/v2\/pages\/11269"}],"wp:attachment":[{"href":"https:\/\/resemedicin.se\/friskparesan\/wp-json\/wp\/v2\/media?parent=11329"}],"curies":[{"name":"wp","href":"https:\/\/api.w.org\/{rel}","templated":true}]}}