{"id":11321,"date":"2024-04-12T13:13:22","date_gmt":"2024-04-12T12:13:22","guid":{"rendered":"https:\/\/www.friskparesan.se\/?page_id=1105"},"modified":"2024-11-15T20:07:53","modified_gmt":"2024-11-15T19:07:53","slug":"mpox","status":"publish","type":"page","link":"https:\/\/resemedicin.se\/friskparesan\/sjukdomar-och-vacciner\/mpox\/","title":{"rendered":"Mpox (apkoppor)"},"content":{"rendered":"\n<h3 class=\"wp-block-heading\">Information till resen\u00e4rer<\/h3>\n\n\n\n<figure class=\"wp-block-image size-full\"><img loading=\"lazy\" decoding=\"async\" width=\"1024\" height=\"523\" src=\"https:\/\/resemedicin.se\/friskparesan\/wp-content\/uploads\/2024\/09\/mpox-africa-1.jpg\" alt=\"\" class=\"wp-image-6594\" srcset=\"https:\/\/resemedicin.se\/friskparesan\/wp-content\/uploads\/2024\/09\/mpox-africa-1.jpg 1024w, https:\/\/resemedicin.se\/friskparesan\/wp-content\/uploads\/2024\/09\/mpox-africa-1-300x153.jpg 300w, https:\/\/resemedicin.se\/friskparesan\/wp-content\/uploads\/2024\/09\/mpox-africa-1-768x392.jpg 768w\" sizes=\"auto, (max-width: 709px) 85vw, (max-width: 909px) 67vw, (max-width: 1362px) 62vw, 840px\" \/><\/figure>\n\n\n\n<h3 class=\"wp-block-heading has-white-color has-text-color has-background has-link-color wp-elements-688360d30823481b88342ddb2694bb69\" id=\"smittamnet\" style=\"background-color:#2b7c08\">Smitt\u00e4mnet och smittv\u00e4gar<\/h3>\n\n\n\n<p>Mpox, tidigare k\u00e4nt som apkoppor, \u00e4r en virusinfektion orsakad av\u00a0<strong>monkeypoxvirus (MPXV)<\/strong>, ett virus i samma familj som smittkoppsviruset. Virusets naturliga reservoar \u00e4r djur, och m\u00e4nniskor smittas ofta genom kontakt med infekterade djur i V\u00e4st- och Centralafrika.<\/p>\n\n\n\n<p>I det globala utbrottet 2022\u20132023 spreds viruset huvudsakligen via n\u00e4ra hudkontakt, s\u00e4rskilt genom sexuell \u00f6verf\u00f6ring bland m\u00e4n som har sex med m\u00e4n (MSM). Virus kan ocks\u00e5 spridas via luftv\u00e4gsdroppar, kyssar och kontakt med s\u00e5r eller kroppsv\u00e4tskor. Smittorisken \u00e4r h\u00f6g vid n\u00e4ra fysisk kontakt.<\/p>\n\n\n\n<p>Under 2024 identifierades en ny variant, MPXV klad I, i Centralafrika. Denna sprids inte bara sexuellt utan \u00e4ven vid vardagsn\u00e4ra hudkontakt, s\u00e4rskilt bland barn, kvinnor och m\u00e4n i samma hush\u00e5ll. Smitta fr\u00e5n djur till m\u00e4nniska har ocks\u00e5 rapporterats.<\/p>\n\n\n\n<h3 class=\"wp-block-heading has-white-color has-text-color has-background has-link-color wp-elements-477b82d528e32d6c73f037cef1f4ea78\" id=\"symtom\" style=\"background-color:#2b7c08;text-transform:none\">Sjukdomsbild<\/h3>\n\n\n\n<p>F\u00f6r den klassiska formen av mpox \u00e4r tiden fr\u00e5n smitta till symtom (inkubationstiden) oftast 12 dagar (kan variera mellan 5 och 21 dagar). Symtomen b\u00f6rjar med feber, tr\u00f6tthet, huvudv\u00e4rk, muskelv\u00e4rk och ibland svullna lymfk\u00f6rtlar. Efter n\u00e5gra dagar utvecklas ett utslag som ofta b\u00f6rjar som upph\u00f6jda knottror och \u00f6verg\u00e5r till v\u00e4tskefyllda bl\u00e5sor och slutligen s\u00e5r som torkar ut och bildar skorpor. Utslagen kan f\u00f6rekomma \u00f6ver hela kroppen, inklusive handflator, fotsulor och slemhinnor i mun och k\u00f6nsorgan.<\/p>\n\n\n\n<p>De flesta patienter \u00e5terh\u00e4mtar sig inom 2\u20134 veckor. Komplikationer som bakteriella hudinfektioner, \u00f6goninfektion och hj\u00e4rnp\u00e5verkan kan f\u00f6rekomma, s\u00e4rskilt hos barn och personer med nedsatt immunf\u00f6rsvar. Under utbrottet 2022\u20132023 var sjukdomsf\u00f6rloppet oftast lindrigt, men den nya afrikanska varianten har visat sig vara allvarligare och har orsakat d\u00f6dsfall, s\u00e4rskilt bland utsatta grupper.<\/p>\n\n\n\n<p>Behandlingen \u00e4r fr\u00e4mst symtomlindrande och underst\u00f6djande. Ett antiviralt l\u00e4kemedel \u00e4r godk\u00e4nt i Europa f\u00f6r allvarliga fall, men anv\u00e4nds inte rutinm\u00e4ssigt i Sverige.<\/p>\n\n\n\n<h3 class=\"wp-block-heading has-white-color has-text-color has-background has-link-color wp-elements-ed7ba7aee9aa231f2b82f69dc50cdc0c\" id=\"diagnostik\" style=\"background-color:#2b7c08;text-transform:none\">F\u00f6rekomst<\/h3>\n\n\n\n<p>Mpox har sitt ursprung i V\u00e4st- och Centralafrika, d\u00e4r det tidigare orsakat lokala utbrott. Det globala utbrottet 2022 b\u00f6rjade i Europa och spreds via MSM-n\u00e4tverk till \u00f6ver 100 l\u00e4nder. Under detta utbrott rapporterades cirka 98 000 fall och 203 d\u00f6dsfall. I maj 2023 f\u00f6rklarades utbrottet under kontroll, men enstaka fall forts\u00e4tter att rapporteras.<\/p>\n\n\n\n<p>I slutet av 2023 b\u00f6rjade en ny variant av MPXV klad I spridas i Afrika, med fall rapporterade i bland annat Demokratiska republiken Kongo, Rwanda, och Kenya. Denna variant har ocks\u00e5 identifierats i l\u00e4nder utanf\u00f6r Afrika, inklusive Sverige och Thailand, vilket visar p\u00e5 en fortsatt global spridning.<\/p>\n\n\n<div class=\"wp-block-image\">\n<figure class=\"aligncenter size-full\"><img loading=\"lazy\" decoding=\"async\" width=\"800\" height=\"986\" src=\"https:\/\/resemedicin.se\/friskparesan\/wp-content\/uploads\/2024\/09\/Mpox-afrika.jpg\" alt=\"\" class=\"wp-image-5375\" srcset=\"https:\/\/resemedicin.se\/friskparesan\/wp-content\/uploads\/2024\/09\/Mpox-afrika.jpg 800w, https:\/\/resemedicin.se\/friskparesan\/wp-content\/uploads\/2024\/09\/Mpox-afrika-243x300.jpg 243w, https:\/\/resemedicin.se\/friskparesan\/wp-content\/uploads\/2024\/09\/Mpox-afrika-768x947.jpg 768w\" sizes=\"auto, (max-width: 800px) 85vw, 800px\" \/><figcaption class=\"wp-element-caption\"><strong>L\u00e4nder d\u00e4r MPXV klad I och\/eller klad II har uppt\u00e4ckts t.o.m. 14 augusti 2024.<\/strong><\/figcaption><\/figure>\n<\/div>\n\n\n<p>S\u00e4rskilda riskgrupper innefattar:<\/p>\n\n\n\n<ul class=\"wp-block-list\">\n<li>M\u00e4n som har sex med m\u00e4n och deras n\u00e4ra kontakter.<\/li>\n\n\n\n<li>Resen\u00e4rer till l\u00e4nder och omr\u00e5den med p\u00e5g\u00e5ende utbrott, och som d\u00e4r har sexuell eller annan n\u00e4ra hudkontakt med m\u00e4nniskor som kan ha smittats.<\/li>\n\n\n\n<li>F\u00f6r de afrikanska varianterna: j\u00e4garbefolkning i tropiska regnskogar i V\u00e4st- och Centralafrika samt sjukv\u00e5rds- och laboratoriepersonal.<\/li>\n<\/ul>\n\n\n\n<h3 class=\"wp-block-heading has-white-color has-text-color has-background has-link-color wp-elements-499b765a175f3ba22d5971c2a6976e0e\" id=\"vaccination\" style=\"background-color:#2b7c08\">Hur man skyddar sig<\/h3>\n\n\n\n<p>Ett vaccin,\u00a0<strong>IMVANEX\u00ae<\/strong>\u00a0(\u00e4ven k\u00e4nt som Jynneos\u00ae), \u00e4r godk\u00e4nt i EU f\u00f6r skydd mot mpox. Vaccinet skyddar med cirka 85 % effektivitet. Det kan ges till b\u00e5de friska individer och personer med nedsatt immunf\u00f6rsvar.<\/p>\n\n\n\n<ul class=\"wp-block-list\">\n<li><strong>F\u00f6rebyggande vaccination (PrEP)<\/strong>\u00a0rekommenderas bl.a. till m\u00e4n som har sex med m\u00e4n (MSM) med flera sexuella kontakter, sexarbetare och personer som ska resa till h\u00f6griskomr\u00e5den och d\u00e4r vara s\u00e4rskilt riskutsatt, t.ex. h\u00e4lso- och sjukv\u00e5rdspersonal, verksamma i flyktingl\u00e4ger, bist\u00e5ndsarbetare eller andra som kommer att vistas i geografiska omr\u00e5den med p\u00e5g\u00e5ende smittspridning av mpox i samh\u00e4llet, och ha n\u00e4ra fysisk kontakt med personer i lokalsamh\u00e4llet<br><\/li>\n\n\n\n<li><strong>Postexpositionsprofylax (PEP)<\/strong>\u00a0b\u00f6r ges inom 4 dagar efter exponering och \u00e4r aktuell f\u00f6r n\u00e4ra kontakter, inklusive hush\u00e5llsmedlemmar, v\u00e5rdpersonal och andra som haft direktkontakt med en smittad person.<\/li>\n<\/ul>\n\n\n\n<p>Vaccination ska alltid f\u00f6reg\u00e5s av en individuell bed\u00f6mning av l\u00e4kare. Vaccinet \u00e4r inte aktuellt f\u00f6r vanliga resen\u00e4rer utan s\u00e4rskild risk.<\/p>\n\n\n\n<p>Generella <strong>r\u00e5d till resen\u00e4rer<\/strong> innefattar:<\/p>\n\n\n\n<ol class=\"wp-block-list\">\n<li>F\u00f6lj <a href=\"https:\/\/www.regeringen.se\/uds-reseinformation\" target=\"_blank\" rel=\"noreferrer noopener\">Utrikesdepartementets r\u00e5d inf\u00f6r resa<\/a>.<\/li>\n\n\n\n<li>Ta reda p\u00e5 om det p\u00e5g\u00e5r spridning av mpox i omr\u00e5det som du ska resa till. Information om var spridning av mpox p\u00e5g\u00e5r finns p\u00e5 <a href=\"https:\/\/www.folkhalsomyndigheten.se\/smittskydd-beredskap\/utbrott\/aktuella-utbrott\/mpox-internationellt-2024\/\">Folkh\u00e4lsomyndighetens utbrottssida<\/a>.<\/li>\n\n\n\n<li>F\u00f6lj de lokala anvisningarna i det land som du vistas i f\u00f6r hur du ska agera om du f\u00e5r tydliga symtom p\u00e5 mpox som sm\u00e4rtsamma bl\u00e5sor och s\u00e5r. T\u00e4nk p\u00e5 att om du har f\u00e5tt symtom p\u00e5 mpox eller annan smittsam sjukdom medan du \u00e4r utomlands kan regler i landet du befinner dig i medf\u00f6ra att du nekas hemresa tills du inte l\u00e4ngre bed\u00f6ms kunna smitta andra.<\/li>\n\n\n\n<li>Om du befinner dig i ett omr\u00e5de som har p\u00e5g\u00e5ende spridning av mpox, undvik n\u00e4ra kontakter, som till exempel n\u00e4ra hudkontakter.<\/li>\n\n\n\n<li>Undvik s\u00e4rskilt nya sexuella kontakter om du befinner dig i ett omr\u00e5de som har p\u00e5g\u00e5ende spridning av mpox.<\/li>\n\n\n\n<li>Kontakta v\u00e5rden om du f\u00e5r tydliga symtom p\u00e5 mpox, som sm\u00e4rtsamma bl\u00e5sor och s\u00e5r, n\u00e4r du reser eller vistas i ett omr\u00e5de d\u00e4r spridning av mpox p\u00e5g\u00e5r.<\/li>\n\n\n\n<li>Undvik att resa om du har tydliga symtom p\u00e5 mpox som sm\u00e4rtsamma bl\u00e5sor och s\u00e5r.<\/li>\n<\/ol>\n\n\n\n<p><\/p>\n","protected":false},"excerpt":{"rendered":"<p>Information till resen\u00e4rer Smitt\u00e4mnet och smittv\u00e4gar Mpox, tidigare k\u00e4nt som apkoppor, \u00e4r en virusinfektion orsakad av\u00a0monkeypoxvirus (MPXV), ett virus i samma familj som smittkoppsviruset. Virusets naturliga reservoar \u00e4r djur, och m\u00e4nniskor smittas ofta genom kontakt med infekterade djur i V\u00e4st- och Centralafrika. I det globala utbrottet 2022\u20132023 spreds viruset huvudsakligen via n\u00e4ra hudkontakt, s\u00e4rskilt genom &hellip; <a href=\"https:\/\/resemedicin.se\/friskparesan\/sjukdomar-och-vacciner\/mpox\/\" class=\"more-link\">Forts\u00e4tt l\u00e4sa<span class=\"screen-reader-text\"> \u201dMpox (apkoppor)\u201d<\/span><\/a><\/p>\n","protected":false},"author":1,"featured_media":0,"parent":11269,"menu_order":0,"comment_status":"closed","ping_status":"closed","template":"","meta":{"footnotes":""},"class_list":["post-11321","page","type-page","status-publish","hentry"],"jetpack_sharing_enabled":true,"_links":{"self":[{"href":"https:\/\/resemedicin.se\/friskparesan\/wp-json\/wp\/v2\/pages\/11321","targetHints":{"allow":["GET"]}}],"collection":[{"href":"https:\/\/resemedicin.se\/friskparesan\/wp-json\/wp\/v2\/pages"}],"about":[{"href":"https:\/\/resemedicin.se\/friskparesan\/wp-json\/wp\/v2\/types\/page"}],"author":[{"embeddable":true,"href":"https:\/\/resemedicin.se\/friskparesan\/wp-json\/wp\/v2\/users\/1"}],"replies":[{"embeddable":true,"href":"https:\/\/resemedicin.se\/friskparesan\/wp-json\/wp\/v2\/comments?post=11321"}],"version-history":[{"count":1,"href":"https:\/\/resemedicin.se\/friskparesan\/wp-json\/wp\/v2\/pages\/11321\/revisions"}],"predecessor-version":[{"id":11694,"href":"https:\/\/resemedicin.se\/friskparesan\/wp-json\/wp\/v2\/pages\/11321\/revisions\/11694"}],"up":[{"embeddable":true,"href":"https:\/\/resemedicin.se\/friskparesan\/wp-json\/wp\/v2\/pages\/11269"}],"wp:attachment":[{"href":"https:\/\/resemedicin.se\/friskparesan\/wp-json\/wp\/v2\/media?parent=11321"}],"curies":[{"name":"wp","href":"https:\/\/api.w.org\/{rel}","templated":true}]}}