{"id":11312,"date":"2024-04-10T15:56:35","date_gmt":"2024-04-10T14:56:35","guid":{"rendered":"https:\/\/www.friskparesan.se\/?page_id=1004"},"modified":"2024-11-16T16:04:30","modified_gmt":"2024-11-16T15:04:30","slug":"ross-river","status":"publish","type":"page","link":"https:\/\/resemedicin.se\/friskparesan\/sjukdomar-och-vacciner\/ross-river\/","title":{"rendered":"Ross River-feber (epidemisk polyartrit)"},"content":{"rendered":"\n<h3 class=\"wp-block-heading\" id=\"sidtopp\">Information till resen\u00e4rer<\/h3>\n\n\n\n<figure class=\"wp-block-image size-full\"><img loading=\"lazy\" decoding=\"async\" width=\"1024\" height=\"424\" src=\"https:\/\/resemedicin.se\/friskparesan\/wp-content\/uploads\/2024\/08\/ross-river.jpg\" alt=\"\" class=\"wp-image-4413\" srcset=\"https:\/\/resemedicin.se\/friskparesan\/wp-content\/uploads\/2024\/08\/ross-river.jpg 1024w, https:\/\/resemedicin.se\/friskparesan\/wp-content\/uploads\/2024\/08\/ross-river-300x124.jpg 300w, https:\/\/resemedicin.se\/friskparesan\/wp-content\/uploads\/2024\/08\/ross-river-768x318.jpg 768w\" sizes=\"auto, (max-width: 709px) 85vw, (max-width: 909px) 67vw, (max-width: 1362px) 62vw, 840px\" \/><figcaption class=\"wp-element-caption\">Ross River, Queensland.<\/figcaption><\/figure>\n\n\n\n<h3 class=\"wp-block-heading has-white-color has-text-color has-background has-link-color wp-elements-688360d30823481b88342ddb2694bb69\" id=\"smittamnet\" style=\"background-color:#2b7c08\">Smitt\u00e4mnet och smittv\u00e4gar<\/h3>\n\n\n\n<p>Ross River-feber (RRF) \u00e4r en infektionssjukdom som sprids av myggor och orsakas av Ross River-viruset (RRV). Viruset uppt\u00e4cktes 1963 n\u00e4ra Ross River i Queensland, Australien. Smittan sprids via ett 30-tal arter av\u00a0<em>Aedes<\/em>\u2013 och\u00a0<em>Culex<\/em>-myggor. K\u00e4nguruer och wallabies \u00e4r de vanligaste reservoarv\u00e4rdarna, men viruset kan \u00e4ven finnas hos h\u00e4star, pungr\u00e4var och m\u00f6jligen f\u00e5glar. Infektionen \u00f6verf\u00f6rs till m\u00e4nniskor via myggbett, s\u00e4rskilt i n\u00e4rheten av v\u00e5tmarker, k\u00e4rr och bevattningsomr\u00e5den d\u00e4r myggor trivs och f\u00f6r\u00f6kar sig.<\/p>\n\n\n\n<h3 class=\"wp-block-heading has-white-color has-text-color has-background has-link-color wp-elements-477b82d528e32d6c73f037cef1f4ea78\" id=\"symtom\" style=\"background-color:#2b7c08;text-transform:none\">Sjukdomsbild<\/h3>\n\n\n\n<p>Symtom upptr\u00e4der oftast hos vuxna i \u00e5ldern 25\u201344 \u00e5r, medan barn oftare f\u00e5r blir infekterade utan n\u00e5gra symtom. Efter en inkubationstid (tid fr\u00e5n smitta till symtom) p\u00e5 7\u20139 dagar insjuknar den drabbade med influensaliknande symtom s\u00e5som feber, svullna lymfk\u00f6rtlar, tr\u00f6tthet, halsont och ibland snuva. N\u00e4stan alla som insjuknar f\u00e5r inflammation i flera leder (polyartrit), d\u00e4r leder som kn\u00e4n, vrister, handleder och fingrar blir svullna och sm\u00e4rtsamma. Omkring h\u00e4lften av patienterna utvecklar ett utslag, fr\u00e4mst p\u00e5 armar och ben. S\u00e4llsynta symtom inkluderar f\u00f6rstoring av mj\u00e4lten, blod i urinen och njurinflammation.<\/p>\n\n\n\n<p>De flesta \u00e5terh\u00e4mtar sig inom n\u00e5gra veckor, men ledv\u00e4rk och tr\u00f6tthet kan kvarst\u00e5 i upp till sex m\u00e5nader. RRF \u00e4r inte d\u00f6dlig, och inga d\u00f6dsfall har rapporterats.<\/p>\n\n\n\n<h3 class=\"wp-block-heading has-white-color has-text-color has-background has-link-color wp-elements-efd19a53920d1a869e2bb5daa8849065\" id=\"epidemiologi\" style=\"background-color:#2b7c08;text-transform:none\">F\u00f6rekomst och riskgrupper<\/h3>\n\n\n\n<p>Ross River-feber finns i Australien, Tasmanien, Papua Nya Guinea, Fiji, Samoa och andra \u00f6ar i s\u00f6dra Stilla havet. I Australien rapporteras ungef\u00e4r 4 000 fall varje \u00e5r, s\u00e4rskilt i Queensland. Sjukdomen \u00e4r vanligast under perioden januari till april, men kan f\u00f6rekomma \u00e5ret runt i vissa omr\u00e5den.<\/p>\n\n\n\n<p>Alla som reser till omr\u00e5den d\u00e4r Ross River-feber finns kan smittas om de blir bitna av en infekterad mygga. Risken \u00e4r st\u00f6rst f\u00f6r de som vistas mycket utomhus n\u00e4ra vatten, till exempel vid camping eller bushvandring.<\/p>\n\n\n\n<h3 class=\"wp-block-heading has-white-color has-text-color has-background has-link-color wp-elements-662727e07341dad94d64bcd6a03ae60b\" id=\"prevention\" style=\"background-color:#2b7c08\">Hur man skyddar sig<\/h3>\n\n\n\n<p>Eftersom det inte finns n\u00e5got vaccin mot Ross River-feber \u00e4r det viktigt att undvika myggbett. F\u00f6lj dessa r\u00e5d f\u00f6r att minska risken:<\/p>\n\n\n\n<ul class=\"wp-block-list\">\n<li>Anv\u00e4nd myggmedel p\u00e5 bar hud.<\/li>\n\n\n\n<li>B\u00e4r l\u00e5ng\u00e4rmade tr\u00f6jor och l\u00e5ngbyxor, s\u00e4rskilt p\u00e5 kv\u00e4llen och natten.<\/li>\n\n\n\n<li>Sov under myggn\u00e4t eller i rum med luftkonditionering.<\/li>\n\n\n\n<li>Undvik omr\u00e5den med mycket mygg, som v\u00e5tmarker eller vattenansamlingar, s\u00e4rskilt vid skymning och gryning.<\/li>\n<\/ul>\n","protected":false},"excerpt":{"rendered":"<p>Information till resen\u00e4rer Smitt\u00e4mnet och smittv\u00e4gar Ross River-feber (RRF) \u00e4r en infektionssjukdom som sprids av myggor och orsakas av Ross River-viruset (RRV). Viruset uppt\u00e4cktes 1963 n\u00e4ra Ross River i Queensland, Australien. Smittan sprids via ett 30-tal arter av\u00a0Aedes\u2013 och\u00a0Culex-myggor. K\u00e4nguruer och wallabies \u00e4r de vanligaste reservoarv\u00e4rdarna, men viruset kan \u00e4ven finnas hos h\u00e4star, pungr\u00e4var och &hellip; <a href=\"https:\/\/resemedicin.se\/friskparesan\/sjukdomar-och-vacciner\/ross-river\/\" class=\"more-link\">Forts\u00e4tt l\u00e4sa<span class=\"screen-reader-text\"> \u201dRoss River-feber (epidemisk polyartrit)\u201d<\/span><\/a><\/p>\n","protected":false},"author":1,"featured_media":0,"parent":11269,"menu_order":0,"comment_status":"closed","ping_status":"closed","template":"","meta":{"footnotes":""},"class_list":["post-11312","page","type-page","status-publish","hentry"],"jetpack_sharing_enabled":true,"_links":{"self":[{"href":"https:\/\/resemedicin.se\/friskparesan\/wp-json\/wp\/v2\/pages\/11312","targetHints":{"allow":["GET"]}}],"collection":[{"href":"https:\/\/resemedicin.se\/friskparesan\/wp-json\/wp\/v2\/pages"}],"about":[{"href":"https:\/\/resemedicin.se\/friskparesan\/wp-json\/wp\/v2\/types\/page"}],"author":[{"embeddable":true,"href":"https:\/\/resemedicin.se\/friskparesan\/wp-json\/wp\/v2\/users\/1"}],"replies":[{"embeddable":true,"href":"https:\/\/resemedicin.se\/friskparesan\/wp-json\/wp\/v2\/comments?post=11312"}],"version-history":[{"count":2,"href":"https:\/\/resemedicin.se\/friskparesan\/wp-json\/wp\/v2\/pages\/11312\/revisions"}],"predecessor-version":[{"id":11750,"href":"https:\/\/resemedicin.se\/friskparesan\/wp-json\/wp\/v2\/pages\/11312\/revisions\/11750"}],"up":[{"embeddable":true,"href":"https:\/\/resemedicin.se\/friskparesan\/wp-json\/wp\/v2\/pages\/11269"}],"wp:attachment":[{"href":"https:\/\/resemedicin.se\/friskparesan\/wp-json\/wp\/v2\/media?parent=11312"}],"curies":[{"name":"wp","href":"https:\/\/api.w.org\/{rel}","templated":true}]}}