{"id":11301,"date":"2024-03-10T07:19:44","date_gmt":"2024-03-10T06:19:44","guid":{"rendered":"https:\/\/www.friskparesan.se\/?page_id=290"},"modified":"2025-10-21T17:46:43","modified_gmt":"2025-10-21T16:46:43","slug":"tyfoid","status":"publish","type":"page","link":"https:\/\/resemedicin.se\/friskparesan\/sjukdomar-och-vacciner\/tyfoid\/","title":{"rendered":"Tyfoidfeber"},"content":{"rendered":"\n<h3 class=\"wp-block-heading\" id=\"sidtopp\">Information till vaccinat\u00f6rer och reser\u00e5dgivare<\/h3>\n\n\n<div class=\"wp-block-image\">\n<figure class=\"aligncenter size-large is-resized\"><img loading=\"lazy\" decoding=\"async\" width=\"1024\" height=\"431\" src=\"https:\/\/resemedicin.se\/friskparesan\/wp-content\/uploads\/2024\/08\/tyfoid-tarm-1024x431.jpg\" alt=\"\" class=\"wp-image-3935\" style=\"object-fit:cover;width:1024px;height:400px\" srcset=\"https:\/\/resemedicin.se\/friskparesan\/wp-content\/uploads\/2024\/08\/tyfoid-tarm-1024x431.jpg 1024w, https:\/\/resemedicin.se\/friskparesan\/wp-content\/uploads\/2024\/08\/tyfoid-tarm-300x126.jpg 300w, https:\/\/resemedicin.se\/friskparesan\/wp-content\/uploads\/2024\/08\/tyfoid-tarm-768x323.jpg 768w, https:\/\/resemedicin.se\/friskparesan\/wp-content\/uploads\/2024\/08\/tyfoid-tarm-1200x505.jpg 1200w, https:\/\/resemedicin.se\/friskparesan\/wp-content\/uploads\/2024\/08\/tyfoid-tarm.jpg 1278w\" sizes=\"auto, (max-width: 709px) 85vw, (max-width: 909px) 67vw, (max-width: 1362px) 62vw, 840px\" \/><figcaption class=\"wp-element-caption\"><em>Salmonella<\/em> Typhi-bakterier som f\u00e4st vid tarmslemhinna<\/figcaption><\/figure>\n<\/div>\n\n\n<h3 class=\"wp-block-heading has-white-color has-text-color has-background has-link-color wp-elements-688360d30823481b88342ddb2694bb69\" id=\"smittamnet\" style=\"background-color:#2b7c08\">Smitt\u00e4mnet och smittv\u00e4gar<\/h3>\n\n\n\n<p>Tyfoidfeber \u00e4r en allvarlig infektionssjukdom som orsakas av bakterien&nbsp;<em>Salmonella Typhi<\/em>. Denna bakterie finns enbart hos m\u00e4nniskor och sprids huvudsakligen via f\u00f6rorenat mat eller vatten. Smittan sker n\u00e4r bakterier fr\u00e5n avf\u00f6ringen fr\u00e5n en person med tyfoidfeber, eller en kronisk b\u00e4rare av bakterien, f\u00f6rorenar livsmedel eller dricksvatten. Bakterien kan ocks\u00e5 spridas direkt mellan m\u00e4nniskor, till exempel vid n\u00e4ra kontakt eller sexuellt umg\u00e4nge. Det r\u00e4cker med en mycket liten m\u00e4ngd bakterier f\u00f6r att orsaka sjukdom, vilket g\u00f6r att smittan kan spridas snabbt i milj\u00f6er med d\u00e5lig hygien.<\/p>\n\n\n\n<p>Efter att bakterien kommit in i kroppen via f\u00f6rorenad mat eller dryck, passerar den genom tarmens slemhinna, f\u00f6r\u00f6kar sig och sprider sig via blodet. Smitta inom samma hush\u00e5ll \u00e4r vanlig, och vid livsmedelsburen smitta kan m\u00e5nga insjukna samtidigt.<\/p>\n\n\n\n<h3 class=\"wp-block-heading has-white-color has-text-color has-background has-link-color wp-elements-477b82d528e32d6c73f037cef1f4ea78\" id=\"symtom\" style=\"background-color:#2b7c08;text-transform:none\">Sjukdomsbild<\/h3>\n\n\n\n<p>Inkubationstiden (tiden fr\u00e5n smitta till symtom) f\u00f6r tyfoidfeber \u00e4r vanligtvis 10\u201314 dagar men kan variera fr\u00e5n tre dagar upp till \u00e5tta veckor, beroende p\u00e5 m\u00e4ngden bakterier och individens h\u00e4lsotillst\u00e5nd. Symtomen b\u00f6rjar ofta smygande med stigande feber som kan n\u00e5 40 grader, frossa, huvudv\u00e4rk, buksm\u00e4rtor och en allm\u00e4n k\u00e4nsla av sjukdom och tr\u00f6tthet. Diarr\u00e9, f\u00f6rstoppning eller kr\u00e4kningar kan ocks\u00e5 f\u00f6rekomma, och barn f\u00e5r oftare diarr\u00e9 \u00e4n vuxna.<\/p>\n\n\n\n<p>Ett typiskt men inte alltid f\u00f6rekommande tecken \u00e4r ett r\u00f6daktigt utslag p\u00e5 b\u00e5len, kallat &#8221;roseol&#8221;, som upptr\u00e4der under sjukdomens andra vecka. Andra symtom kan vara f\u00f6rstorad lever och mj\u00e4lte samt en onormalt l\u00e5ngsam puls i f\u00f6rh\u00e5llande till febern. <\/p>\n\n\n\n<figure class=\"wp-block-image size-full\"><img loading=\"lazy\" decoding=\"async\" width=\"1474\" height=\"787\" src=\"https:\/\/resemedicin.se\/friskparesan\/wp-content\/uploads\/2024\/08\/roseol.jpg\" alt=\"\" class=\"wp-image-3915\" srcset=\"https:\/\/resemedicin.se\/friskparesan\/wp-content\/uploads\/2024\/08\/roseol.jpg 1474w, https:\/\/resemedicin.se\/friskparesan\/wp-content\/uploads\/2024\/08\/roseol-300x160.jpg 300w, https:\/\/resemedicin.se\/friskparesan\/wp-content\/uploads\/2024\/08\/roseol-1024x547.jpg 1024w, https:\/\/resemedicin.se\/friskparesan\/wp-content\/uploads\/2024\/08\/roseol-768x410.jpg 768w, https:\/\/resemedicin.se\/friskparesan\/wp-content\/uploads\/2024\/08\/roseol-1200x641.jpg 1200w\" sizes=\"auto, (max-width: 709px) 85vw, (max-width: 909px) 67vw, (max-width: 1362px) 62vw, 840px\" \/><figcaption class=\"wp-element-caption\">Roseol vid tyfoidfeber. Foto: Wikimedia.<\/figcaption><\/figure>\n\n\n\n<p>Vid obehandlad tyfoidfeber kan allvarliga komplikationer uppst\u00e5, som tarmbl\u00f6dningar, perforation av tarmen och infektioner i nervsystemet. Utan behandling \u00e4r d\u00f6dligheten upp till 15 %, men med r\u00e4tt antibiotika minskar den till mindre \u00e4n 1 %.<\/p>\n\n\n\n<p>Efter sjukdomens akuta fas kan 10 % av de drabbade forts\u00e4tta uts\u00f6ndra bakterier i avf\u00f6ringen i \u00f6ver tre m\u00e5nader, och cirka 2\u20135 % blir kroniska b\u00e4rare. Risken f\u00f6r kroniskt b\u00e4rarskap \u00f6kar med \u00e5ldern och \u00e4r vanligare hos kvinnor och personer med gallv\u00e4gsproblem.<\/p>\n\n\n\n<p>Tyfoidfeber behandlas alltid med antibiotika. F\u00f6r mildare fall kan tabletter vara tillr\u00e4ckligt, men allvarligt sjuka patienter beh\u00f6ver ofta behandling med antibiotika direkt i blodet. Antibiotikavalet beror p\u00e5 var smittan skett, eftersom resistens mot vissa antibiotika \u00e4r vanligt i exempelvis Sydasien. Vid l\u00e5ngvarigt b\u00e4rarskap kan behandling med antibiotika vara aktuellt, s\u00e4rskilt f\u00f6r personer i yrken som kr\u00e4ver smittfrihet, som livsmedelsarbete.<\/p>\n\n\n\n<h3 class=\"wp-block-heading has-white-color has-text-color has-background has-link-color wp-elements-8f22b684ab5da41a8e65db1a2cba3bb1\" id=\"epidemiologi\" style=\"background-color:#2b7c08;text-transform:none\">F\u00f6rekomst och riskgrupper bland resen\u00e4rer<\/h3>\n\n\n\n<p>Globalt drabbas mellan 11 och 21 miljoner m\u00e4nniskor varje \u00e5r av tyfoidfeber, och sjukdomen orsakar 130 000\u2013160 000 d\u00f6dsfall \u00e5rligen. Barn i \u00e5ldrarna 5\u201315 \u00e5r \u00e4r mest utsatta. Sjukdomen \u00e4r vanligast i omr\u00e5den med d\u00e5lig tillg\u00e5ng till rent vatten och bristande avloppssystem, s\u00e4rskilt i delar av Sydasien, Sydostasien och Afrika s\u00f6der om Sahara. I Europa \u00e4r tyfoidfeber ovanligt och kopplas oftast till resor. <\/p>\n\n\n\n<figure class=\"wp-block-image size-large\"><img loading=\"lazy\" decoding=\"async\" width=\"1024\" height=\"512\" src=\"https:\/\/resemedicin.se\/friskparesan\/wp-content\/uploads\/2024\/08\/tyfoid-map-1024x512.jpg\" alt=\"\" class=\"wp-image-3920\" srcset=\"https:\/\/resemedicin.se\/friskparesan\/wp-content\/uploads\/2024\/08\/tyfoid-map-1024x512.jpg 1024w, https:\/\/resemedicin.se\/friskparesan\/wp-content\/uploads\/2024\/08\/tyfoid-map-300x150.jpg 300w, https:\/\/resemedicin.se\/friskparesan\/wp-content\/uploads\/2024\/08\/tyfoid-map-768x384.jpg 768w, https:\/\/resemedicin.se\/friskparesan\/wp-content\/uploads\/2024\/08\/tyfoid-map.jpg 1185w\" sizes=\"auto, (max-width: 709px) 85vw, (max-width: 909px) 67vw, (max-width: 1362px) 62vw, 840px\" \/><figcaption class=\"wp-element-caption\">Uppskattad nationell incidens (fall\/100 000) av tyfoidfeber, 2019-2022. K\u00e4lla: Global Burden of Disease Collaborative Network, Global Burden of Disease study, 2019.&nbsp;<a href=\"https:\/\/www.healthdata.org\/gbd\/gbd-2019-resources\" target=\"_blank\" rel=\"noreferrer noopener\">https:\/\/www.healthdata.org\/gbd\/gbd-2019-resources<\/a><br><\/figcaption><\/figure>\n\n\n\n<p>Risken att insjukna i tyfoidfeber \u00e4r h\u00f6gst f\u00f6r resen\u00e4rer som bor med lokalbefolkningen under enkla f\u00f6rh\u00e5llanden i h\u00f6griskl\u00e4nder. Resen\u00e4rer som bes\u00f6ker sl\u00e4ktingar och v\u00e4nner i dessa omr\u00e5den l\u00f6per ocks\u00e5 en h\u00f6gre risk eftersom de ofta \u00e4r mindre f\u00f6rsiktiga med mat och dryck. L\u00e5ngvariga resor \u00f6kar risken, men \u00e4ven korta vistelser kan inneb\u00e4ra fara i omr\u00e5den med mycket h\u00f6g smittspridning. Gravida kvinnor, \u00e4ldre och personer med nedsatt immunf\u00f6rsvar \u00e4r s\u00e4rskilt utsatta.<\/p>\n\n\n\n<h3 class=\"wp-block-heading has-white-color has-text-color has-background has-link-color wp-elements-662727e07341dad94d64bcd6a03ae60b\" id=\"prevention\" style=\"background-color:#2b7c08\">Hur man skyddar sig<\/h3>\n\n\n\n<p>Vaccination \u00e4r ett viktigt skydd mot tyfoidfeber, s\u00e4rskilt f\u00f6r personer som reser till h\u00f6griskomr\u00e5den under l\u00e4ngre tid (mer \u00e4n 3-4 veckor), vistas n\u00e4ra lokalbefolkning och lever primitivt. Vaccination \u00e4r i princip aldrig motiverat vid kortare resor till vanliga turistm\u00e5l.<\/p>\n\n\n\n<p>Tv\u00e5 vacciner \u00e4r tillg\u00e4ngliga i Sverige: ett sprutvaccin (Typhim Vi\u00ae) och ett oralt vaccin i form av kapslar (Vivotif\u00ae). Vaccinerna ger inte ett fullst\u00e4ndigt skydd, men minskar risken f\u00f6r allvarlig sjukdom med 50\u201380 % under tre \u00e5r. Sprutvaccinet \u00e4r l\u00e4mpligt f\u00f6r barn fr\u00e5n tv\u00e5 \u00e5rs \u00e5lder och f\u00f6r personer som inte kan ta det orala vaccinet, medan kapselvaccinet anv\u00e4nds f\u00f6r vuxna och barn \u00f6ver fem \u00e5r. Det orala vaccinet b\u00f6r inte ges till personer med nedsatt immunf\u00f6rsvar eller gravida kvinnor.<\/p>\n\n\n\n<p>Ut\u00f6ver vaccination \u00e4r noggrann hygien viktig. Drick endast vatten som \u00e4r kokt eller p\u00e5 flaska, undvik opast\u00f6riserade mejeriprodukter och \u00e4t mat som \u00e4r ordentligt tillagad. Undvik r\u00e5a gr\u00f6nsaker och frukt som inte kan skalas. Handsprit kan vara ett bra komplement, men ers\u00e4tter inte handtv\u00e4tt.<\/p>\n\n\n\n<p>F\u00f6r att undvika att bli smittad vid n\u00e4ra kontakt med b\u00e4rare av bakterien \u00e4r god hygien vid matlagning och hantering av avf\u00f6ring avg\u00f6rande. Antibiotikaprofylax rekommenderas inte f\u00f6r att f\u00f6rhindra tyfoidfeber.<\/p>\n","protected":false},"excerpt":{"rendered":"<p>Information till vaccinat\u00f6rer och reser\u00e5dgivare Smitt\u00e4mnet och smittv\u00e4gar Tyfoidfeber \u00e4r en allvarlig infektionssjukdom som orsakas av bakterien&nbsp;Salmonella Typhi. Denna bakterie finns enbart hos m\u00e4nniskor och sprids huvudsakligen via f\u00f6rorenat mat eller vatten. Smittan sker n\u00e4r bakterier fr\u00e5n avf\u00f6ringen fr\u00e5n en person med tyfoidfeber, eller en kronisk b\u00e4rare av bakterien, f\u00f6rorenar livsmedel eller dricksvatten. Bakterien kan &hellip; <a href=\"https:\/\/resemedicin.se\/friskparesan\/sjukdomar-och-vacciner\/tyfoid\/\" class=\"more-link\">Forts\u00e4tt l\u00e4sa<span class=\"screen-reader-text\"> \u201dTyfoidfeber\u201d<\/span><\/a><\/p>\n","protected":false},"author":1,"featured_media":0,"parent":11269,"menu_order":0,"comment_status":"closed","ping_status":"closed","template":"","meta":{"footnotes":""},"class_list":["post-11301","page","type-page","status-publish","hentry"],"jetpack_sharing_enabled":true,"_links":{"self":[{"href":"https:\/\/resemedicin.se\/friskparesan\/wp-json\/wp\/v2\/pages\/11301","targetHints":{"allow":["GET"]}}],"collection":[{"href":"https:\/\/resemedicin.se\/friskparesan\/wp-json\/wp\/v2\/pages"}],"about":[{"href":"https:\/\/resemedicin.se\/friskparesan\/wp-json\/wp\/v2\/types\/page"}],"author":[{"embeddable":true,"href":"https:\/\/resemedicin.se\/friskparesan\/wp-json\/wp\/v2\/users\/1"}],"replies":[{"embeddable":true,"href":"https:\/\/resemedicin.se\/friskparesan\/wp-json\/wp\/v2\/comments?post=11301"}],"version-history":[{"count":4,"href":"https:\/\/resemedicin.se\/friskparesan\/wp-json\/wp\/v2\/pages\/11301\/revisions"}],"predecessor-version":[{"id":12447,"href":"https:\/\/resemedicin.se\/friskparesan\/wp-json\/wp\/v2\/pages\/11301\/revisions\/12447"}],"up":[{"embeddable":true,"href":"https:\/\/resemedicin.se\/friskparesan\/wp-json\/wp\/v2\/pages\/11269"}],"wp:attachment":[{"href":"https:\/\/resemedicin.se\/friskparesan\/wp-json\/wp\/v2\/media?parent=11301"}],"curies":[{"name":"wp","href":"https:\/\/api.w.org\/{rel}","templated":true}]}}