{"id":11279,"date":"2024-03-07T18:36:57","date_gmt":"2024-03-07T17:36:57","guid":{"rendered":"https:\/\/www.friskparesan.se\/?page_id=231"},"modified":"2025-05-27T10:02:07","modified_gmt":"2025-05-27T09:02:07","slug":"baltros","status":"publish","type":"page","link":"https:\/\/resemedicin.se\/friskparesan\/sjukdomar-och-vacciner\/baltros\/","title":{"rendered":"B\u00e4ltros (herpes zoster)"},"content":{"rendered":"\n<h3 class=\"wp-block-heading\" id=\"sidtopp\">Information till allm\u00e4nheten och resen\u00e4rer<\/h3>\n\n\n\n<p class=\"has-text-align-left\"><strong><a href=\"https:\/\/resemedicin.se\/reseradet\/sjukdomar-och-vacciner\/baltros\/\" target=\"_blank\" rel=\"noreferrer noopener\">F\u00f6rdjupad  information till vaccinat\u00f6rer och reser\u00e5dgivare (kr\u00e4ver inloggning)<\/a><\/strong><\/p>\n\n\n\n<h3 class=\"wp-block-heading has-white-color has-text-color has-background has-link-color wp-elements-688360d30823481b88342ddb2694bb69\" id=\"smittamnet\" style=\"background-color:#2b7c08\">Smitt\u00e4mnet och smittv\u00e4gar<\/h3>\n\n\n\n<p>B\u00e4ltros orsakas av varicella-zostervirus (VZV), samma virus som orsakar vattkoppor. Efter en vattkoppsinfektion, som ofta sker i barndomen, stannar viruset kvar i kroppen, vilande i nervcellerna l\u00e4ngs ryggraden. Om kroppens immunf\u00f6rsvar f\u00f6rsvagas kan viruset aktiveras igen och orsaka b\u00e4ltros. Sjukdomen uppst\u00e5r alltid fr\u00e5n det virus man sj\u00e4lv b\u00e4r p\u00e5, men kontakt med v\u00e4tskan fr\u00e5n bl\u00e5sorna hos en person med b\u00e4ltros kan smitta andra med vattkoppor om de inte haft det tidigare eller \u00e4r ovaccinerade. B\u00e4ltros \u00e4r dock betydligt mindre smittsamt \u00e4n vattkoppor, som sprids via luftburen smitta.<\/p>\n\n\n\n<figure class=\"wp-block-image size-large\"><img loading=\"lazy\" decoding=\"async\" width=\"1024\" height=\"899\" src=\"https:\/\/resemedicin.se\/friskparesan\/wp-content\/uploads\/2024\/07\/image-1024x899.png\" alt=\"\" class=\"wp-image-2918\" srcset=\"https:\/\/resemedicin.se\/friskparesan\/wp-content\/uploads\/2024\/07\/image-1024x899.png 1024w, https:\/\/resemedicin.se\/friskparesan\/wp-content\/uploads\/2024\/07\/image-300x263.png 300w, https:\/\/resemedicin.se\/friskparesan\/wp-content\/uploads\/2024\/07\/image-768x674.png 768w, https:\/\/resemedicin.se\/friskparesan\/wp-content\/uploads\/2024\/07\/image-1200x1053.png 1200w, https:\/\/resemedicin.se\/friskparesan\/wp-content\/uploads\/2024\/07\/image.png 1470w\" sizes=\"auto, (max-width: 709px) 85vw, (max-width: 909px) 67vw, (max-width: 1362px) 62vw, 840px\" \/><figcaption class=\"wp-element-caption\">S.k. &#8221;D&#8221;dermatomkarta&#8221; som visar det hudomr\u00e5de som f\u00f6rs\u00f6rjs individuella nervknutor.<\/figcaption><\/figure>\n\n\n\n<h3 class=\"wp-block-heading has-white-color has-text-color has-background has-link-color wp-elements-477b82d528e32d6c73f037cef1f4ea78\" id=\"symtom\" style=\"background-color:#2b7c08;text-transform:none\">Sjukdomsbild<\/h3>\n\n\n\n<p>B\u00e4ltros b\u00f6rjar ofta med sm\u00e4rta, kl\u00e5da eller stickningar i ett begr\u00e4nsat hudomr\u00e5de. Efter n\u00e5gra dagar uppst\u00e5r rodnad och v\u00e4tskefyllda bl\u00e5sor som f\u00f6ljer ett nervomr\u00e5de (dermatom). Utslagen \u00e4r ensidiga och upptr\u00e4der ofta som ett band p\u00e5 br\u00f6stkorgen, halsen eller ansiktet. Bl\u00e5sorna torkar s\u00e5 sm\u00e5ningom och bildar s\u00e5rskorpor, som ibland kan ge \u00e4rr. Hos \u00e4ldre och personer med nedsatt immunf\u00f6rsvar kan b\u00e4ltros ge l\u00e5ngvarig nervsm\u00e4rta, s\u00e5 kallad postherpetisk neuralgi, som kan vara mycket intensiv och sv\u00e5rbehandlad. I s\u00e4llsynta fall kan b\u00e4ltros p\u00e5verka syn, h\u00f6rsel eller ansiktsnerver, vilket kan leda till komplikationer som synneds\u00e4ttning eller ansiktsf\u00f6rlamning.<\/p>\n\n\n<div class=\"wp-block-image\">\n<figure class=\"aligncenter\"><a href=\"https:\/\/commons.wikimedia.org\/wiki\/File:Herpes_zoster_back.png\"><img decoding=\"async\" src=\"https:\/\/upload.wikimedia.org\/wikipedia\/commons\/thumb\/c\/c3\/Herpes_zoster_back.png\/512px-Herpes_zoster_back.png\" alt=\"B\u00e4ltros (herpes zoster)\"\/><\/a><figcaption class=\"wp-element-caption\">B\u00e4ltros (herpes zoster). Foto: Wikimedia<\/figcaption><\/figure>\n<\/div>\n\n\n<h3 class=\"wp-block-heading has-white-color has-text-color has-background has-link-color wp-elements-fb65f64d3220c5adbba474bbbde8042d\" id=\"diagnostik\" style=\"background-color:#2b7c08;text-transform:none\">F\u00f6rekomst och riskgrupper<\/h3>\n\n\n\n<p>Alla som haft vattkoppor tidigare i livet kan drabbas, men vanligen sker detta f\u00f6rst efter 50 \u00e5rs \u00e5lder. Risken \u00f6kar d\u00e4refter med \u00e5ldern. Livstidsrisken f\u00f6r herpes zoster \u00e4r drygt 30 %. Upp till 5\u20136 procent av dessa drabbas av ytterligare en eller flera episoder av b\u00e4ltros senare i livet. Ocks\u00e5 risken f\u00f6r postherpetisk neuralgi \u00f6kar med \u00e5ldern. B\u00e4ltros \u00e4r en inte helt ovanlig orsak till sjukhusv\u00e5rd \u2013 vi ser cirka 1 200 fall\/\u00e5r i Sverige och minst 60 individer avlider, de flesta \u00e4ldre \u00e4n 80 \u00e5r.<\/p>\n\n\n\n<h3 class=\"wp-block-heading has-white-color has-text-color has-background has-link-color wp-elements-662727e07341dad94d64bcd6a03ae60b\" id=\"prevention\" style=\"background-color:#2b7c08\">Hur man skyddar sig<\/h3>\n\n\n\n<p>Det finns ett effektivt mot b\u00e4ltros, <strong><a href=\"https:\/\/www.fass.se\/LIF\/product?userType=2&amp;nplId=20161129000037\" target=\"_blank\" rel=\"noreferrer noopener\">Shingrix\u00ae<\/a><\/strong>, som ger upp till 90 % skydd mot b\u00e4ltros och postherpetisk neuralgi. Vaccinet rekommenderas f\u00f6r personer \u00f6ver 50 \u00e5r och f\u00f6r personer med nedsatt immunf\u00f6rsvar fr\u00e5n 18 \u00e5rs \u00e5lder. Det ges i tv\u00e5 doser med tv\u00e5 till sex m\u00e5naders mellanrum och skyddet \u00e4r l\u00e5ngvarigt.<\/p>\n\n\n\n<p>Vaccination rekommenderas f\u00f6r att minska risken f\u00f6r sjukdom och komplikationer, s\u00e4rskilt f\u00f6r \u00e4ldre och personer i riskgrupper. Shingrix\u00ae kan ges till personer som redan haft b\u00e4ltros s\u00e5 snart bl\u00e5sorna torkat in.<\/p>\n","protected":false},"excerpt":{"rendered":"<p>Information till allm\u00e4nheten och resen\u00e4rer F\u00f6rdjupad information till vaccinat\u00f6rer och reser\u00e5dgivare (kr\u00e4ver inloggning) Smitt\u00e4mnet och smittv\u00e4gar B\u00e4ltros orsakas av varicella-zostervirus (VZV), samma virus som orsakar vattkoppor. Efter en vattkoppsinfektion, som ofta sker i barndomen, stannar viruset kvar i kroppen, vilande i nervcellerna l\u00e4ngs ryggraden. Om kroppens immunf\u00f6rsvar f\u00f6rsvagas kan viruset aktiveras igen och orsaka b\u00e4ltros. &hellip; <a href=\"https:\/\/resemedicin.se\/friskparesan\/sjukdomar-och-vacciner\/baltros\/\" class=\"more-link\">Forts\u00e4tt l\u00e4sa<span class=\"screen-reader-text\"> \u201dB\u00e4ltros (herpes zoster)\u201d<\/span><\/a><\/p>\n","protected":false},"author":1,"featured_media":0,"parent":11269,"menu_order":0,"comment_status":"closed","ping_status":"closed","template":"","meta":{"footnotes":""},"class_list":["post-11279","page","type-page","status-publish","hentry"],"jetpack_sharing_enabled":true,"_links":{"self":[{"href":"https:\/\/resemedicin.se\/friskparesan\/wp-json\/wp\/v2\/pages\/11279","targetHints":{"allow":["GET"]}}],"collection":[{"href":"https:\/\/resemedicin.se\/friskparesan\/wp-json\/wp\/v2\/pages"}],"about":[{"href":"https:\/\/resemedicin.se\/friskparesan\/wp-json\/wp\/v2\/types\/page"}],"author":[{"embeddable":true,"href":"https:\/\/resemedicin.se\/friskparesan\/wp-json\/wp\/v2\/users\/1"}],"replies":[{"embeddable":true,"href":"https:\/\/resemedicin.se\/friskparesan\/wp-json\/wp\/v2\/comments?post=11279"}],"version-history":[{"count":9,"href":"https:\/\/resemedicin.se\/friskparesan\/wp-json\/wp\/v2\/pages\/11279\/revisions"}],"predecessor-version":[{"id":12351,"href":"https:\/\/resemedicin.se\/friskparesan\/wp-json\/wp\/v2\/pages\/11279\/revisions\/12351"}],"up":[{"embeddable":true,"href":"https:\/\/resemedicin.se\/friskparesan\/wp-json\/wp\/v2\/pages\/11269"}],"wp:attachment":[{"href":"https:\/\/resemedicin.se\/friskparesan\/wp-json\/wp\/v2\/media?parent=11279"}],"curies":[{"name":"wp","href":"https:\/\/api.w.org\/{rel}","templated":true}]}}