{"id":11265,"date":"2024-03-04T14:46:25","date_gmt":"2024-03-04T14:46:25","guid":{"rendered":"https:\/\/www.friskparesan.se\/?page_id=16"},"modified":"2026-05-13T12:36:46","modified_gmt":"2026-05-13T11:36:46","slug":"om-oss","status":"publish","type":"page","link":"https:\/\/resemedicin.se\/friskparesan\/om-oss\/","title":{"rendered":"Om oss"},"content":{"rendered":"\n<h3 class=\"wp-block-heading has-white-color has-text-color has-background has-link-color wp-elements-6c4bff3f092e6ffbf25f28b5cbba5735\" id=\"svar-igar\" style=\"background-color:#2b7c08\">Om Frisk p\u00e5 resan<\/h3>\n\n\n\n<p style=\"font-size:18px\"><strong><em>Frisk p\u00e5 resan<\/em><\/strong> v\u00e4nder sig till resen\u00e4rer som vill ta ett eget ansvar f\u00f6r sin h\u00e4lsa och en bra reseupplevelse.<\/p>\n\n\n\n<p style=\"font-size:18px\">P\u00e5 sajten kan du finna detaljerad information om hela panoramat av infektioner och andra reserisker du kan m\u00f6ta p\u00e5 din resa. Meningen \u00e4r inte att avskr\u00e4cka (m\u00e5nga av sjukdomarna \u00e4r mycket ovanliga och resor \u00e4r n\u00e4stan alltid en berikande upplevelse) utan att du ska kunna k\u00e4nna dig trygg i hur du sj\u00e4lv kan p\u00e5verka risker och h\u00e4lsosituation f\u00f6r dig sj\u00e4lv och ditt ress\u00e4llskap.<\/p>\n\n\n\n<p style=\"font-size:18px\">Med kunskap kan du ocks\u00e5 l\u00e4ttare sj\u00e4lv v\u00e4lja vilka risker du \u00e4r beredd att ta f\u00f6r att f\u00e5 en s\u00e5 full\u00f6dig upplevelse som m\u00f6jligt, oavsett om det g\u00e4ller att testa lokal mat, \u00e4gna dig \u00e5t h\u00f6gh\u00f6jdskl\u00e4ttring eller kanske dyka.<\/p>\n\n\n\n<p style=\"font-size:18px\">Till dig som arbetar professionellt med vaccinationer och reser\u00e5dgivning h\u00e4nvisar vi i st\u00e4llet till <strong><em><a href=\"https:\/\/www.vaccinationsradet.se\" target=\"_blank\" rel=\"noreferrer noopener\">Vaccinationsr\u00e5det<\/a>.<\/em><\/strong><\/p>\n\n\n\n<h3 class=\"wp-block-heading has-white-color has-text-color has-background has-link-color wp-elements-67d17d05e0ad3c8b1023920ce6d947ff\" id=\"karl\" style=\"background-color:#2b7c08\">Om Karl Ekdahl<\/h3>\n\n\n\n<p style=\"font-size:18px\">Jag som st\u00e5r bakom <strong><em>Vaccinationsr\u00e5det <\/em><\/strong>och <strong><em>Frisk p\u00e5 Resan<\/em><\/strong> heter Karl Ekdahl. Jag har \u00e4gnat hela mitt yrkesverksamma liv \u00e5t fr\u00e5gor som direkt ber\u00f6r resemedicin och vaccinationsfr\u00e5gor:<\/p>\n\n\n\n<div class=\"wp-block-columns is-layout-flex wp-container-core-columns-is-layout-9d6595d7 wp-block-columns-is-layout-flex\">\n<div class=\"wp-block-column is-layout-flow wp-block-column-is-layout-flow\" style=\"flex-basis:33.33%\"><div class=\"wp-block-image\">\n<figure class=\"aligncenter size-large\"><img loading=\"lazy\" decoding=\"async\" width=\"841\" height=\"1024\" src=\"https:\/\/resemedicin.se\/friskparesan\/wp-content\/uploads\/2024\/09\/image-2-841x1024.png\" alt=\"\" class=\"wp-image-6456\" srcset=\"https:\/\/resemedicin.se\/friskparesan\/wp-content\/uploads\/2024\/09\/image-2-841x1024.png 841w, https:\/\/resemedicin.se\/friskparesan\/wp-content\/uploads\/2024\/09\/image-2-246x300.png 246w, https:\/\/resemedicin.se\/friskparesan\/wp-content\/uploads\/2024\/09\/image-2-768x936.png 768w, https:\/\/resemedicin.se\/friskparesan\/wp-content\/uploads\/2024\/09\/image-2.png 857w\" sizes=\"auto, (max-width: 709px) 85vw, (max-width: 909px) 67vw, (max-width: 1362px) 62vw, 840px\" \/><figcaption class=\"wp-element-caption\">Karl Ekdahl<br>Medicinskt ansvarig Frisk p\u00e5 Resan och Vaccinationsr\u00e5det<\/figcaption><\/figure>\n<\/div><\/div>\n\n\n\n<div class=\"wp-block-column is-layout-flow wp-block-column-is-layout-flow\" style=\"flex-basis:66.66%\">\n<ul class=\"wp-block-list\">\n<li>Legitimerad l\u00e4kare och specialist i infektionssjukdomar med diplomutbildning i tropikmedicin (Bangkok) och masterexamen i epidemiologi (London).<\/li>\n\n\n\n<li>Drygt 25 \u00e5rs erfarenhet av nationellt och internationellt smittskyddsarbete i ledande positioner (Smittskyddsinstitutet och <a href=\"http:\/\/www.ecdc.europa.eu\" target=\"_blank\" rel=\"noreferrer noopener\">Europeiska Folkh\u00e4lsomyndigheten \u2013 ECDC<\/a>).<\/li>\n\n\n\n<li>V\u00e4lmeriterad forskare (medicine doktor, docent, och adjungerad professor) .<\/li>\n\n\n\n<li>F.d. chefredakt\u00f6r f\u00f6r&nbsp;<a href=\"https:\/\/www.eurosurveillance.org\/\"><em>Eurosurveillance<\/em><\/a>, Europas ledande infektionsepidemiologiska vetenskapliga tidskrift.<\/li>\n\n\n\n<li>Global smittskyddserfarenhet fr\u00e5n Kina, Ryssland, Nordafrika, Mellan\u00f6stern och Svarta Havsomr\u00e5det.<\/li>\n\n\n\n<li>Dykl\u00e4karutbildning vid Marinens Dykskola.<\/li>\n<\/ul>\n<\/div>\n<\/div>\n","protected":false},"excerpt":{"rendered":"<p>Om Frisk p\u00e5 resan Frisk p\u00e5 resan v\u00e4nder sig till resen\u00e4rer som vill ta ett eget ansvar f\u00f6r sin h\u00e4lsa och en bra reseupplevelse. P\u00e5 sajten kan du finna detaljerad information om hela panoramat av infektioner och andra reserisker du kan m\u00f6ta p\u00e5 din resa. Meningen \u00e4r inte att avskr\u00e4cka (m\u00e5nga av sjukdomarna \u00e4r mycket &hellip; <a href=\"https:\/\/resemedicin.se\/friskparesan\/om-oss\/\" class=\"more-link\">Forts\u00e4tt l\u00e4sa<span class=\"screen-reader-text\"> \u201dOm oss\u201d<\/span><\/a><\/p>\n","protected":false},"author":1,"featured_media":0,"parent":0,"menu_order":0,"comment_status":"closed","ping_status":"closed","template":"","meta":{"footnotes":""},"class_list":["post-11265","page","type-page","status-publish","hentry"],"jetpack_sharing_enabled":true,"_links":{"self":[{"href":"https:\/\/resemedicin.se\/friskparesan\/wp-json\/wp\/v2\/pages\/11265","targetHints":{"allow":["GET"]}}],"collection":[{"href":"https:\/\/resemedicin.se\/friskparesan\/wp-json\/wp\/v2\/pages"}],"about":[{"href":"https:\/\/resemedicin.se\/friskparesan\/wp-json\/wp\/v2\/types\/page"}],"author":[{"embeddable":true,"href":"https:\/\/resemedicin.se\/friskparesan\/wp-json\/wp\/v2\/users\/1"}],"replies":[{"embeddable":true,"href":"https:\/\/resemedicin.se\/friskparesan\/wp-json\/wp\/v2\/comments?post=11265"}],"version-history":[{"count":10,"href":"https:\/\/resemedicin.se\/friskparesan\/wp-json\/wp\/v2\/pages\/11265\/revisions"}],"predecessor-version":[{"id":12535,"href":"https:\/\/resemedicin.se\/friskparesan\/wp-json\/wp\/v2\/pages\/11265\/revisions\/12535"}],"wp:attachment":[{"href":"https:\/\/resemedicin.se\/friskparesan\/wp-json\/wp\/v2\/media?parent=11265"}],"curies":[{"name":"wp","href":"https:\/\/api.w.org\/{rel}","templated":true}]}}