{"id":11263,"date":"2024-03-04T14:44:14","date_gmt":"2024-03-04T14:44:14","guid":{"rendered":"https:\/\/www.friskparesan.se\/?page_id=11"},"modified":"2025-10-01T10:22:29","modified_gmt":"2025-10-01T09:22:29","slug":"reseradet","status":"publish","type":"page","link":"https:\/\/resemedicin.se\/friskparesan\/","title":{"rendered":"Reser\u00e5det &#8211; Frisk p\u00e5 resan"},"content":{"rendered":"\n<p style=\"font-size:18px\">Att resa \u00e4r en av livets mest berikande upplevelser \u2013 m\u00f6jligheten att uppt\u00e4cka nya platser, m\u00f6ta andra kulturer och skapa minnen f\u00f6r livet \u00e4r n\u00e5got alldeles speciellt. Men f\u00f6r att kunna njuta fullt ut och f\u00e5 ut maximalt av dina upplevelser \u00e4r det viktigt att du h\u00e5ller dig frisk och v\u00e4l f\u00f6rberedd. H\u00e4r delar vi med oss av v\u00e5r expertkunskap f\u00f6r att hj\u00e4lpa dig g\u00f6ra din resa b\u00e5de trygg och inspirerande.<\/p>\n\n\n\n<figure class=\"wp-block-image size-large\"><img loading=\"lazy\" decoding=\"async\" width=\"1024\" height=\"683\" src=\"https:\/\/resemedicin.se\/friskparesan\/wp-content\/uploads\/2025\/10\/00-resande-1024x683.png\" alt=\"\" class=\"wp-image-12377\" srcset=\"https:\/\/resemedicin.se\/friskparesan\/wp-content\/uploads\/2025\/10\/00-resande-1024x683.png 1024w, https:\/\/resemedicin.se\/friskparesan\/wp-content\/uploads\/2025\/10\/00-resande-300x200.png 300w, https:\/\/resemedicin.se\/friskparesan\/wp-content\/uploads\/2025\/10\/00-resande-768x512.png 768w, https:\/\/resemedicin.se\/friskparesan\/wp-content\/uploads\/2025\/10\/00-resande-1200x800.png 1200w, https:\/\/resemedicin.se\/friskparesan\/wp-content\/uploads\/2025\/10\/00-resande.png 1536w\" sizes=\"auto, (max-width: 709px) 85vw, (max-width: 909px) 67vw, (max-width: 1362px) 62vw, 840px\" \/><\/figure>\n\n\n\n<p style=\"font-size:18px\">Du f\u00e5r r\u00e5d om vaccinationer, h\u00e4lsoskydd och reseprofylax baserat p\u00e5 den senaste kunskapen och de specifika f\u00f6ruts\u00e4ttningar som r\u00e5der i olika delar av v\u00e4rlden. H\u00e4r kan du finna all den information som kan kan hj\u00e4lpa dig att f\u00f6rebygga infektioner och minska riskerna, s\u00e5 att du p\u00e5 ett tryggare s\u00e4tt kan utforska v\u00e4rlden med full h\u00e4lsa i bagaget. V\u00e5r m\u00e5ls\u00e4ttning \u00e4r att ge dig en s\u00e4ker och bekymmersfri reseupplevelse \u2013 f\u00f6r resor ska vara givande, inte orosmoment.<\/p>\n\n\n\n<p style=\"font-size:18px\"><strong><em>Frisk p\u00e5 Resan<\/em><\/strong> \u00e4r en del av <a href=\"https:\/\/resemedicin.se\" target=\"_blank\" rel=\"noreferrer noopener\"><strong><em>Reser\u00e5det<\/em><\/strong><\/a>, Sveriges st\u00f6rsta oberoende sajt f\u00f6r medicinska expertr\u00e5d r\u00f6rande resemedicin och vaccinationer. Om du arbetar professionellt med vaccinationsfr\u00e5gor och reser\u00e5dgivning h\u00e4nvisar vi dig i st\u00e4llet till v\u00e5ra mer omfattande prenumerationssajt <a href=\"https:\/\/resemedicin.se\/reseradet\/\"><strong><em>Reser\u00e5det Pro med Svar ig\u00e5r<\/em><\/strong><\/a> och <strong><em><a href=\"https:\/\/resemedicin.se\/reseradet\/epinytt\/\">EpiNytt<\/a><\/em><\/strong>.<\/p>\n\n\n\n<p><\/p>\n","protected":false},"excerpt":{"rendered":"<p>Att resa \u00e4r en av livets mest berikande upplevelser \u2013 m\u00f6jligheten att uppt\u00e4cka nya platser, m\u00f6ta andra kulturer och skapa minnen f\u00f6r livet \u00e4r n\u00e5got alldeles speciellt. Men f\u00f6r att kunna njuta fullt ut och f\u00e5 ut maximalt av dina upplevelser \u00e4r det viktigt att du h\u00e5ller dig frisk och v\u00e4l f\u00f6rberedd. H\u00e4r delar vi &hellip; <a href=\"https:\/\/resemedicin.se\/friskparesan\/\" class=\"more-link\">Forts\u00e4tt l\u00e4sa<span class=\"screen-reader-text\"> \u201dReser\u00e5det &#8211; Frisk p\u00e5 resan\u201d<\/span><\/a><\/p>\n","protected":false},"author":1,"featured_media":0,"parent":0,"menu_order":0,"comment_status":"closed","ping_status":"closed","template":"","meta":{"footnotes":""},"class_list":["post-11263","page","type-page","status-publish","hentry"],"jetpack_sharing_enabled":true,"_links":{"self":[{"href":"https:\/\/resemedicin.se\/friskparesan\/wp-json\/wp\/v2\/pages\/11263","targetHints":{"allow":["GET"]}}],"collection":[{"href":"https:\/\/resemedicin.se\/friskparesan\/wp-json\/wp\/v2\/pages"}],"about":[{"href":"https:\/\/resemedicin.se\/friskparesan\/wp-json\/wp\/v2\/types\/page"}],"author":[{"embeddable":true,"href":"https:\/\/resemedicin.se\/friskparesan\/wp-json\/wp\/v2\/users\/1"}],"replies":[{"embeddable":true,"href":"https:\/\/resemedicin.se\/friskparesan\/wp-json\/wp\/v2\/comments?post=11263"}],"version-history":[{"count":15,"href":"https:\/\/resemedicin.se\/friskparesan\/wp-json\/wp\/v2\/pages\/11263\/revisions"}],"predecessor-version":[{"id":12378,"href":"https:\/\/resemedicin.se\/friskparesan\/wp-json\/wp\/v2\/pages\/11263\/revisions\/12378"}],"wp:attachment":[{"href":"https:\/\/resemedicin.se\/friskparesan\/wp-json\/wp\/v2\/media?parent=11263"}],"curies":[{"name":"wp","href":"https:\/\/api.w.org\/{rel}","templated":true}]}}